tamworth weather

 Latitude N 52 38' 53"    Longitude W 01 41' 24"    Elevation 84 m

NOAA Style Reports

The comparative data used are the 30-year (1971-2000) monthly averages from the Met Office Coleshill station, 11 miles due south of Tamworth.


Report for 2023 Aug
                   Monthly Climatological Summary for Aug 2023

Name: Tamworth Weather   City: Tamworth   County: Staffordshire   Country: UK
Elevation: 84 m  Lat: N 52 38' 52"   Lon: W 001 41' 23"

                  Temperature (C), Rain (mm), Wind Speed (mph)

                                      Heat  Cool        Avg
    Mean                              Deg   Deg         Wind                 Dom
Day Temp  High   Time   Low    Time   Days  Days  Rain  Speed High   Time    Dir
----------------------------------------------------------------------------------
 1  16.6  19.3   6:18p  13.9   3:11a   1.8   0.1   4.0   0.0   0.0  10:00a   ---
 2  16.9  23.1   5:10p  13.1   5:49a   2.0   0.6   0.4   0.0   0.0  10:00a   ---
 3  16.2  21.3  11:46a  13.5   6:02a   2.4   0.3   0.2   0.0   0.0  10:00a   ---
 4  14.5  19.5   4:22p  10.4   9:29a   3.8   0.0   7.0   0.0   0.0  10:00a   ---
 5  11.8  14.6   9:52a   9.8   3:01a   6.5   0.0   4.8   0.0   0.0  10:00a   ---
 6  14.2  19.6   3:57p  10.7   5:39a   4.1   0.0   1.8   0.0   0.0  10:00a   ---
 7  15.2  19.9   5:03p  11.3   3:57a   3.3   0.2   0.0   0.0   0.0  10:00a   ---
 8  14.5  17.9   6:29p  10.5   3:35a   3.8   0.0   0.0   0.0   0.0  10:00a   ---
 9  20.5  24.7   4:49p  16.0   6:21a   0.2   2.4   0.0   0.0   0.0  10:00a   ---
10  22.1  27.2   4:31p  18.1   7:19a   0.0   3.8   0.0   0.0   0.0  10:00a   ---
11  19.3  24.3   3:12p  14.6   6:29a   1.0   2.0   0.0   0.0   0.0  10:00a   ---
12  17.5  20.9   5:41p  14.5   8:51a   1.4   0.6   2.4   0.0   0.0  10:00a   ---
13  17.0  20.8   5:18p  14.7   3:17a   1.6   0.3   5.2   0.0   0.0  10:00a   ---
14  16.2  20.8   5:07p  12.1   5:52a   2.4   0.3   0.2   0.0   0.0  10:00a   ---
15  17.4  23.4   4:05p  11.4   6:04a   2.2   1.3   0.0   0.0   0.0  10:00a   ---
16  19.6  26.6   5:15p  15.5   5:55a   0.9   2.2   0.0   0.0   0.0  10:00a   ---
17  17.9  23.3   4:42p  14.8  12:58a   1.5   1.2   1.0   0.0   0.0  10:00a   ---
18  18.7  21.2   5:15p  16.4  10:00a   0.4   0.7   2.2   0.0   0.0  10:00a   ---
19  18.6  23.2   3:21p  14.4   3:57a   1.1   1.4   0.0   0.0   0.0  10:00a   ---
20  18.2  23.9   5:48p  12.9   6:14a   1.6   1.5   0.0   0.0   0.0  10:00a   ---
21  18.9  21.9   1:56p  15.9   5:18a   0.5   1.1   0.0   0.0   0.0  10:00a   ---
22  17.5  21.7   1:52p  13.8   4:38a   1.7   0.9   0.0   0.0   0.0  10:00a   ---
23  19.3  23.0   4:23p  16.3  10:00a   0.4   1.4   0.0   0.0   0.0  10:00a   ---
24  16.1  22.2  12:23p  10.8   4:48a   3.2   1.0   0.0   0.0   0.0  10:00a   ---
25  14.7  18.5   4:49p  10.8   3:20a   3.6   0.0   0.0   0.0   0.0  10:00a   ---
26  14.0  18.2  12:51p  10.2   5:54a   4.3   0.0   1.8   0.0   0.0  10:00a   ---
27  14.6  18.4   4:44p  12.0   4:42a   3.7   0.0   0.0   0.0   0.0  10:00a   ---
28  15.0  16.8   9:56a  13.7   4:50a   3.3   0.0   0.0   0.0   0.0  10:00a   ---
29  13.6  17.7   2:46p  10.7   1:30a   4.7   0.0   3.2   0.0   0.0  10:00a   ---
30  13.9  19.7   4:05p  10.1   5:39a   4.5   0.1   0.0   0.0   0.0  10:00a   ---
31  14.5  16.7  12:02p  13.6  10:00a   3.8   0.0   2.0   0.0   0.0  10:00a   ---
----------------------------------------------------------------------------------
    16.6  27.2    10     9.8     5    75.7  23.4  36.2   0.0   0.0     0     ---

Max >=  25.0:  2
Max <=   0.0:  0
Min <=   0.0:  0
Min <=  -2.0:  0
Max Rain: 7.0 on day 4
Days of Rain: 14 (>= 0.1 mm)  11 (>= 1.0 mm)  0 (>= 10.0 mm)
Heat Base: 18.3  Cool Base: 18.3  Method: Integration
:now::gauges::real time::current records::monthly records::all-time records::noaa report::trends::station::forum: