tamworth weather

 Latitude N 52 38' 53"    Longitude W 01 41' 24"    Elevation 84 m

NOAA Style Reports

The comparative data used are the 30-year (1971-2000) monthly averages from the Met Office Coleshill station, 11 miles due south of Tamworth.


Report for 2023 Jul
                   Monthly Climatological Summary for Jul 2023

Name: Tamworth Weather   City: Tamworth   County: Staffordshire   Country: UK
Elevation: 84 m  Lat: N 52 38' 52"   Lon: W 001 41' 23"

                  Temperature (C), Rain (mm), Wind Speed (mph)

                                      Heat  Cool        Avg
    Mean                              Deg   Deg         Wind                 Dom
Day Temp  High   Time   Low    Time   Days  Days  Rain  Speed High   Time    Dir
----------------------------------------------------------------------------------
 1  15.7  20.2   4:32p  11.4   4:50a   2.7   0.1   0.0   0.0   0.0  10:00a   ---
 2  14.9  18.4   4:57p  12.0   5:46a   3.4   0.0   0.0   0.0   0.0  10:00a   ---
 3  14.9  19.8   2:33p  12.1   5:08a   3.4   0.0   0.0   0.0   0.0  10:00a   ---
 4  13.7  16.7  11:34a   9.8   4:27a   4.6   0.0   0.0   0.0   0.0  10:00a   ---
 5  15.6  19.1   6:09p  11.3   5:09a   2.7   0.0   0.0   0.0   0.0  10:00a   ---
 6  16.8  20.8   4:09p  12.6   4:55a   2.0   0.5   0.0   0.0   0.0  10:00a   ---
 7  22.2  27.3   6:00p  16.8   4:34a   0.2   4.1   0.0   0.0   0.0  10:00a   ---
 8  18.5  24.2  10:36a  15.1   5:05a   1.1   1.3   6.2   0.0   0.0  10:00a   ---
 9  16.9  23.1   3:37p  12.3   5:22a   2.2   0.8   2.0   0.0   0.0  10:00a   ---
10  16.7  20.6   1:56p  14.4  12:38a   1.8   0.2   1.8   0.0   0.0  10:00a   ---
11  15.8  19.7   5:38p  12.4   5:22a   2.6   0.1   7.8   0.0   0.0  10:00a   ---
12  16.7  21.1   5:35p  13.8   4:12a   1.9   0.3   1.0   0.0   0.0  10:00a   ---
13  16.7  21.5   1:48p  13.6   1:49a   2.0   0.5   1.8   0.0   0.0  10:00a   ---
14  15.2  18.1   9:56a  14.2  11:04a   3.1   0.0   8.0   0.0   0.0  10:00a   ---
15  16.7  19.7   5:32p  14.4   6:04a   1.8   0.1   0.4   0.0   0.0  10:00a   ---
16  14.9  18.8  11:46a  12.4   2:21a   3.3   0.0   0.0   0.0   0.0  10:00a   ---
17  16.3  21.2   4:18p  12.3   4:27a   2.5   0.5   0.0   0.0   0.0  10:00a   ---
18  15.4  17.3   5:33p  14.0  12:06a   2.9   0.0   0.2   0.0   0.0  10:00a   ---
19  16.1  22.6   3:03p  11.1   2:38a   3.0   0.8   0.0   0.0   0.0  10:00a   ---
20  15.2  20.2   1:25p  10.6   2:26a   3.3   0.2   0.0   0.0   0.0  10:00a   ---
21  15.0  18.7   2:58p  13.1   3:58a   3.3   0.0   0.0   0.0   0.0  10:00a   ---
22  15.8  18.1   9:12a  13.8  10:00a   2.5   0.0   0.2   0.0   0.0  10:00a   ---
23  16.4  21.8   1:54p  11.7   6:27a   2.6   0.7   5.0   0.0   0.0  10:00a   ---
24  14.1  20.1   3:51p   9.4   5:27a   4.3   0.1   0.0   0.0   0.0  10:00a   ---
25  14.8  19.9   5:33p  11.2   6:44a   3.6   0.1   0.0   0.0   0.0  10:00a   ---
26  16.9  21.1   2:22p  14.4   7:06p   1.8   0.3  14.0   0.0   0.0  10:00a   ---
27  19.4  25.2   5:04p  15.7   3:53a   0.7   1.8   0.2   0.0   0.0  10:00a   ---
28  17.9  22.1   3:27p  14.8   5:16a   1.3   0.9   0.0   0.0   0.0  10:00a   ---
29  17.1  21.7   4:38p  13.4   5:22a   1.8   0.6   0.0   0.0   0.0  10:00a   ---
30  16.6  18.7  11:31a  15.5   6:14p   1.7   0.0   3.4   0.0   0.0  10:00a   ---
31  15.4  17.8   7:24p  13.3   3:34a   2.9   0.0   1.4   0.0   0.0  10:00a   ---
----------------------------------------------------------------------------------
    16.3  27.3     7     9.4    24    77.0  14.0  53.4   0.0   0.0     0     ---

Max >=  25.0:  2
Max <=   0.0:  0
Min <=   0.0:  0
Min <=  -2.0:  0
Max Rain: 14.0 on day 26
Days of Rain: 15 (>= 0.1 mm)  11 (>= 1.0 mm)  1 (>= 10.0 mm)
Heat Base: 18.3  Cool Base: 18.3  Method: Integration
:now::gauges::real time::current records::monthly records::all-time records::noaa report::trends::station::forum: