tamworth weather

 Latitude N 52 38' 53"    Longitude W 01 41' 24"    Elevation 84 m

NOAA Style Reports

The comparative data used are the 30-year (1971-2000) monthly averages from the Met Office Coleshill station, 11 miles due south of Tamworth.


Report for 2023 May
                   Monthly Climatological Summary for May 2023

Name: Tamworth Weather   City: Tamworth   County: Staffordshire   Country: UK
Elevation: 84 m  Lat: N 52 38' 52"   Lon: W 001 41' 23"

                  Temperature (C), Rain (mm), Wind Speed (mph)

                                      Heat  Cool        Avg
    Mean                              Deg   Deg         Wind                 Dom
Day Temp  High   Time   Low    Time   Days  Days  Rain  Speed High   Time    Dir
----------------------------------------------------------------------------------
 1  11.7  16.8   3:02p   8.3   5:58a   6.6   0.0   0.0   0.0   0.0  10:00a   ---
 2  10.3  14.8   4:27p   5.1   5:56a   8.0   0.0   0.0   0.0   0.0  10:00a   ---
 3  10.0  14.9   4:10p   5.5   3:19a   8.0   0.0   0.0   0.0   0.0  10:00a   ---
 4  13.7  17.8   3:36p  11.6   4:59a   4.6   0.0   2.6   0.0   0.0  10:00a   ---
 5  14.7  19.0   2:43p  11.4   5:56a   3.7   0.0   0.0   0.0   0.0  10:00a   ---
 6  13.5  15.2   9:59a  12.1   4:52a   4.8   0.0   2.8   0.0   0.0  10:00a   ---
 7  15.1  20.5   4:32p  10.4   3:59a   3.5   0.3   1.0   0.0   0.0  10:00a   ---
 8  13.2  15.1   3:39p  11.5  10:01a   5.1   0.0   8.8   0.0   0.0  10:00a   ---
 9  11.9  17.8   1:00p   7.3   5:23a   6.3   0.0   5.6   0.0   1.0   1:54p   ---
10  12.3  16.3   4:24p   9.6   2:39a   5.9   0.0   6.8   0.0   0.0  10:00a   ---
11  11.8  15.8   5:16p   9.4   4:45a   6.4   0.0   3.6   0.0   0.0  10:00a   ---
12  10.8  15.2   1:14p   7.9   6:12a   7.5   0.0   0.0   0.0   0.0  10:00a   ---
13  10.6  16.9   4:23p   5.2   4:28a   7.7   0.0   0.0   0.0   0.0  10:00a   ---
14  13.5  21.3   2:50p   7.4   5:38a   5.1   0.3   0.2   0.0   0.0  10:00a   ---
15  11.2  16.9   3:03p   5.6   5:17a   7.1   0.0   0.0   0.0   0.0  10:00a   ---
16  11.9  17.0   4:30p   7.1   5:47a   6.4   0.0   0.0   0.0   0.0  10:00a   ---
17  14.5  18.1   1:34p  10.1   5:55a   3.8   0.0   0.0   0.0   0.0  10:00a   ---
18  15.5  20.0   6:06p  10.5   5:34a   3.1   0.3   0.0   0.0   0.0  10:00a   ---
19  12.7  19.2   3:09p   7.3   3:41a   5.6   0.0  13.8   0.0   0.0  10:00a   ---
20  13.3  20.1   3:49p   6.5   5:14a   5.1   0.1   0.0   0.0   0.0  10:00a   ---
21  14.6  21.6   4:21p   8.4   5:41a   4.1   0.4   0.0   0.0   0.0  10:00a   ---
22  16.0  24.9   3:33p  10.8   4:04a   3.3   1.0   0.0   0.0   0.0  10:00a   ---
23  14.2  20.3   3:27p   9.1   4:16a   4.3   0.1   0.0   0.0   0.0  10:00a   ---
24  15.6  22.0   2:21p  11.1   1:33a   3.3   0.6   0.0   0.0   0.0  10:00a   ---
25  15.0  20.9   2:13p   9.1   5:22a   3.4   0.2   0.0   0.0   0.0  10:00a   ---
26  14.1  20.3   1:54p   6.5   4:57a   4.4   0.3   0.0   0.0   0.0  10:00a   ---
27  16.9  24.7   6:09p  10.8   4:51a   2.7   1.2   0.0   0.0   0.0  10:00a   ---
28  13.1  21.3   2:17p   6.4   4:38a   5.5   0.2   0.0   0.0   0.0  10:00a   ---
29  12.0  17.4   4:49p   7.1   2:31a   6.3   0.0   0.0   0.0   0.0  10:00a   ---
30  12.0  15.3   6:01p   9.2   4:42a   6.3   0.0   0.8   0.0   0.0  10:00a   ---
31  10.9  13.2   3:50p   9.2   3:49a   7.4   0.0   0.0   0.0   0.0  10:00a   ---
----------------------------------------------------------------------------------
    13.1  24.9    22     5.1     2   165.3   5.0  46.0   0.0   1.0     9     ---

Max >=  25.0:  0
Max <=   0.0:  0
Min <=   0.0:  0
Min <=  -2.0:  0
Max Rain: 13.8 on day 19
Days of Rain: 10 (>= 0.1 mm)  8 (>= 1.0 mm)  1 (>= 10.0 mm)
Heat Base: 18.3  Cool Base: 18.3  Method: Integration
:now::gauges::real time::current records::monthly records::all-time records::noaa report::trends::station::forum: