tamworth weather

 Latitude N 52 38' 53"    Longitude W 01 41' 24"    Elevation 84 m

NOAA Style Reports

The comparative data used are the 30-year (1971-2000) monthly averages from the Met Office Coleshill station, 11 miles due south of Tamworth.


Report for 2023
                   Annual Climatological Summary for 2023

Name: Tamworth Weather   City: Tamworth   County: Staffordshire   Country: UK
Elevation: 84 m  Lat: N 52 38' 52"   Lon: W 001 41' 23"

                  Temperature (C), Heat Base: 18.3  Cool Base: 18.3
                          Dep.  Heat  Cool                       Max  Max  Min  Min
        Mean  Mean        From  Deg   Deg                        >=   <=   <=   <=
 YR MO  Max   Min   Mean  Norm  Days  Days  Hi  Date  Low  Date 25.0  0.0  0.0  -2.0
------------------------------------------------------------------------------------
 23  1   8.5   2.5   5.4   1.7   399     0  13.3   4  -4.4   21    0    0   10    6
 23  2  10.5   3.6   6.8   2.5   319     0  15.6  17  -2.7    6    0    0    3    2
 23  3  10.5   4.3   7.0   0.8   349     0  15.9  30  -2.2   10    0    0    4    1
 23  4  13.3   5.1   8.9   0.9   282     0  18.2  29  -1.2    3    0    0    2    0
 23  5  18.4   8.6  13.1   1.9   165     4  24.9  22   5.1    2    0    0    0    0
 23  6  23.0  12.5  17.3   3.7    75    43  32.1  11   6.9    3   10    0    0    0
 23  7  20.5  13.0  16.3  -0.4    77    14  27.3   7   9.4   24    2    0    0    0
 23  8  21.0  13.1  16.6   0.4    75    23  27.2  10   9.8    5    2    0    0    0
 23  9  21.8  13.1  17.1   3.3    73    38  30.8   7   7.1   21    9    0    0    0
 23 10
 23 11
 23 12
------------------------------------------------------------------------------------
        16.4   8.4  12.1   1.6  1819   124  32.1 Jun  -4.4  Jan   23    0   19    9

                                Precipitation (mm)

              Dep.   Max        Days of Rain
              From   Obs.           >=
 YR MO Total  Norm   Day Date  0.1  1.0 10.0
---------------------------------------------
 23  1  49.4 -18.1  10.4   7    19    9    1
 23  2   6.0 -39.0   1.4  21    11    3    0
 23  3  88.2  25.2  17.2   9    25   19    2
 23  4  45.6 -34.1   7.6  20    18   12    0
 23  5  46.0  -3.9  13.8  19    10    8    1
 23  6  65.0  10.8  24.4  11     9    7    4
 23  7  53.4  25.2  14.0  26    15   11    1
 23  8  36.2 -52.3   7.0   4    14   11    0
 23  9  49.2 -20.9   9.6  11    19   11    0
 23 10
 23 11
 23 12
---------------------------------------------
       439.0-107.1  24.4  Jun  140   91    9

                                Wind Speed (mph)
                          Dom
 YR MO   Avg.  Hi   Date  Dir
------------------------------
 23  1   0.8  35.0    3    SW
 23  2   0.0   0.0    0   ---
 23  3   0.0   0.0    0   ---
 23  4   0.0   0.0    0   ---
 23  5   0.0   1.0    9   ---
 23  6   0.0   1.0   11   ---
 23  7   0.0   0.0    0   ---
 23  8   0.0   0.0    0   ---
 23  9   0.0   0.0    0   ---
 23 10
 23 11
 23 12
------------------------------
         0.1  35.0  Jan    SW
:now::gauges::real time::current records::monthly records::all-time records::noaa report::trends::station::forum: