tamworth weather

 Latitude N 52 38' 53"    Longitude W 01 41' 24"    Elevation 84 m

NOAA Style Reports

The comparative data used are the 30-year (1971-2000) monthly averages from the Met Office Coleshill station, 11 miles due south of Tamworth.


Report for 2022 Aug
                   Monthly Climatological Summary for Aug 2022

Name: Tamworth Weather   City: Tamworth   County: Staffordshire   Country: UK
Elevation: 84 m  Lat: N 52 38' 52"   Lon: W 001 41' 23"

                  Temperature (C), Rain (mm), Wind Speed (mph)

                                      Heat  Cool        Avg
    Mean                              Deg   Deg         Wind                 Dom
Day Temp  High   Time   Low    Time   Days  Days  Rain  Speed High   Time    Dir
----------------------------------------------------------------------------------
 1  20.9  25.0   5:19p  18.1  10:00a   0.0   2.6   1.0   5.3  18.0   8:54a    SW
 2  21.5  25.7   2:35p  18.1   9:36a   0.0   3.2   0.4   7.6  25.0   3:51p    SW
 3  19.2  25.1   3:01p  13.8   5:49a   1.3   2.2   0.0   4.7  24.0   1:36p     W
 4  16.2  22.0   3:31p  11.8   3:02a   2.9   0.8   0.0   4.9  22.0   3:48p    NW
 5  14.7  20.1   2:35p   8.7   5:19a   3.8   0.2   0.0   4.3  19.0   2:44p    NW
 6  17.5  25.0   4:53p  10.7   5:59a   2.3   1.5   0.0   2.4  13.0   2:02p    NW
 7  19.1  27.0   5:01p  12.5   6:06a   1.6   2.4   0.0   3.6  16.0   1:00p   NNW
 8  20.8  29.9   5:35p  12.8   5:52a   1.2   3.7   0.0   2.5  14.0  12:59p   NNW
 9  22.4  30.0   6:36p  14.4   5:47a   0.5   4.6   0.0   1.4  10.0   3:56p    NE
10  23.1  31.2   5:14p  14.3   6:20a   0.6   5.4   0.0   1.5  16.0   2:11p   ENE
11  24.2  33.2   3:25p  15.6   6:00a   0.3   6.0   0.0   2.0  11.0  12:04p   ENE
12  24.2  33.6   4:21p  15.5   6:10a   0.3   6.3   0.0   3.9  17.0   7:31p   ENE
13  24.7  33.3   4:51p  16.6   5:44a   0.2   6.6   0.0   3.8  19.0  12:07p   ENE
14  24.9  34.3   2:27p  17.1   6:20a   0.1   6.7   0.0   2.6  15.0   9:37a   ENE
15  20.6  26.2   5:44p  15.4   6:20a   0.5   2.7   0.8   2.7  16.0  10:34a    NW
16  18.3  23.6   1:02p  14.4   9:46a   1.4   1.4  22.0   4.7  21.0   9:49a   NNE
17  16.0  17.5   5:27p  14.4  10:00a   2.3   0.0   0.2   3.4  20.0  10:04a    NE
18  19.0  22.6   4:06p  14.7   6:27a   0.6   1.3   0.0   5.2  21.0   8:32p    SW
19  17.0  21.9   4:17p  12.7   5:28a   2.0   0.7   0.0   4.9  21.0   3:53p   WSW
20  18.4  23.5   3:02p  14.0   5:29a   1.3   1.4   0.0   6.3  23.0   6:46p    SW
21  18.1  24.2   3:11p  13.4   3:48a   1.4   1.2   0.0   2.2  15.0   6:44p   WSW
22  19.4  22.7   1:45p  17.9   6:33a   0.0   1.1   1.8   4.3  18.0   1:49p     S
23  20.9  24.3   3:48p  19.3   4:35a   0.0   2.6   0.0   4.1  18.0   9:40a   SSW
24  18.3  22.4   2:10p  15.6   5:56a   0.9   0.9   4.8   2.4  13.0   4:25p   WSW
25  15.2  19.5   5:35p  11.6   5:48a   3.2   0.1   2.8   1.6  14.0  12:01p   NNW
26  18.4  22.7  12:44p  13.7   6:26a   1.1   1.2   0.0   1.4   9.0   1:15p   NNW
27  18.0  24.6   3:45p  12.0   6:12a   2.0   1.7   0.0   1.9  12.0   5:34p    NE
28  18.7  23.7   3:45p  14.7   6:09a   1.1   1.4   0.0   3.1  16.0   9:18a   ENE
29  15.3  19.8   2:32p  10.1   5:41a   3.2   0.2   0.0   5.0  19.0   6:04p    NE
30  16.6  22.9   1:52p  11.7   5:37a   2.5   0.8   0.0   4.6  18.0   1:41p    NE
31  17.3  23.8   1:57p  12.9   6:17a   2.0   1.1   0.0   6.8  25.0   5:26p    NE
----------------------------------------------------------------------------------
    19.3  34.3    14     8.7     5    40.6  72.0  33.8   3.7  25.0     2      NW

Max >=  25.0: 13
Max <=   0.0:  0
Min <=   0.0:  0
Min <=  -2.0:  0
Max Rain: 22.0 on day 16
Days of Rain: 8 (>= 0.1 mm)  5 (>= 1.0 mm)  1 (>= 10.0 mm)
Heat Base: 18.3  Cool Base: 18.3  Method: Integration
:now::gauges::real time::current records::monthly records::all-time records::noaa report::trends::station::forum: