tamworth weather

 Latitude N 52 38' 53"    Longitude W 01 41' 24"    Elevation 84 m

NOAA Style Reports

The comparative data used are the 30-year (1971-2000) monthly averages from the Met Office Coleshill station, 11 miles due south of Tamworth.


Report for 2022 May
                   Monthly Climatological Summary for May 2022

Name: Tamworth Weather   City: Tamworth   County: Staffordshire   Country: UK
Elevation: 84 m  Lat: N 52 38' 52"   Lon: W 001 41' 23"

                  Temperature (C), Rain (mm), Wind Speed (mph)

                                      Heat  Cool        Avg
    Mean                              Deg   Deg         Wind                 Dom
Day Temp  High   Time   Low    Time   Days  Days  Rain  Speed High   Time    Dir
----------------------------------------------------------------------------------
 1  10.7  13.1   3:27p   9.0  10:01a   7.6   0.0   0.4   1.6  10.0   3:57p     S
 2  11.8  15.2   4:41p   8.1   7:51a   6.5   0.0   1.0   1.9  13.0  12:33a   NNE
 3  11.8  14.4   3:24p   9.2  10:00a   6.5   0.0   1.2   1.8  10.0  10:56a   ENE
 4  11.3  14.9   4:30p   8.4   1:32a   7.0   0.0   5.0   4.3  20.0   4:17p    NW
 5  14.6  20.6   1:53p   8.9   5:42a   3.9   0.3   0.0   2.5  14.0  10:08a    NW
 6  13.2  16.3   2:10p   9.2   5:43a   5.1   0.0   3.8   4.4  15.0  10:44a     W
 7  13.6  21.2   2:39p   9.6   4:26a   4.9   0.2   0.0   4.8  18.0   6:39p    NE
 8  13.3  19.4   3:57p   7.6   5:43a   5.0   0.0   0.0   3.0  15.0   9:15a   ESE
 9  16.1  19.4   3:43p  12.6   6:21a   2.4   0.2   0.0   7.4  23.0   3:49p   SSW
10  14.3  18.7   4:25p  11.1   8:13a   4.0   0.0   2.2   7.3  21.0  10:55a    SW
11  11.6  16.7   4:33p   7.8   5:23a   6.7   0.0   5.6   5.1  25.0   1:24p     W
12  12.6  15.6   3:13p   9.9   4:17a   5.6   0.0   0.0   6.6  22.0   2:44p   WSW
13  13.9  19.2   4:31p   8.6   5:52a   4.5   0.1   0.0   5.0  25.0  11:12a   WSW
14  17.8  22.1   3:37p  11.8   7:25a   2.2   1.7   3.4   2.5  11.0   3:17p   SSE
15  15.4  21.4  12:50p  12.3   5:25a   3.1   0.2   3.8   4.8  24.0  12:50p     E
16  15.5  20.9   3:21p  10.9   5:31a   3.1   0.4   0.8   4.8  21.0   3:20p   SSW
17  16.5  23.4   4:53p  10.8   5:26a   2.9   1.1   2.8   5.7  29.0   6:57p     S
18  14.5  20.1   3:59p  10.7   5:15a   4.0   0.2   4.2   4.2  18.0  11:02a     S
19  15.3  19.7   2:56p  12.3   5:45a   3.2   0.1   0.0   2.7  16.0   4:27p   WSW
20  13.3  17.3   4:43p   9.7   5:17a   5.0   0.0   0.0   6.5  25.0   6:04p    SW
21  14.5  18.8   4:30p  10.8   3:33a   3.8   0.0   0.0   3.7  16.0   2:12p    SW
22  16.4  20.6   3:36p  12.5   6:25a   2.2   0.3   0.0   4.3  17.0   1:53p    SW
23  12.1  16.9  11:17a   9.3   5:17a   6.2   0.0   2.6   4.3  17.0   9:25a   WNW
24  12.6  16.7   3:01p   9.8  12:18a   5.7   0.0   0.6   5.2  22.0   3:19p   WSW
25  13.8  18.0   4:39p   9.6   4:54a   4.5   0.0   0.6   6.8  26.0   2:43p   WSW
26  14.2  18.3   5:09p  10.1   5:42a   4.1   0.0   0.0   6.8  31.0   3:14p     W
27  13.1  18.6   3:26p   7.9   5:04a   5.2   0.0   0.0   6.0  24.0   2:05p    NW
28  13.1  19.3   5:11p   8.7   3:26a   5.2   0.0   0.0   2.8  14.0   5:42p    NE
29  10.6  14.7   1:08p   7.8   3:17a   7.7   0.0   0.0   2.3  12.0   3:15p   NNE
30  10.9  14.6   5:06p   8.1   4:17a   7.4   0.0   4.8   2.1  13.0  12:19p     W
31  10.6  14.6   2:21p   7.2   2:43a   7.7   0.0   2.6   3.1  16.0   3:12p   WNW
----------------------------------------------------------------------------------
    13.5  23.4    17     7.2    31   152.9   4.8  45.4   4.3  31.0    26     WSW

Max >=  25.0:  0
Max <=   0.0:  0
Min <=   0.0:  0
Min <=  -2.0:  0
Max Rain: 5.6 on day 11
Days of Rain: 17 (>= 0.1 mm)  13 (>= 1.0 mm)  0 (>= 10.0 mm)
Heat Base: 18.3  Cool Base: 18.3  Method: Integration
:now::gauges::real time::current records::monthly records::all-time records::noaa report::trends::station::forum: