tamworth weather

 Latitude N 52 38' 53"    Longitude W 01 41' 24"    Elevation 84 m

NOAA Style Reports

The comparative data used are the 30-year (1971-2000) monthly averages from the Met Office Coleshill station, 11 miles due south of Tamworth.


Report for 2022 Apr
                   Monthly Climatological Summary for Apr 2022

Name: Tamworth Weather   City: Tamworth   County: Staffordshire   Country: UK
Elevation: 84 m  Lat: N 52 38' 52"   Lon: W 001 41' 23"

                  Temperature (C), Rain (mm), Wind Speed (mph)

                                      Heat  Cool        Avg
    Mean                              Deg   Deg         Wind                 Dom
Day Temp  High   Time   Low    Time   Days  Days  Rain  Speed High   Time    Dir
----------------------------------------------------------------------------------
 1   3.8  11.0   1:52p  -0.6   5:45a  14.1   0.0   0.8   3.7  22.0   5:11p     N
 2   3.9   9.4   1:53p  -1.4   6:17a  14.4   0.0   0.2   2.4  15.0   4:21p    NE
 3   7.6  11.1   5:32p   2.9  10:00a  10.7   0.0   0.2   6.1  19.0   9:45a   WSW
 4  10.9  12.2   3:43p   9.4   5:41a   7.4   0.0   0.2   8.6  26.0   6:55p   WNW
 5  11.0  14.2   4:37p   8.2   9:10a   7.3   0.0   1.6   8.9  29.0   4:28p   WSW
 6   8.8  12.3   3:31p   6.3  12:26a   9.5   0.0   3.4  10.7  33.0   7:40a   WSW
 7   5.0   9.4   3:34p   0.3   6:26a  13.4   0.0   1.0   6.8  44.0   1:50p     W
 8   5.8  13.3   2:34p   1.6   6:11a  12.5   0.0   0.6   4.1  19.0   9:40a    NW
 9   5.4  11.3   4:53p  -0.6   6:11a  12.9   0.0   0.0   3.6  23.0   2:19p   WNW
10   8.5  12.4   2:50p   3.6   6:12a   9.8   0.0   0.0   4.1  16.0   9:59a    SE
11  11.1  15.6   2:56p   7.7   6:10a   7.2   0.0   0.6   6.1  27.0   2:07p     E
12  11.8  14.9   4:04p   9.1  10:10a   6.5   0.0   1.6   4.2  16.0   7:35p     S
13  10.8  15.8   5:23p   5.1   6:25a   7.5   0.0   3.6   1.7  16.0  12:23p   WSW
14  12.2  15.8   2:20p   7.2   6:11a   6.0   0.0   0.0   1.6  12.0  11:48a   WSW
15  15.0  20.9   4:01p   8.0   6:23a   3.8   0.5   0.0   2.7  14.0   2:00p     S
16  14.3  21.3   3:23p   6.8   6:08a   4.5   0.5   0.0   3.5  13.0  12:59p    SE
17  13.7  19.1   5:18p   8.3   6:10a   4.7   0.0   0.2   5.2  20.0   1:02p     S
18  10.2  15.5   4:37p   5.3   5:35a   8.1   0.0   0.0   2.7  12.0   2:48p     W
19  10.8  17.4   4:28p   5.0   5:57a   7.5   0.0   0.0   3.7  15.0   6:39p    NE
20  10.9  17.6   3:06p   5.2   6:02a   7.4   0.0   0.0   5.6  18.0  11:32a   ENE
21  11.3  17.5   3:05p   5.9   2:16a   7.0   0.0   0.0   7.9  26.0   5:10p   ENE
22  11.1  16.6   3:26p   7.6  10:56p   7.2   0.0   0.0  10.1  35.0   4:31p    NE
23  10.3  15.7   3:20p   6.1   5:39a   8.0   0.0   0.0   9.5  29.0   1:30p    NE
24  10.5  16.3   2:33p   4.3   6:02a   7.8   0.0   0.0   6.7  24.0  10:32a    NE
25   9.0  14.3   4:45p   5.0   6:17a   9.3   0.0   0.0   3.0  17.0   5:36p   ENE
26   8.8  15.8   3:01p   3.1   5:41a   9.5   0.0   0.0   3.0  16.0   5:42p   ENE
27   8.2  10.5  10:28a   6.6   6:06a  10.1   0.0   0.0   4.3  15.0   3:38p   ENE
28   8.2  10.2  12:43p   6.6   5:50a  10.1   0.0   0.0   3.2  13.0  10:56a   ENE
29   8.6  14.3   3:31p   2.1   5:59a   9.7   0.0   0.0   2.1  15.0  12:11p   ENE
30  12.6  16.8   3:32p   8.4   7:17a   5.7   0.0   0.0   3.2  14.0   7:45p   WSW
----------------------------------------------------------------------------------
     9.7  21.3    16    -1.4     2   259.6   1.0  14.0   5.0  44.0     7     NNE

Max >=  25.0:  0
Max <=   0.0:  0
Min <=   0.0:  3
Min <=  -2.0:  0
Max Rain: 3.6 on day 13
Days of Rain: 12 (>= 0.1 mm)  5 (>= 1.0 mm)  0 (>= 10.0 mm)
Heat Base: 18.3  Cool Base: 18.3  Method: Integration
:now::gauges::real time::current records::monthly records::all-time records::noaa report::trends::station::forum: