tamworth weather

 Latitude N 52 38' 53"    Longitude W 01 41' 24"    Elevation 84 m

NOAA Style Reports

The comparative data used are the 30-year (1971-2000) monthly averages from the Met Office Coleshill station, 11 miles due south of Tamworth.


Report for 2021 Nov
                   Monthly Climatological Summary for Nov 2021

Name: Tamworth Weather   City: Tamworth   County: Staffordshire   Country: UK
Elevation: 84 m  Lat: N 52 38' 52"   Lon: W 001 41' 23"

                  Temperature (C), Rain (mm), Wind Speed (mph)

                                      Heat  Cool        Avg
    Mean                              Deg   Deg         Wind                 Dom
Day Temp  High   Time   Low    Time   Days  Days  Rain  Speed High   Time    Dir
----------------------------------------------------------------------------------
 1   6.7  10.7  11:44a   3.2   6:30a  11.6   0.0   2.4   4.3  24.0  11:35a   WSW
 2   6.9  11.3   2:16p   3.9   2:43a  11.4   0.0   0.4   1.7   9.0  11:20a     W
 3   6.7   9.8   2:43p   4.0   5:26a  11.6   0.0   0.2   4.1  17.0   3:32a   NNW
 4   4.0   8.8  12:28p   0.0   4:05a  14.3   0.0   0.0   2.9  16.0   9:33a    NW
 5   9.5  12.9   2:24p   3.3   9:00a   8.8   0.0   0.2   4.3  16.0   2:24p   WSW
 6  10.9  12.8  12:54p   8.3   6:52a   7.3   0.0   0.0   7.4  25.0   4:36p   WSW
 7   8.0  11.6   1:41p   4.2   3:42a  10.3   0.0   0.0   5.3  27.0  11:56a     W
 8  11.1  12.3  12:20a   6.4   9:00a   7.2   0.0   0.0   4.9  13.0   4:18p   SSW
 9  12.3  13.7   1:08p   9.9   6:29a   6.0   0.0   0.0   5.5  19.0   1:19p   SSW
10  10.6  11.7   2:27p   9.9   6:34a   7.6   0.0   0.6   0.5   7.0   9:36a    NW
11  10.9  12.6   2:24p   9.3  11:57p   7.4   0.0   0.2   5.4  22.0   4:46a     S
12  11.6  13.2   3:17p  10.3  12:45a   6.7   0.0   0.0   7.4  23.0   1:18p     W
13  10.1  13.7   1:41p   7.7   5:59a   8.2   0.0   0.0   2.9  14.0  10:15a    NW
14   9.9  14.4   2:26p   8.1   2:32a   8.4   0.0   0.0   0.9   6.0   9:13a     W
15   9.8  11.3   1:37p   8.9  11:19p   8.5   0.0   0.0   2.1  10.0   8:47a     S
16   9.5  11.4  12:49p   7.2   7:34a   8.8   0.0   0.0   4.0  14.0   6:23a   WSW
17   8.9  11.8   1:54p   7.0   6:04a   9.4   0.0   0.0   4.7  15.0  10:38a    SW
18  11.9  13.7   2:25p   8.4   9:00a   6.4   0.0   0.0   4.8  16.0   5:36p   WSW
19  11.0  12.9   1:16p   9.4  12:00a   7.3   0.0   0.0   3.7  13.0   9:22a   WSW
20   8.1  11.5   2:56p   3.0   7:28a  10.2   0.0   0.0   4.2  21.0   8:39p   WNW
21   4.0   9.1   1:36p   0.8   3:12a  14.3   0.0   0.0   4.2  20.0   1:14p     N
22   5.0  10.4   3:15p   2.1   9:00a  13.3   0.0   0.0   1.8   9.0  12:22p   NNW
23   7.4   8.3  12:15p   5.6   9:00a  10.9   0.0   0.0   2.5  13.0  10:36a   NNW
24   4.9   7.4   1:41p   1.1   8:01a  13.4   0.0   0.2   2.8  11.0  11:02p   WNW
25   4.8   7.2   8:45a   2.2   9:00a  13.5   0.0   2.8   5.6  26.0   8:53a     W
26   3.9   7.7  11:37a   0.6   6:29a  14.4   0.0   6.4  11.3  38.0   9:26p    NW
27   0.6   4.0   1:09p  -2.2   7:42a  17.7   0.0   5.2   8.5  32.0  12:33p   NNW
28  -0.8   3.9  11:03a  -4.1   5:13a  19.1   0.0   0.0   1.1  11.0  10:50a   NNW
29   5.1  10.3   8:50a  -2.8   9:00a  13.1   0.0   3.8   5.1  21.0   4:02a   WSW
30   9.8  12.6   1:35p   6.5   6:02a   8.5   0.0   2.0   8.7  32.0   3:06a     W
----------------------------------------------------------------------------------
     7.8  14.4    14    -4.1    28   315.6   0.0  24.4   4.4  38.0    26       W

Max >=  25.0:  0
Max <=   0.0:  0
Min <=   0.0:  4
Min <=  -2.0:  3
Max Rain: 6.4 on day 26
Days of Rain: 12 (>= 0.1 mm)  6 (>= 1.0 mm)  0 (>= 10.0 mm)
Heat Base: 18.3  Cool Base: 18.3  Method: Integration
:now::gauges::real time::current records::monthly records::all-time records::noaa report::trends::station::forum: