tamworth weather

 Latitude N 52 38' 53"    Longitude W 01 41' 24"    Elevation 84 m

NOAA Style Reports

The comparative data used are the 30-year (1971-2000) monthly averages from the Met Office Coleshill station, 11 miles due south of Tamworth.


Report for 2021 Aug
                   Monthly Climatological Summary for Aug 2021

Name: Tamworth Weather   City: Tamworth   County: Staffordshire   Country: UK
Elevation: 84 m  Lat: N 52 38' 52"   Lon: W 001 41' 23"

                  Temperature (C), Rain (mm), Wind Speed (mph)

                                      Heat  Cool        Avg
    Mean                              Deg   Deg         Wind                 Dom
Day Temp  High   Time   Low    Time   Days  Days  Rain  Speed High   Time    Dir
----------------------------------------------------------------------------------
 1  15.8  21.3   2:58p  12.3   6:35a   2.9   0.3   0.2   2.4  15.0   5:40p    NE
 2  14.9  19.1   5:35p   9.7   5:23a   3.4   0.0   0.0   1.6  10.0   6:10p    SE
 3  16.5  21.3   1:45p  11.7   4:31a   2.4   0.5   0.0   1.8   9.0  12:22p    SE
 4  17.7  21.9   1:42p  12.8   5:13a   1.5   0.9   0.0   3.0  17.0   9:40a     S
 5  16.0  19.3  12:42p  14.8   3:50a   2.3   0.0   2.8   5.9  21.0   1:24p   SSE
 6  16.0  20.7   4:20p  12.0   5:49a   2.7   0.3   0.4   7.7  26.0   2:29p   SSW
 7  16.3  19.3  12:15p  14.7   2:23a   2.1   0.0   2.4   7.2  22.0  10:23a    SW
 8  15.6  19.3   2:54p  12.2   4:26a   2.8   0.0   0.4   6.4  26.0   3:42p    SW
 9  16.2  20.5   2:28p  14.1   2:07a   2.3   0.3   0.2   4.4  21.0   4:52p    SW
10  17.9  23.9   4:50p  13.6   6:11a   1.6   1.2   0.0   3.2  14.0   9:57a     W
11  17.3  21.1   3:27p  11.7   6:07a   1.8   0.8   0.0   5.7  20.0   5:44p   SSW
12  17.5  22.2   3:07p  13.9   6:20a   1.8   1.0   0.0   6.2  24.0   4:03p    SW
13  18.5  22.8   3:24p  15.7   5:25a   0.9   1.1   0.0   6.7  26.0  12:01p    SW
14  17.5  19.8   7:10p  15.6   3:33a   1.1   0.3   3.2   2.2  15.0   8:14a   WSW
15  15.7  20.4   3:41p  12.4   1:46a   2.8   0.3   0.8   5.8  23.0   9:59a     W
16  14.9  17.9   4:28p  13.4   6:41a   3.4   0.0   0.0   6.3  22.0  10:51a   WNW
17  15.9  18.7   5:54p  13.4   6:06a   2.4   0.0   0.2   6.6  25.0   4:24p   WNW
18  15.7  18.4   5:06p  13.7   5:17a   2.6   0.0   0.2   4.2  19.0  10:47a     W
19  16.8  18.9   2:42p  14.8   4:34a   1.5   0.0   2.0   2.4  12.0   1:16p   WSW
20  18.5  21.1   2:54p  16.2   6:41a   0.6   0.8   0.4   2.6  11.0   3:30p     S
21  16.0  18.3   2:46p  13.5   6:19a   2.3   0.0   4.0   2.1  12.0   9:14a     S
22  17.7  22.4   4:16p  14.4   5:45a   1.5   0.9   0.0   3.8  17.0   2:55p   NNW
23  17.6  24.0   4:33p  13.7  12:07a   1.9   1.3   0.0   4.1  14.0   1:49p    NE
24  16.4  19.1   4:01p  14.3   5:52a   2.0   0.0   0.0   3.3  14.0  10:09a    NE
25  16.4  19.5   5:26p  14.2  11:31p   2.0   0.2   0.0   3.2  18.0   9:03a   NNE
26  16.1  21.4   1:47p  12.7  10:32p   2.8   0.6   0.0   4.1  20.0  10:00a   NNE
27  14.1  18.3   2:03p   9.7   5:03a   4.2   0.0   0.0   3.0  13.0  11:40a   NNE
31  14.2  16.6  10:53a  12.7   5:24a   4.0   0.0   0.0   3.8  16.0   4:38p   NNE
----------------------------------------------------------------------------------
    16.4  24.0    23     9.7     2    63.6  10.8  17.2   4.3  26.0     6     WSW

Max >=  25.0:  0
Max <=   0.0:  0
Min <=   0.0:  0
Min <=  -2.0:  0
Max Rain: 4.0 on day 21
Days of Rain: 13 (>= 0.1 mm)  5 (>= 1.0 mm)  0 (>= 10.0 mm)
Heat Base: 18.3  Cool Base: 18.3  Method: Integration
:now::gauges::real time::current records::monthly records::all-time records::noaa report::trends::station::forum: