tamworth weather

 Latitude N 52 38' 53"    Longitude W 01 41' 24"    Elevation 84 m

NOAA Style Reports

The comparative data used are the 30-year (1971-2000) monthly averages from the Met Office Coleshill station, 11 miles due south of Tamworth.


Report for 2021 Jun
                   Monthly Climatological Summary for Jun 2021

Name: Tamworth Weather   City: Tamworth   County: Staffordshire   Country: UK
Elevation: 84 m  Lat: N 52 38' 52"   Lon: W 001 41' 23"

                  Temperature (C), Rain (mm), Wind Speed (mph)

                                      Heat  Cool        Avg
    Mean                              Deg   Deg         Wind                 Dom
Day Temp  High   Time   Low    Time   Days  Days  Rain  Speed High   Time    Dir
----------------------------------------------------------------------------------
 1  18.4  24.7   4:12p  10.4   5:09a   2.0   2.1   0.0   4.7  17.0   1:06p     E
 2  20.1  26.2   4:04p  14.9   5:39a   0.8   2.6   0.0   4.9  19.0   2:03p     E
 3  15.9  20.9   3:03p  10.9   6:21a   2.8   0.4   0.0   4.1  16.0  10:53a   WSW
 4  15.5  22.3   5:07p   9.5   5:01a   3.2   0.5   0.0   1.7   9.0  10:56a     N
 5  18.3  22.9   3:49p  14.5   8:22a   1.2   1.2   2.6   2.6  19.0   2:06p    SW
 6  17.0  22.7   4:46p  13.1   5:13a   1.9   0.6   0.2   2.1  11.0   9:57a   NNE
 7  16.9  22.1   1:14p  10.6   5:00a   2.5   1.1   0.0   3.8  15.0   4:22p   SSW
 8  18.3  23.1   5:55p  12.7   5:16a   1.4   1.4   0.0   3.6  13.0  10:46a   SSW
 9  19.3  23.3   1:24p  16.1   5:14a   0.6   1.6   0.0   4.9  16.0   7:11a    SW
10  19.2  22.5   6:19p  16.6   5:24a   0.5   1.4   0.0   5.8  20.0   7:10a    SW
11  16.6  20.6   5:55p  12.4   4:51a   2.1   0.5   0.0   5.2  21.0  10:46a     W
12  17.1  23.8   4:24p  11.8   4:27a   2.3   1.1   0.0   3.2  14.0   1:55p    NW
13  21.8  26.6   4:58p  17.5   5:13a   0.1   3.6   0.0   2.8  15.0   8:24a    SW
14  15.6  22.7  12:19p   8.9   4:51a   3.6   0.9   0.0   3.4  16.0   2:18p    NW
15  18.9  23.8   4:54p  14.9   6:20a   0.9   1.5   0.0   3.3  14.0   5:51p     S
16  19.6  26.2   4:40p  13.3   6:24a   1.6   2.9   2.0   4.7  20.0   1:48p   WSW
17  16.8  22.9   2:27p  13.3   4:26a   2.2   0.6   0.2   3.5  14.0   6:11p   NNW
18  12.4  15.3  10:00a  10.6   3:16a   5.9   0.0  11.4   3.4  18.0   6:36p   NNE
19  13.5  17.7   3:06p  10.2   5:07a   4.8   0.0   4.8   5.5  17.0   5:17p   ENE
20  11.7  15.4   5:43p   7.6   4:42a   6.6   0.0   0.0   4.5  16.0   2:59p   ENE
21  12.7  18.0   1:07p   8.9   5:39a   5.6   0.0   0.4   5.6  20.0   5:41p    NE
22  14.4  20.3   4:53p   8.5   5:04a   4.1   0.1   0.2   3.5  17.0  10:23a    NE
23  17.1  23.4   4:06p  13.5   6:12a   2.1   1.0   0.2   3.3  12.0  10:26a    NW
24  16.1  21.2   5:00p  11.9   7:08a   2.5   0.2   4.2   3.4  19.0   7:32a    NW
25  12.9  17.4   2:55p  10.3   4:06a   5.4   0.0   4.2   4.8  20.0   9:13p   NNE
26  15.1  19.2   4:58p  12.3   1:27a   3.2   0.0   0.0   6.0  18.0   4:07p   ENE
27  14.9  17.9   4:31p  12.1   6:13a   3.4   0.0   0.8   7.1  21.0   7:12p    NE
28  13.9  15.0   5:59p  12.8   5:26a   4.4   0.0   0.2   2.8  13.0  11:38a   ENE
29  15.1  20.4   5:17p  11.2   5:25a   3.2   0.1   0.2   2.1  11.0   1:51p    NE
30  15.0  20.2   2:46p  11.5   4:12a   3.4   0.1   0.0   2.1  11.0   4:02p   ENE
----------------------------------------------------------------------------------
    16.3  26.6    13     7.6    20    84.3  25.5  31.6   3.9  21.0    11     NNE

Max >=  25.0:  3
Max <=   0.0:  0
Min <=   0.0:  0
Min <=  -2.0:  0
Max Rain: 11.4 on day 18
Days of Rain: 14 (>= 0.1 mm)  6 (>= 1.0 mm)  1 (>= 10.0 mm)
Heat Base: 18.3  Cool Base: 18.3  Method: Integration
:now::gauges::real time::current records::monthly records::all-time records::noaa report::trends::station::forum: