tamworth weather

 Latitude N 52 38' 53"    Longitude W 01 41' 24"    Elevation 84 m

NOAA Style Reports

The comparative data used are the 30-year (1971-2000) monthly averages from the Met Office Coleshill station, 11 miles due south of Tamworth.


Report for 2021 Apr
                   Monthly Climatological Summary for Apr 2021

Name: Tamworth Weather   City: Tamworth   County: Staffordshire   Country: UK
Elevation: 84 m  Lat: N 52 38' 52"   Lon: W 001 41' 23"

                  Temperature (C), Rain (mm), Wind Speed (mph)

                                      Heat  Cool        Avg
    Mean                              Deg   Deg         Wind                 Dom
Day Temp  High   Time   Low    Time   Days  Days  Rain  Speed High   Time    Dir
----------------------------------------------------------------------------------
 1   6.1   8.7   4:45p   4.2   2:22a  12.2   0.0   0.0   7.9  21.0   1:27p   ENE
 2   7.2  13.2   4:55p   3.4   2:25a  11.1   0.0   0.0   5.0  17.0   3:16p    NE
 3   5.8  12.9   5:19p   0.7   6:25a  12.5   0.0   0.0   2.7  17.0  10:10a    NE
 4   9.6  16.5   5:18p   2.1   9:49a   8.7   0.0   0.2   7.2  28.0   3:26a   WNW
 5   3.7   9.1   2:02p  -0.3   6:42a  14.6   0.0   0.0   6.7  23.0  11:26a    NW
 6   2.3   8.0  12:15p  -0.8   3:08a  15.6   0.0   0.0   4.8  29.0   2:05p    NW
 7   5.0   8.8   9:52a   3.4   3:07a  13.3   0.0   0.2   5.4  23.0  10:38a     W
 8   8.2  12.4   1:46p   4.6   8:18a  10.1   0.0   1.0   7.0  24.0   1:49p   WSW
 9   4.7   8.8   1:50p  -0.5   5:40a  13.6   0.0   0.0   3.0  11.0   3:54p    NW
10   4.3   9.6   2:06p   0.5   4:08a  14.0   0.0   0.8   4.1  19.0  12:24p   ENE
11   4.2   9.3  12:15p   0.5   2:34a  14.1   0.0   0.4   3.2  27.0   6:32p    NW
12   5.9  12.6   2:54p  -0.2   5:59a  12.4   0.0   0.0   2.1  13.0  12:09p    NW
13   8.7  15.6   3:41p   3.2   5:12a   9.6   0.0   0.0   1.9  11.0   3:40p     N
14   6.3  13.4   2:22p  -0.4   5:59a  11.9   0.0   0.0   3.0  15.0   4:23p   ENE
15   5.9  13.3   3:47p  -0.6   6:19a  12.4   0.0   0.0   2.6  13.0   4:47p   ENE
16   6.1  12.3   2:05p  -0.6   6:13a  12.2   0.0   0.0   1.8  13.0   2:54p   ENE
17   8.4  15.4   2:42p   1.1   5:58a   9.9   0.0   0.0   1.9  13.0   1:44p     E
18   8.9  17.4   2:36p   1.1   6:08a   9.4   0.0   0.0   1.6  11.0   4:05p     E
19  10.7  16.7   6:02p   3.7   5:46a   7.6   0.0   0.0   2.1  12.0   2:57p     E
20  12.8  18.8   2:32p   7.8   8:06a   5.5   0.0   0.0   3.2  20.0   9:10a   ENE
21   6.7  12.8   4:38p  -0.2   5:18a  11.6   0.0   0.0   4.9  21.0  11:21a   ENE
22   8.7  14.6   5:02p   1.2   6:08a   9.6   0.0   0.0   3.0  17.0  12:01p     E
23  10.6  17.2   4:21p   2.7   5:54a   7.7   0.0   0.0   3.8  16.0   3:24p   ESE
24   9.6  16.4   4:59p   2.6   6:06a   8.7   0.0   0.0   5.9  18.0   2:30p   ENE
25   7.4  13.9   3:29p   2.2   3:06a  10.9   0.0   0.0   5.6  21.0   5:04p   ENE
26   9.3  15.3   2:53p   5.9   2:06a   9.0   0.0   0.0   3.6  13.0  10:02a   ESE
27   8.2  12.1  11:37a   5.3   3:47a  10.1   0.0   3.2   4.2  19.0   2:07a    NE
28   6.8  12.2   1:25p   1.4   2:50a  11.5   0.0   0.0   6.1  26.0  10:51a    NE
29   6.8  13.3   2:38p   2.8   5:19a  11.5   0.0   1.0   2.2  20.0   2:38p   NNE
30   7.7  13.6   3:56p   2.7   3:54a  10.6   0.0   0.0   2.7  17.0   1:26p   NNE
----------------------------------------------------------------------------------
     7.2  18.8    20    -0.8     6   331.9   0.0   6.8   4.0  29.0     6      NE

Max >=  25.0:  0
Max <=   0.0:  0
Min <=   0.0:  8
Min <=  -2.0:  0
Max Rain: 3.2 on day 27
Days of Rain: 7 (>= 0.1 mm)  3 (>= 1.0 mm)  0 (>= 10.0 mm)
Heat Base: 18.3  Cool Base: 18.3  Method: Integration
:now::gauges::real time::current records::monthly records::all-time records::noaa report::trends::station::forum: