tamworth weather

 Latitude N 52 38' 53"    Longitude W 01 41' 24"    Elevation 84 m

NOAA Style Reports

The comparative data used are the 30-year (1971-2000) monthly averages from the Met Office Coleshill station, 11 miles due south of Tamworth.


Report for 2021 Mar
                   Monthly Climatological Summary for Mar 2021

Name: Tamworth Weather   City: Tamworth   County: Staffordshire   Country: UK
Elevation: 84 m  Lat: N 52 38' 52"   Lon: W 001 41' 23"

                  Temperature (C), Rain (mm), Wind Speed (mph)

                                      Heat  Cool        Avg
    Mean                              Deg   Deg         Wind                 Dom
Day Temp  High   Time   Low    Time   Days  Days  Rain  Speed High   Time    Dir
----------------------------------------------------------------------------------
 1   3.0   4.2   2:41p   1.6   9:00a  15.3   0.0   0.0   4.7  12.0  10:50a   ENE
 2   3.9   7.2   2:58p   2.4   5:35a  14.4   0.0   0.0   3.0  11.0  12:28p     E
 3   3.5   5.2   2:34p   2.3   1:19a  14.8   0.0   1.6   3.2  10.0   5:18p   ENE
 4   3.9   6.5   3:12p   2.7   3:14a  14.4   0.0   0.0   3.6  19.0   7:19p    NE
 5   3.3   5.6   2:20p   0.3   4:13a  14.9   0.0   0.0   2.3  12.0  10:22a   ENE
 6   2.4   4.8  12:35p  -0.3   4:17a  15.9   0.0   0.0   0.8   8.0   2:26p   NNE
 7   4.8   9.4   2:35p   1.7   9:00a  13.5   0.0   0.0   2.6  10.0  11:43a    NW
 8   5.2  10.1   3:48p   0.8   6:46a  13.1   0.0   0.0   3.6  13.0   3:38p     W
 9   7.5  10.8   3:51p   3.8   9:00a  10.8   0.0   2.6   7.9  30.0   4:18a   SSW
10   9.7  11.7   8:00p   6.8   9:00a   8.5   0.0   2.0  13.5  48.0   3:44a    SW
11   6.4  10.3  11:29a   4.3   6:43a  11.9   0.0   2.4   8.7  34.0  10:52a   WSW
12   6.5   9.8   2:33p   4.0   2:45a  11.8   0.0   3.2  10.1  34.0   1:29a   WSW
13   5.8   8.0   1:17p   4.5   2:10p  12.5   0.0   0.8   8.9  34.0   9:23a     W
14   7.8   8.9  12:53p   6.7   9:00a  10.5   0.0   1.6   8.4  28.0   2:39p   WNW
15   9.0  12.4   2:25p   7.2   9:46p   9.3   0.0   1.0   5.1  19.0   7:31a   WNW
16   7.4  12.0   4:26p   3.3   5:28a  10.9   0.0   0.4   5.4  23.0  11:16a    NW
17   6.5  12.7   4:49p   3.1   4:23a  11.8   0.0   0.0   3.0  12.0   9:05a    NW
18   8.3  11.6   2:17p   6.0   9:00a  10.0   0.0   0.2   5.1  25.0  11:53p   NNW
19   7.5   9.2   2:10p   6.4   4:19a  10.8   0.0   0.0   2.2  15.0  11:20a   NNE
20   8.0  11.7   1:57p   5.8   2:11a  10.3   0.0   0.0   3.9  25.0   9:31p    NW
21   7.1  13.5   1:52p   2.6   2:01a  11.2   0.0   0.0   1.3   9.0   5:40p    NW
22   7.1  11.9   4:30p   4.7   1:15a  11.2   0.0   0.0   2.8  13.0   2:51p     W
23   9.0  11.9   4:39p   7.1   1:30a   9.0   0.0   0.0   5.8  19.0  12:46p   SSW
24   8.5  13.6   2:20p   3.7   4:21a   9.8   0.0   0.0   3.3  14.0   1:09p    SW
25  10.5  14.4   4:11p   8.2  11:08p   7.8   0.0   0.2   7.1  28.0   8:51a   SSW
26   6.1  10.5   9:00a   2.6   6:18a  12.2   0.0   2.4   7.2  26.0   9:21a   WSW
27   8.6  10.2   4:00p   6.8   9:00a   9.4   0.0   0.0   9.5  31.0   3:45a    SW
28  11.6  14.1   3:09p   9.1  10:00a   6.7   0.0   0.0  10.5  30.0   6:55p   SSW
29  11.7  17.6   2:32p   5.5   7:00a   6.6   0.0   0.2   5.3  25.0  11:35a    SW
30  15.3  21.4   3:44p  10.5   7:16a   3.6   0.6   0.0   2.7  14.0   2:16p     S
31  14.9  23.6   3:26p   6.3   9:02a   4.7   1.3   0.0   5.9  24.0   3:22a   ENE
----------------------------------------------------------------------------------
     7.4  23.6    31    -0.3     6   337.6   1.9  18.6   5.4  48.0    10     WSW

Max >=  25.0:  0
Max <=   0.0:  0
Min <=   0.0:  1
Min <=  -2.0:  0
Max Rain: 3.2 on day 12
Days of Rain: 13 (>= 0.1 mm)  8 (>= 1.0 mm)  0 (>= 10.0 mm)
Heat Base: 18.3  Cool Base: 18.3  Method: Integration
:now::gauges::real time::current records::monthly records::all-time records::noaa report::trends::station::forum: