tamworth weather

 Latitude N 52 38' 53"    Longitude W 01 41' 24"    Elevation 84 m

NOAA Style Reports

The comparative data used are the 30-year (1971-2000) monthly averages from the Met Office Coleshill station, 11 miles due south of Tamworth.


Report for 2021 Jan
                   Monthly Climatological Summary for Jan 2021

Name: Tamworth Weather   City: Tamworth   County: Staffordshire   Country: UK
Elevation: 84 m  Lat: N 52 38' 52"   Lon: W 001 41' 23"

                  Temperature (C), Rain (mm), Wind Speed (mph)

                                      Heat  Cool        Avg
    Mean                              Deg   Deg         Wind                 Dom
Day Temp  High   Time   Low    Time   Days  Days  Rain  Speed High   Time    Dir
----------------------------------------------------------------------------------
 1   1.5   3.3   2:24p  -1.1   8:00a  16.8   0.0   0.0   4.4  13.0  12:38p    NW
 2   1.0   1.9   1:27p  -0.6   9:00a  17.3   0.0   2.0   2.2   8.0   2:57p    NW
 3   2.2   3.9   1:29p   0.8   5:04a  16.1   0.0   1.4   4.5  21.0   6:15p   NNE
 4   2.3   4.4   1:01p   0.7   7:07a  16.0   0.0   0.2   6.0  23.0   2:41p   NNE
 5   1.7   5.6  12:39p  -0.5   4:55a  16.6   0.0   0.2   4.6  18.0  11:47a   NNE
 6   0.0   5.3  12:56p  -4.1   5:45a  18.3   0.0   0.2   2.2  11.0  10:16a   NNE
 7  -0.6   0.8   3:37p  -2.2   9:00a  18.9   0.0   0.2   2.0   8.0   6:07p   SSE
 8   1.0   1.4   1:17p   0.3   7:49a  17.3   0.0   0.2   1.4   8.0  11:24p   SSE
 9   0.7   3.2  11:40a  -1.6   2:38a  17.6   0.0   0.2   2.5   9.0  11:50p   WSW
10   4.4   5.7   4:38a   1.7   9:00a  13.9   0.0   0.0   4.4  14.0   4:27a   WSW
11   7.4   9.1  12:59a   4.3   8:47a  10.9   0.0   6.4   7.2  22.0  12:26p     W
12   2.6   5.9  12:45p   0.8   3:05a  15.7   0.0   0.6   1.2   8.0   9:08a     N
13   3.4   4.6   3:30p   2.4   9:36a  14.9   0.0   7.8   2.5  10.0   2:28a    NE
14   1.2   3.6  10:41a  -0.5   8:55a  17.1   0.0   1.4   2.9  14.0   1:58p    NE
30   0.4   2.8   3:03a  -1.6   6:21a  27.6   0.0  56.8   6.8  27.0   5:27p   ESE
31   1.2   2.3   1:32p  -0.1   9:00a  16.9   0.0   0.0   4.7  18.0   2:50p   ENE
----------------------------------------------------------------------------------
     1.9   9.1    11    -4.1     6   271.9   0.0  77.6   3.6  27.0    30     NNE

Max >=  25.0:  0
Max <=   0.0:  0
Min <=   0.0:  9
Min <=  -2.0:  2
Max Rain: 56.8 on day 30
Days of Rain: 13 (>= 0.1 mm)  6 (>= 1.0 mm)  1 (>= 10.0 mm)
Heat Base: 18.3  Cool Base: 18.3  Method: Integration
:now::gauges::real time::current records::monthly records::all-time records::noaa report::trends::station::forum: