tamworth weather

 Latitude N 52 38' 53"    Longitude W 01 41' 24"    Elevation 84 m

NOAA Style Reports

The comparative data used are the 30-year (1971-2000) monthly averages from the Met Office Coleshill station, 11 miles due south of Tamworth.


Report for 2020 Dec
                   Monthly Climatological Summary for Dec 2020

Name: Tamworth Weather   City: Tamworth   County: Staffordshire   Country: UK
Elevation: 84 m  Lat: N 52 38' 52"   Lon: W 001 41' 23"

                  Temperature (C), Rain (mm), Wind Speed (mph)

                                      Heat  Cool        Avg
    Mean                              Deg   Deg         Wind                 Dom
Day Temp  High   Time   Low    Time   Days  Days  Rain  Speed High   Time    Dir
----------------------------------------------------------------------------------
 1   5.3   8.0  12:40p   2.9   9:12a  13.0   0.0   0.0   2.0  12.0  10:18a    NW
 2   5.3   8.3  12:22p   3.8   8:57p  13.0   0.0   2.8   4.1  15.0  11:15p    SW
 3   3.1   4.6  11:14a   1.9  12:57a  15.2   0.0   5.0   4.0  21.0   8:48a    NW
 4   3.3   4.4  12:21p   2.1  12:23a  15.0   0.0   9.4   6.6  22.0   9:55a   WSW
 5   3.7   7.4   1:21p   1.2   4:02a  14.6   0.0   2.0   2.7  13.0   9:09a    NE
 6   2.6   4.3   1:01p   0.1   3:16a  15.7   0.0   0.8   0.8   5.0   9:57a   NNW
 7   1.6   4.1   1:18p  -0.3   3:01a  16.7   0.0   0.2   2.6  11.0   2:33a    SW
 8   4.9   6.0   9:53p   0.4   9:00a  13.4   0.0   1.2   5.5  20.0  12:21a   WSW
 9   5.1   6.2   1:01p   4.1  10:39p  13.0   0.0   0.0   3.9  16.0   2:51a   SSE
10   6.9   7.9   7:08a   5.6   9:44a  11.3   0.0   4.4   5.3  19.0   6:34p    SE
11   7.9  10.6   2:32p   6.8   9:14p  10.4   0.0   1.0   2.4  19.0   8:43a     W
12   5.3   8.8   1:26p   2.0   2:15a  13.0   0.0   1.4   4.8  21.0   8:45a     W
13   8.8  10.5   6:36p   5.0   9:00a   9.5   0.0   4.0   7.9  24.0  11:27a     S
14   7.8  11.1  12:52p   4.8   8:30a  10.5   0.0   0.2   6.0  29.0  11:30a     S
15   7.9   9.9   2:27p   5.3   9:00a  10.4   0.0   0.8   6.3  26.0   8:35a   SSE
16   6.4   9.3  10:47a   4.2   1:22a  11.9   0.0   4.6   5.4  27.0   9:01a     S
17   9.7  11.2   6:32a   5.2   9:00a   8.6   0.0   1.2   8.0  28.0  10:22p     S
18  11.2  12.8   6:27p   8.9   8:13a   7.1   0.0   9.8   9.6  27.0   1:51a     S
19   7.7  10.6   1:20p   4.9   7:58a  10.6   0.0   1.4   7.3  26.0  11:14a   SSW
20   5.9   7.9   1:00p   3.9  12:06a  12.4   0.0   2.0   5.1  17.0   1:15p     S
21   9.4  12.3  12:13a   3.8   8:35a   8.9   0.0   3.6   5.4  22.0  12:02a    SW
22   5.4   6.6   1:31p   3.9   9:00a  12.9   0.0   1.8   2.7  12.0   7:28a   ENE
23   4.7   6.4  12:59p   0.4   8:38a  13.6   0.0   3.6   8.5  34.0   6:08p   NNE
24   1.2   5.2   1:00p  -1.2   5:45a  17.1   0.0   0.0   5.2  16.0   1:05p    NW
25   3.3   5.6   7:38a  -0.1   9:00a  15.0   0.0   0.0   5.1  18.0   2:12a    SW
26   7.7   9.7   6:50p   2.9   8:52a  10.6   0.0  12.8   9.7  37.0  11:58p    SW
27   2.7   5.9   2:13p   0.1   6:57a  15.6   0.0   0.2   4.9  19.0   2:29p   SSW
28   0.7   1.7   4:05p  -0.7   5:30a  17.6   0.0   0.0   3.3  11.0   9:01a     N
29   0.8   2.1   2:52p  -1.2  12:10a  17.5   0.0   2.0   3.0  12.0   3:01p    NW
30   0.7   3.1   2:10p  -2.3   7:58a  17.6   0.0   0.4   1.9  11.0  11:25a   WNW
31   0.8   4.6   1:30p  -1.6   9:29a  17.5   0.0   0.4   2.0   9.0   1:32a    NW
----------------------------------------------------------------------------------
     5.1  12.8    18    -2.3    30   409.2   0.0  77.0   4.9  37.0    26     SSW

Max >=  25.0:  0
Max <=   0.0:  0
Min <=   0.0:  7
Min <=  -2.0:  1
Max Rain: 12.8 on day 26
Days of Rain: 26 (>= 0.1 mm)  19 (>= 1.0 mm)  1 (>= 10.0 mm)
Heat Base: 18.3  Cool Base: 18.3  Method: Integration
:now::gauges::real time::current records::monthly records::all-time records::noaa report::trends::station::forum: