tamworth weather

 Latitude N 52 38' 53"    Longitude W 01 41' 24"    Elevation 84 m

NOAA Style Reports

The comparative data used are the 30-year (1971-2000) monthly averages from the Met Office Coleshill station, 11 miles due south of Tamworth.


Report for 2020 Aug
                   Monthly Climatological Summary for Aug 2020

Name: Tamworth Weather   City: Tamworth   County: Staffordshire   Country: UK
Elevation: 84 m  Lat: N 52 38' 52"   Lon: W 001 41' 23"

                  Temperature (C), Rain (mm), Wind Speed (mph)

                                      Heat  Cool        Avg
    Mean                              Deg   Deg         Wind                 Dom
Day Temp  High   Time   Low    Time   Days  Days  Rain  Speed High   Time    Dir
----------------------------------------------------------------------------------
 1  16.4  22.2   1:39p  11.8   4:09a   2.5   0.6   1.0   4.0  18.0   2:16p     W
 2  16.3  22.2   4:29p  11.5   6:17a   2.6   0.6   0.0   3.7  18.0   3:54p   WNW
 3  14.8  20.7   3:16p   9.5   5:04a   3.7   0.2   0.0   3.1  16.0   2:05p    NW
 4  17.4  20.8   4:49p  14.2  10:32a   1.1   0.2   0.0   8.5  25.0   4:38p   SSW
 5  19.2  22.3  12:01p  16.5   6:45a   0.4   1.3   0.0   6.7  26.0  12:46p   SSW
 6  20.2  23.9   6:27p  15.9   5:23a   0.3   2.3   0.0   3.5  16.0   1:28p     S
 7  23.4  30.1   5:24p  16.4   6:03a   0.2   5.3   0.0   3.4  15.0   3:37p     W
 8  20.2  27.9   3:32p  14.6   6:23a   1.4   3.3   0.0   7.2  18.0   7:31p    NE
 9  19.0  24.9   5:29p  15.6  10:00a   0.8   1.6   0.0   5.2  17.0  10:13a    NE
10  22.9  30.7   5:09p  17.4   6:17a   0.1   4.7   0.0   5.2  19.0   1:28p    NE
11  24.9  33.0   6:12p  18.4  10:00a   0.0   6.6   0.0   2.4  15.0  12:33a    NE
12  24.1  32.7   3:24p  17.6   5:49a   0.1   5.9   0.6   4.3  17.0   9:55p    NE
13  18.5  23.2   6:20p  16.1   6:17a   0.7   1.0   1.8   5.1  15.0  11:57a    NE
14  19.0  26.2   3:30p  15.0   3:53a   1.3   2.0   0.0   5.1  18.0   7:15a    NE
15  17.5  22.6   2:54p  14.9   4:07a   1.5   0.7   2.8   5.8  17.0  12:14p    NE
16  16.4  19.2   4:01p  14.8   4:33a   2.0   0.1   6.4   3.1  13.0  11:50a    NE
17  17.3  22.3   3:22p  15.2   6:06a   1.6   0.5   1.4   3.2  17.0   9:36a     S
18  18.5  22.0   5:55p  16.4   7:29a   0.7   0.9   1.2   3.6  19.0  11:49a    SW
19  17.8  19.5   7:02p  14.3   6:15a   0.9   0.4   8.6   6.0  21.0  12:31a   SSE
20  18.9  23.2   4:07p  15.1   4:20a   0.7   1.3   0.4   8.9  40.0   8:01a     S
21  17.3  20.2   5:49p  14.6   6:04a   1.4   0.4   0.4   9.7  39.0   2:17p   SSW
22  16.5  19.9   4:45p  13.9   6:14a   2.0   0.2   0.2   7.9  31.0   4:16p   WSW
23  15.8  19.9   4:02p  13.1   6:15a   2.6   0.1   0.2   5.7  24.0   3:44p     W
24  17.3  22.8   3:43p  14.7   8:07a   1.6   0.5  13.6   4.3  24.0   8:06a     S
25  16.2  19.9   1:27p  14.6  11:36p   2.2   0.1   1.2  12.9  37.0  12:49a   WSW
26  15.4  20.6   5:00p  11.7   4:17a   3.1   0.2   0.0   3.4  19.0  10:50a     W
27  12.7  14.8  11:59a  11.7   2:58a   5.7   0.0  12.4   1.7  15.0   5:56p   ESE
28  11.5  16.3  12:04p   8.3   6:17a   6.8   0.0   5.2   6.4  23.0   1:49p     N
29  11.2  15.4   3:30p   7.2   6:47a   7.1   0.0   0.6   5.5  19.0  10:36a   NNW
30  12.6  17.6   4:52p   7.7   6:45a   5.7   0.0   0.0   2.1  14.0  10:23a   NNE
31  12.6  16.9   1:08p   8.7   1:03a   5.7   0.0   0.0   1.1  10.0   1:00p   SSE
----------------------------------------------------------------------------------
    17.5  33.0    11     7.2    29    66.5  41.0  58.0   5.1  40.0    20      SW

Max >=  25.0:  6
Max <=   0.0:  0
Min <=   0.0:  0
Min <=  -2.0:  0
Max Rain: 13.6 on day 24
Days of Rain: 17 (>= 0.1 mm)  11 (>= 1.0 mm)  2 (>= 10.0 mm)
Heat Base: 18.3  Cool Base: 18.3  Method: Integration
:now::gauges::real time::current records::monthly records::all-time records::noaa report::trends::station::forum: