tamworth weather

 Latitude N 52 38' 53"    Longitude W 01 41' 24"    Elevation 84 m

NOAA Style Reports

The comparative data used are the 30-year (1971-2000) monthly averages from the Met Office Coleshill station, 11 miles due south of Tamworth.


Report for 2020 Jul
                   Monthly Climatological Summary for Jul 2020

Name: Tamworth Weather   City: Tamworth   County: Staffordshire   Country: UK
Elevation: 84 m  Lat: N 52 38' 52"   Lon: W 001 41' 23"

                  Temperature (C), Rain (mm), Wind Speed (mph)

                                      Heat  Cool        Avg
    Mean                              Deg   Deg         Wind                 Dom
Day Temp  High   Time   Low    Time   Days  Days  Rain  Speed High   Time    Dir
----------------------------------------------------------------------------------
 1  15.6  19.6   4:23p  12.8   5:39a   2.9   0.1   0.0   3.8  14.0  12:41p   WSW
 2  15.0  18.7   1:15p  11.8   2:05a   3.3   0.0   1.6   3.8  16.0   7:49a     W
 3  15.8  17.6   9:09a  14.6  10:00a   2.5   0.0   0.6   8.4  25.0   1:39p   SSW
 4  17.3  19.3   1:24p  15.2   9:13a   1.1   0.2   0.4   8.9  29.0   6:55a    SW
 5  14.6  18.6   4:43p  10.8   5:31a   3.7   0.0   0.0  10.0  36.0   6:46p     W
 6  14.8  19.2   3:32p  11.9  11:59p   3.6   0.0   0.0   5.1  24.0  11:09a   WNW
 7  13.6  15.9  10:00a  12.4   8:51p   4.7   0.0   5.2   3.8  17.0  12:58p    SW
 8  14.5  15.7   8:25a  13.6  12:13p   3.8   0.0   7.8   4.3  13.0   3:57a     E
 9  12.5  14.2  10:33a   9.8   5:56a   5.8   0.0   2.6   4.8  18.0   9:12a     N
10  13.5  17.8   3:50p   9.4   4:48a   4.8   0.0   0.0   6.1  20.0   4:42p   WNW
11  14.2  20.6   5:57p   7.3   5:14a   4.3   0.2   0.0   2.9  17.0   1:36p    NW
12  17.9  22.8   3:34p  14.5   4:25a   1.4   1.0   0.0   2.8  13.0   3:52p   WSW
13  16.0  19.1  12:04p  13.3   6:34a   2.4   0.0   1.6   4.2  19.0   1:11p   WSW
14  14.6  18.2   5:27p  12.5   3:39a   3.7   0.0   0.0   4.0  18.0   3:36p   WNW
15  15.2  16.8  10:00a  13.7   5:15a   3.1   0.0   0.0   5.4  17.0   9:08p   WNW
16  18.1  21.1   5:30p  15.2   5:34a   0.8   0.6   0.0   2.6  16.0  11:30a   WNW
17  19.4  23.9   4:34p  15.7   5:08a   0.7   1.8   0.0   5.3  17.0   5:37p   WSW
18  16.0  19.4   4:22p  11.7   6:23a   2.5   0.1   1.8   4.6  17.0  11:00a     W
19  15.0  21.5   1:53p   8.8   5:17a   3.9   0.5   0.0   4.0  17.0   5:10p    NW
20  14.4  20.6   4:08p   7.4   4:54a   4.1   0.2   0.0   3.1  17.0   2:21p    NW
21  16.4  20.8   4:12p  12.7   2:15a   2.3   0.5   0.0   2.2  17.0  11:18a   WNW
22  17.8  22.7   2:12p  14.0   6:28a   1.4   0.9   0.0   4.9  21.0   4:31p   WSW
23  17.1  20.2  12:35p  14.8   5:19a   1.5   0.2   1.0   4.1  20.0   2:47p   WSW
24  18.8  22.9   3:39p  15.2  10:08a   0.8   1.3   1.0   5.3  18.0   4:33a   SSW
25  16.0  20.9  10:49a  12.2   5:32a   2.7   0.4  16.2   5.3  28.0   7:15p    SW
26  17.0  20.3   2:04p  14.3   8:32a   1.7   0.4   1.6   7.0  25.0   9:57a   SSW
27  15.2  21.2   3:51p  12.3   5:12a   3.3   0.2   2.4   7.1  27.0   2:06p   WSW
28  14.8  18.2   3:28p  12.4   5:54a   3.5   0.0   0.0   6.1  22.0   1:15p     W
29  17.0  20.5   5:00p  14.6   4:25a   1.6   0.2   0.0   2.7  14.0   4:55p   WSW
30  21.1  27.4   6:10p  14.1   5:43a   0.7   3.6   0.0   3.1  15.0   4:05p     S
31  23.6  35.1   4:45p  15.0   5:37a   0.7   6.0   0.0   5.2  21.0   2:21p   SSW
----------------------------------------------------------------------------------
    16.2  35.1    31     7.3    11    83.3  18.4  43.8   4.9  36.0     5     WSW

Max >=  25.0:  2
Max <=   0.0:  0
Min <=   0.0:  0
Min <=  -2.0:  0
Max Rain: 16.2 on day 25
Days of Rain: 13 (>= 0.1 mm)  11 (>= 1.0 mm)  1 (>= 10.0 mm)
Heat Base: 18.3  Cool Base: 18.3  Method: Integration
:now::gauges::real time::current records::monthly records::all-time records::noaa report::trends::station::forum: