tamworth weather

 Latitude N 52 38' 53"    Longitude W 01 41' 24"    Elevation 84 m

NOAA Style Reports

The comparative data used are the 30-year (1971-2000) monthly averages from the Met Office Coleshill station, 11 miles due south of Tamworth.


Report for 2020 Jun
                   Monthly Climatological Summary for Jun 2020

Name: Tamworth Weather   City: Tamworth   County: Staffordshire   Country: UK
Elevation: 84 m  Lat: N 52 38' 52"   Lon: W 001 41' 23"

                  Temperature (C), Rain (mm), Wind Speed (mph)

                                      Heat  Cool        Avg
    Mean                              Deg   Deg         Wind                 Dom
Day Temp  High   Time   Low    Time   Days  Days  Rain  Speed High   Time    Dir
----------------------------------------------------------------------------------
 1  17.5  24.7   4:54p   9.4   5:16a   2.7   1.8   0.0   4.1  17.0  10:36a   ENE
 2  19.2  27.1   5:03p  12.6   8:49a   1.5   2.4   0.4   3.3  16.0   9:27a   NNW
 3  10.5  13.4  12:23p   8.2   5:02a   7.8   0.0   1.6   4.8  21.0   5:38p     N
 4  10.8  14.8   4:58p   8.8   4:48a   7.5   0.0   1.6   5.3  20.0   7:23a   WNW
 5  10.1  15.4   4:24p   6.8   2:56a   8.2   0.0   0.6  10.0  31.0   1:42p     W
 6  11.3  16.2   1:21p   8.8   5:23a   7.0   0.0   4.0   5.6  30.0   4:10p    NW
 7  10.5  14.7   5:14p   6.9   4:41a   7.8   0.0   2.4   2.7  15.0  11:20a    NE
 8  12.2  17.9   3:58p   8.5   5:01a   6.1   0.0   0.0   3.0  11.0   6:27p   ENE
 9  13.9  18.7   5:34p  10.3   6:13a   4.4   0.0   0.6   2.6  12.0   1:56p     E
10  12.1  15.8   3:52p  10.1   5:19a   6.2   0.0   0.4   5.3  24.0   9:21a     E
11  12.5  16.6   3:32p  10.9  10:35p   5.8   0.0   7.0   7.8  29.0   4:34p    NE
12  14.4  17.6   9:56a  13.2  10:08a   3.9   0.0   0.2   6.3  21.0   4:36p    NE
13  17.2  23.8   4:11p  11.7   3:33a   2.5   1.4   0.6   3.6  21.0   9:48p   ESE
14  16.9  23.1   4:52p  12.6   7:11a   2.1   0.7  14.0   3.0  15.0  12:33p    NE
15  18.3  23.2   2:46p  14.3   5:28a   1.4   1.3   2.4   2.3  11.0   2:07p   ENE
16  16.6  23.0   5:12p  12.7   1:32a   2.6   0.9  11.2   2.6  18.0   8:51p    NE
17  15.4  22.3   2:53p  12.7   5:08a   3.3   0.4  17.6   3.0  22.0   4:39p    NE
18  13.2  14.7   8:04p  12.2  11:47p   5.1   0.0   6.2   3.3  17.0   9:48a   ESE
19  13.5  16.1   1:34p  10.1   4:31a   4.8   0.0   0.2   5.3  28.0  12:09p   SSW
20  16.4  21.0   3:50p  12.8   4:48a   2.2   0.3   3.2   6.9  21.0   1:08a     S
21  14.4  19.0   3:02p   9.7   4:39a   3.9   0.0   3.8   5.4  20.0   1:55p    SW
22  17.7  22.9   4:55p  13.3   6:33a   1.6   1.1   0.0   7.1  22.0   2:43p   SSW
23  21.2  26.3   4:17p  15.0   4:56a   0.6   3.4   0.0   3.7  18.0   6:04p   SSE
24  23.4  29.1   5:19p  15.8   5:09a   0.2   5.4   0.0   3.7  15.0   2:58p     E
25  23.6  29.2   4:11p  17.9   5:56a   0.0   5.3   0.0   4.5  21.0  12:01p     E
26  20.9  27.9   1:35p  14.2   5:13a   1.1   3.7   1.6   5.7  21.0   4:45p     S
27  14.9  19.6   1:55p  11.1   4:29a   3.5   0.1   6.8   9.0  30.0   5:30p    SW
28  14.4  18.0   1:29p  12.2   6:33a   3.9   0.0   0.6  10.0  36.0   3:39p    SW
29  13.3  14.5   9:59a  12.6   1:52a   5.0   0.0   0.0   8.5  31.0  10:18a   WSW
30  16.2  19.3   2:54p  14.3   4:39a   2.2   0.0   0.0   4.6  16.0  10:38a    SW
----------------------------------------------------------------------------------
    15.4  29.2    25     6.8     5   114.9  28.2  87.0   5.1  36.0    28       S

Max >=  25.0:  5
Max <=   0.0:  0
Min <=   0.0:  0
Min <=  -2.0:  0
Max Rain: 17.6 on day 17
Days of Rain: 22 (>= 0.1 mm)  14 (>= 1.0 mm)  3 (>= 10.0 mm)
Heat Base: 18.3  Cool Base: 18.3  Method: Integration
:now::gauges::real time::current records::monthly records::all-time records::noaa report::trends::station::forum: