tamworth weather

 Latitude N 52 38' 53"    Longitude W 01 41' 24"    Elevation 84 m

NOAA Style Reports

The comparative data used are the 30-year (1971-2000) monthly averages from the Met Office Coleshill station, 11 miles due south of Tamworth.


Report for 2020 Apr
                   Monthly Climatological Summary for Apr 2020

Name: Tamworth Weather   City: Tamworth   County: Staffordshire   Country: UK
Elevation: 84 m  Lat: N 52 38' 52"   Lon: W 001 41' 23"

                  Temperature (C), Rain (mm), Wind Speed (mph)

                                      Heat  Cool        Avg
    Mean                              Deg   Deg         Wind                 Dom
Day Temp  High   Time   Low    Time   Days  Days  Rain  Speed High   Time    Dir
----------------------------------------------------------------------------------
 1   7.2   9.7   9:58a   5.9  10:00a  11.1   0.0   0.0   5.1  20.0   8:47a   WNW
 2   8.4  13.1   5:08p   5.6   2:17a   9.9   0.0   0.0   5.4  27.0   6:00p   WNW
 3   8.2  13.3   3:15p   4.3   6:26a  10.1   0.0   0.0   3.7  16.0   4:52p   WSW
 4  10.0  15.2   5:59p   5.9   3:34a   8.3   0.0   0.0   4.7  19.0   6:23p   SSE
 5  15.3  20.1   4:28p  10.4   6:34a   3.2   0.2   0.6   8.0  27.0   6:47p     S
 6   9.6  15.3   2:25p   2.8   6:44a   8.7   0.0   0.0   3.5  20.0  10:41a     W
 7  13.5  18.1   3:34p   8.4   6:49a   4.8   0.0   0.0   2.1  18.0   1:59p   SSE
 8  15.6  23.6   5:16p   8.8   5:56a   3.6   0.9   0.0   1.9  15.0   9:37a    SE
 9  12.6  19.9   3:48p   6.5   6:36a   5.9   0.2   0.0   4.9  18.0   6:59p   ENE
10  16.4  23.3   4:03p   9.7   6:30a   3.0   1.2   0.0   3.3  14.0   3:30p    SE
11  16.7  25.2   4:45p   9.3   7:00a   3.3   1.7   0.0   1.9  14.0   4:30p    NW
12  12.3  21.8   1:02p   4.9   6:38a   6.6   0.6   3.2   7.8  34.0   8:58p    NE
13   5.8  10.5   3:46p   1.1   6:28a  12.5   0.0   0.0   6.0  25.0  10:12a   ENE
14   8.8  15.3   4:37p   3.7   6:08a   9.5   0.0   0.0   1.7   9.0   2:48p   SSE
15  11.8  19.3   4:22p   3.7   6:19a   6.5   0.0   0.0   1.4  11.0   3:40p     E
16  12.9  19.4   3:41p   6.7   5:51a   5.5   0.1   0.0   6.1  21.0   8:51p   ENE
17   8.4  14.1  12:45p   5.2   1:54a   9.9   0.0   2.2   9.1  24.0   7:00p   ENE
18   7.2   9.7   6:28p   4.8   6:32a  11.1   0.0   0.6   3.6  16.0  10:16a    NE
19   9.4  16.1   2:39p   4.3   5:07a   8.9   0.0   0.0   7.2  24.0   6:56p   ENE
20  10.5  16.6   2:42p   6.3   5:27a   7.8   0.0   0.0  10.2  29.0   5:38p   ENE
21  11.0  17.5   2:39p   5.1   5:55a   7.3   0.0   0.0   8.2  26.0   2:59p    NE
22  11.9  20.1   3:41p   4.8   5:59a   6.5   0.1   0.0   6.4  22.0   5:17p   ENE
23  13.3  21.3   4:09p   5.6   6:00a   5.5   0.4   0.0   3.8  17.0  10:45a   ENE
24  12.3  22.6   3:01p   4.6   3:30a   6.4   0.5   0.0   3.3  14.0   8:19p   ENE
25  11.7  17.7   4:55p   6.8   6:04a   6.6   0.0   0.0   2.6  11.0  10:53a     E
26  13.4  20.7   2:55p   8.2   5:47a   5.1   0.2   0.2   3.2  13.0   1:41p   WNW
27  11.4  16.3   3:21p   7.2   9:01a   6.9   0.0   2.2   3.7  12.0   6:03a    NE
28   6.4   7.6  10:00a   5.6   3:54a  11.9   0.0   8.0   4.6  18.0   1:09p   ENE
29   9.1  12.7   7:15p   6.1   5:30a   9.2   0.0   2.0   5.4  21.0  11:15p     S
30   8.1  10.3   9:10a   5.9   3:15a   9.8   0.0   3.4   5.4  24.0  10:30a    SW
----------------------------------------------------------------------------------
    11.0  25.2    11     1.1    13   225.4   6.1  22.4   4.9  34.0    12     ENE

Max >=  25.0:  1
Max <=   0.0:  0
Min <=   0.0:  0
Min <=  -2.0:  0
Max Rain: 8.0 on day 28
Days of Rain: 9 (>= 0.1 mm)  6 (>= 1.0 mm)  0 (>= 10.0 mm)
Heat Base: 18.3  Cool Base: 18.3  Method: Integration
:now::gauges::real time::current records::monthly records::all-time records::noaa report::trends::station::forum: