tamworth weather

 Latitude N 52 38' 53"    Longitude W 01 41' 24"    Elevation 84 m

NOAA Style Reports

The comparative data used are the 30-year (1971-2000) monthly averages from the Met Office Coleshill station, 11 miles due south of Tamworth.


Report for 2020 Mar
                   Monthly Climatological Summary for Mar 2020

Name: Tamworth Weather   City: Tamworth   County: Staffordshire   Country: UK
Elevation: 84 m  Lat: N 52 38' 52"   Lon: W 001 41' 23"

                  Temperature (C), Rain (mm), Wind Speed (mph)

                                      Heat  Cool        Avg
    Mean                              Deg   Deg         Wind                 Dom
Day Temp  High   Time   Low    Time   Days  Days  Rain  Speed High   Time    Dir
----------------------------------------------------------------------------------
 1   4.1   8.2  12:55p  -0.2   6:51a  14.2   0.0   0.2   5.6  29.0   9:17a    SW
 2   4.7   8.7   2:08p   1.8   3:07a  13.6   0.0   0.6   5.6  22.0   3:44p   WSW
 3   4.9   9.8   3:43p   1.8   6:04a  13.4   0.0   0.2   4.7  24.0   2:23p     W
 4   4.1   6.9  11:40a   2.7   5:30a  14.2   0.0   1.2   3.5  15.0   5:49a     E
 5   2.8   6.2   1:38p  -1.8   6:51a  15.5   0.0   0.2   3.3  21.0   1:45p   NNE
 6   6.1  11.4   3:03p   2.3   9:00a  12.2   0.0   0.0   2.9  15.0   8:26a    SW
 7   9.8  11.8   2:40p   6.3   9:00a   8.5   0.0   1.8  10.1  30.0   1:00a   SSW
 8   7.4  11.5   2:52p   5.1   1:25a  10.9   0.0   2.4   7.4  28.0   7:34a   WSW
 9   9.0  11.9   8:58a   5.7   3:50p   9.3   0.0  12.6   8.7  26.0   7:32p    SW
10  10.1  14.6  12:39p   6.7   4:46a   8.2   0.0   0.2   7.6  39.0   1:02p   WSW
11   8.1  12.3   2:03p   3.4   5:12a  10.2   0.0   1.2  10.6  39.0  10:58p    SW
12   6.8  10.1   2:18p   5.1   9:10a  11.4   0.0   0.8  10.5  34.0  12:41p   WSW
13   6.8  11.3   3:00p   4.6   9:47p  11.5   0.0   2.2   4.4  18.0   3:26p     S
14   9.8  11.4   1:52p   7.4   9:00a   8.4   0.0   2.2   9.2  34.0  12:17a   SSW
15   6.1   9.1   3:52p   3.3   6:23a  12.2   0.0   1.2   4.1  17.0  11:11a   WSW
16   8.3  11.3   2:38p   6.6   9:00a  10.0   0.0   0.0   6.3  19.0   7:40p    SW
17  10.9  12.4   4:37p   7.6   8:10a   7.4   0.0   1.2   8.9  28.0   4:52p   SSW
18   5.9   7.8   9:29a   4.3   6:25a  12.4   0.0   2.8   2.3  12.0  10:16a     N
19   5.2   6.4   4:01p   4.3   4:08a  13.1   0.0   0.4   3.8  18.0   8:06a   ENE
20   5.5   9.5   1:26p   2.7   2:20a  12.8   0.0   0.0   9.4  31.0   4:29p   ENE
21   4.7   9.6   1:09p   0.6   6:10a  13.6   0.0   0.0   7.2  26.0  12:01p     E
22   4.5  10.8   3:55p  -1.3   5:46a  13.8   0.0   0.0   4.6  18.0   9:38a   ENE
23   6.3  13.6   4:30p   0.4   5:32a  12.0   0.0   0.0   3.8  15.0  10:58a   ESE
24   9.8  16.6   4:40p   1.7   6:09a   8.5   0.0   0.0   4.7  18.0  12:59p   SSE
25   7.9  16.3   2:55p  -0.6   6:05a  10.4   0.0   0.0   2.1  11.0  12:28p   ESE
26   6.8  14.9   3:42p   0.4   5:36a  11.5   0.0   0.0   4.4  14.0   1:04p    NE
27   7.0  13.3   2:51p   2.7   3:25a  11.3   0.0   0.0   6.7  26.0   8:55a    NE
28   5.6  10.3   3:01p   1.9   6:19a  12.7   0.0   0.0   9.1  29.0   9:23a    NE
29   4.2   8.8   3:21p   0.4   5:35a  14.1   0.0   0.0   7.1  32.0  11:09a   NNE
30   6.1  10.1   1:37p   2.3   6:56a  12.2   0.0   1.0   4.8  21.0   2:19p   NNE
31   6.7  10.3   1:15p   4.3  12:27a  11.6   0.0   0.0   3.3  16.0  10:47a    NE
----------------------------------------------------------------------------------
     6.6  16.6    24    -1.8     5   361.1   0.0  32.4   6.0  39.0    10     SSW

Max >=  25.0:  0
Max <=   0.0:  0
Min <=   0.0:  4
Min <=  -2.0:  0
Max Rain: 12.6 on day 9
Days of Rain: 18 (>= 0.1 mm)  11 (>= 1.0 mm)  1 (>= 10.0 mm)
Heat Base: 18.3  Cool Base: 18.3  Method: Integration
:now::gauges::real time::current records::monthly records::all-time records::noaa report::trends::station::forum: