tamworth weather

 Latitude N 52 38' 53"    Longitude W 01 41' 24"    Elevation 84 m

NOAA Style Reports

The comparative data used are the 30-year (1971-2000) monthly averages from the Met Office Coleshill station, 11 miles due south of Tamworth.


Report for 2019 Nov
                   Monthly Climatological Summary for Nov 2019

Name: Tamworth Weather   City: Tamworth   County: Staffordshire   Country: UK
Elevation: 84 m  Lat: N 52 38' 52"   Lon: W 001 41' 23"

                  Temperature (C), Rain (mm), Wind Speed (mph)

                                      Heat  Cool        Avg
    Mean                              Deg   Deg         Wind                 Dom
Day Temp  High   Time   Low    Time   Days  Days  Rain  Speed High   Time    Dir
----------------------------------------------------------------------------------
 1  12.2  14.3   2:06p   8.3   8:12a   6.1   0.0   2.4   6.1  22.0   3:44a     S
 2   8.8  10.7   2:29p   7.9   9:42a   9.5   0.0   5.2   3.0  18.0  11:41a    SW
 3   8.8  11.3   1:39p   7.7  10:04a   9.5   0.0   2.4   2.3  10.0  10:02a   SSW
 4   8.3  11.2  12:17p   6.2   9:37p  10.0   0.0   0.4   2.3  10.0   4:55p   NNE
 5   6.4  10.2   1:00p   2.2   5:54a  11.9   0.0   0.6   4.0  20.0  12:43p     N
 6   6.0   7.2   1:26p   3.9   9:00a  12.3   0.0   9.8   2.6  11.0   6:29p    SE
 7   6.3   7.6   1:25p   5.3   9:00a  12.0   0.0   3.2   3.5  19.0   4:30a   NNW
 8   4.0   9.3  12:35p  -0.9   7:01a  14.3   0.0   0.4   3.1  17.0  10:27a   NNW
 9   3.4   4.2   2:40a  -0.5   9:00a  14.9   0.0  10.0   5.2  21.0   9:22p    NE
10   6.3  10.3  11:32a   4.1   9:00a  12.0   0.0   6.6   3.5  20.0   8:59a   SSW
11   5.5   8.4  12:30p   3.2   6:34a  12.8   0.0   0.2   7.7  26.0   1:04p   WSW
12   6.0   7.9   5:28p   3.9   5:34a  12.3   0.0   0.6   5.2  24.0  10:05a     W
13   5.5   8.3   1:34p   3.6   6:43p  12.7   0.0   1.0   6.8  24.0   6:47a   ENE
14   4.1   5.8   8:50a   2.4   4:41p  14.2   0.0  29.0   6.9  29.0  11:38a   NNE
15   6.7   7.9   1:02p   5.8   9:00a  11.5   0.0   1.0   6.0  22.0   2:14p     N
16   7.0   8.0   1:54p   6.2   7:43a  11.3   0.0   1.2   1.4   6.0  12:15p   WSW
17   5.2   8.2   1:36p   1.7   7:32a  13.1   0.0   0.6   4.1  18.0   2:11p     N
18   2.7   8.4   2:15p  -1.2   3:33a  15.6   0.0   0.2   1.6  12.0   2:32p    NW
19   5.0   6.2   2:03p   1.3   9:00a  13.3   0.0   0.0   3.5  15.0   3:22a    SE
20   3.8   7.1  12:27p   1.8   9:18p  14.5   0.0   0.0   5.6  22.0  12:50p   ESE
21   4.8   6.2   7:13a   3.4   9:00a  13.5   0.0   3.2   6.4  19.0   8:24p     E
22   7.4   8.0   8:21a   6.2   9:00a  10.9   0.0   1.6   7.4  19.0   5:32p     E
23   8.0   8.9   1:31p   6.3   6:07a  10.3   0.0   4.8   3.3  14.0   9:02a   ENE
24   8.6   9.5  12:44a   6.7   9:00a   9.7   0.0   0.4   3.6  15.0   8:42a    SE
25   9.7  10.7   1:41p   8.3   6:36a   8.6   0.0   4.8   4.3  16.0   8:01a   SSE
26   9.5  12.8   2:06p   7.8  10:33p   8.8   0.0   1.2   4.4  18.0   9:10a    SE
27   8.2   9.0  12:04p   7.6   1:50a  10.1   0.0   2.0   5.3  18.0   2:41a    NW
28   4.9   9.7  12:30p   0.3   8:02a  13.4   0.0   2.4   3.1  17.0   4:25p     N
29   1.1   7.9  12:46p  -3.7   7:33a  17.2   0.0   0.0   0.6   6.0  12:32p    NW
30   0.7   1.7  12:33a  -1.6   9:00a  17.6   0.0   0.4   2.4   9.0   4:39a    NE
----------------------------------------------------------------------------------
     6.2  14.3     1    -3.7    29   363.9   0.0  95.6   4.2  29.0    14     ENE

Max >=  25.0:  0
Max <=   0.0:  0
Min <=   0.0:  5
Min <=  -2.0:  1
Max Rain: 29.0 on day 14
Days of Rain: 27 (>= 0.1 mm)  18 (>= 1.0 mm)  2 (>= 10.0 mm)
Heat Base: 18.3  Cool Base: 18.3  Method: Integration
:now::gauges::real time::current records::monthly records::all-time records::noaa report::trends::station::forum: