tamworth weather

 Latitude N 52 38' 53"    Longitude W 01 41' 24"    Elevation 84 m

NOAA Style Reports

The comparative data used are the 30-year (1971-2000) monthly averages from the Met Office Coleshill station, 11 miles due south of Tamworth.


Report for 2019 Sep
                   Monthly Climatological Summary for Sep 2019

Name: Tamworth Weather   City: Tamworth   County: Staffordshire   Country: UK
Elevation: 84 m  Lat: N 52 38' 52"   Lon: W 001 41' 23"

                  Temperature (C), Rain (mm), Wind Speed (mph)

                                      Heat  Cool        Avg
    Mean                              Deg   Deg         Wind                 Dom
Day Temp  High   Time   Low    Time   Days  Days  Rain  Speed High   Time    Dir
----------------------------------------------------------------------------------
 1  13.8  18.3   1:53p  10.6  12:28a   4.5   0.0   0.0   5.1  22.0   2:05p     W
 2  15.7  18.6   2:20p  13.6   3:14a   2.6   0.0   0.0   5.6  22.0   5:48p   WSW
 3  16.7  19.9   3:16p  11.9   8:25a   1.8   0.2   4.0   6.2  23.0   7:55a    SW
 4  13.7  17.7   1:52p   9.4   6:37a   4.6   0.0   0.4   7.8  27.0   4:45p   WNW
 5  13.8  17.8   4:17p  11.2   4:45a   4.5   0.0   0.0   5.9  23.0  12:58p   WSW
 6  13.7  18.2   5:02p  11.4  12:39a   4.6   0.0   0.6   5.0  22.0   4:00p   WNW
 7  12.0  18.8   3:44p   5.0   6:25a   6.3   0.0   0.0   2.1  14.0   3:09p   NNE
 8  14.2  20.2   3:30p  10.9   8:24a   4.1   0.0   2.6   2.3  10.0   4:20a   SSW
 9  12.5  14.7   4:15p  10.3   2:23a   5.8   0.0   0.6   2.4  14.0  12:46p     S
10  15.2  18.3   5:47p  13.1   3:35a   3.1   0.0   0.0   5.3  18.0   3:15a   WSW
11  16.5  22.0   2:01p  12.1   6:01a   2.6   0.8   0.2   5.8  31.0   2:15p   WSW
12  15.6  21.9   3:37p   9.0   6:49a   3.4   0.8   0.6   5.4  24.0  12:14p   WSW
----------------------------------------------------------------------------------
    14.5  22.0    11     5.0     7    47.9   1.8   9.0   4.9  31.0    11     WSW

Max >=  25.0:  0
Max <=   0.0:  0
Min <=   0.0:  0
Min <=  -2.0:  0
Max Rain: 4.0 on day 3
Days of Rain: 7 (>= 0.1 mm)  2 (>= 1.0 mm)  0 (>= 10.0 mm)
Heat Base: 18.3  Cool Base: 18.3  Method: Integration
:now::gauges::real time::current records::monthly records::all-time records::noaa report::trends::station::forum: