tamworth weather

 Latitude N 52 38' 53"    Longitude W 01 41' 24"    Elevation 84 m

NOAA Style Reports

The comparative data used are the 30-year (1971-2000) monthly averages from the Met Office Coleshill station, 11 miles due south of Tamworth.


Report for 2019 Jul
                   Monthly Climatological Summary for Jul 2019

Name: Tamworth Weather   City: Tamworth   County: Staffordshire   Country: UK
Elevation: 84 m  Lat: N 52 38' 52"   Lon: W 001 41' 23"

                  Temperature (C), Rain (mm), Wind Speed (mph)

                                      Heat  Cool        Avg
    Mean                              Deg   Deg         Wind                 Dom
Day Temp  High   Time   Low    Time   Days  Days  Rain  Speed High   Time    Dir
----------------------------------------------------------------------------------
 1  14.8  20.3   3:30p   9.3   4:47a   3.7   0.2   0.0   5.8  21.0   3:54p   WNW
 2  15.0  19.9   1:52p   9.2   5:04a   3.5   0.2   0.0   3.6  15.0   1:21p    NW
 3  17.5  24.3   4:07p  11.3   5:12a   2.2   1.4   0.0   1.6  10.0  12:44p   NNE
 4  19.1  25.7   4:22p  13.4   6:00a   1.2   2.1   0.0   3.8  15.0  12:33p   WNW
 5  19.1  25.7   5:57p  14.4   4:32a   1.4   2.2   0.0   3.6  18.0   7:50p   WNW
 6  14.8  17.9   6:37p  10.8   1:34a   3.5   0.0   1.4   2.5  11.0  10:08a    NW
 7  16.1  22.1   5:41p   9.9   5:04a   3.0   0.8   0.0   2.6  15.0  11:28p   ENE
 8  16.4  20.6   4:30p  13.2   5:04a   2.3   0.3   0.0   2.8  12.0   9:00p     E
 9  18.7  22.5   1:01p  16.1   6:17a   0.7   1.1   0.0   1.6  10.0  12:15p    NW
10  18.3  21.8   4:46p  15.1   5:34a   0.9   0.9   0.2   3.5  16.0  10:19a   WSW
11  17.8  21.9   2:25p  14.4   5:11a   1.4   0.8   6.0   4.2  18.0   9:55a     W
12  17.1  22.0   4:46p  12.9   4:39a   2.0   0.7   0.0   6.5  25.0   1:48p    NW
13  16.3  21.3   6:01p  12.2   4:43a   2.5   0.5   0.0   3.4  14.0   8:22p   NNW
14  15.2  20.8   2:40p   9.7   5:09a   3.4   0.4   0.0   2.4  13.0   3:09p   ENE
15  17.9  24.9   5:35p  13.2   5:01a   1.7   1.3   0.0   2.0  10.0   6:32p   SSE
16  19.4  24.5   4:38p  14.2   5:42a   1.0   2.1   0.0   1.1   9.0  11:01a     W
17  18.3  22.8   5:05p  14.3   8:21a   1.2   1.2   0.2   4.3  15.0   1:01p    SW
18  16.7  21.4   2:45p  12.1   4:39a   2.2   0.7   0.0   4.5  19.0   2:45p   WSW
19  16.7  19.6   4:36p  14.3  10:53a   1.7   0.1   4.2   5.9  22.0   9:49a     S
20  17.3  22.3   3:00p  13.8   5:02a   1.5   0.5   0.2   5.4  25.0   1:43p   WSW
21  19.5  21.5   4:21p  17.7   1:55a   0.1   1.3   0.0   7.2  21.0  10:05p   SSW
22  21.1  26.5   4:04p  15.5   5:45a   0.4   3.2   0.0   4.3  21.0  12:18p   WSW
----------------------------------------------------------------------------------
    17.4  26.5    22     9.2     2    41.5  22.0  12.2   3.8  25.0    12       W

Max >=  25.0:  3
Max <=   0.0:  0
Min <=   0.0:  0
Min <=  -2.0:  0
Max Rain: 6.0 on day 11
Days of Rain: 6 (>= 0.1 mm)  3 (>= 1.0 mm)  0 (>= 10.0 mm)
Heat Base: 18.3  Cool Base: 18.3  Method: Integration
:now::gauges::real time::current records::monthly records::all-time records::noaa report::trends::station::forum: