tamworth weather

 Latitude N 52 38' 53"    Longitude W 01 41' 24"    Elevation 84 m

NOAA Style Reports

The comparative data used are the 30-year (1971-2000) monthly averages from the Met Office Coleshill station, 11 miles due south of Tamworth.


Report for 2019 May
                   Monthly Climatological Summary for May 2019

Name: Tamworth Weather   City: Tamworth   County: Staffordshire   Country: UK
Elevation: 84 m  Lat: N 52 38' 52"   Lon: W 001 41' 23"

                  Temperature (C), Rain (mm), Wind Speed (mph)

                                      Heat  Cool        Avg
    Mean                              Deg   Deg         Wind                 Dom
Day Temp  High   Time   Low    Time   Days  Days  Rain  Speed High   Time    Dir
----------------------------------------------------------------------------------
 1  11.7  17.1   1:37p   5.8   5:53a   6.6   0.0   0.0   3.7  15.0   8:05a   WNW
 2   9.9  13.6   5:58p   7.3   4:19a   8.4   0.0   1.8   3.2  17.0   2:53p    NW
 3   6.8  12.2   1:28p   3.1   4:36a  11.5   0.0   3.0   3.7  20.0   8:00p     N
 4   7.8  13.9   3:22p   3.1   5:40a  10.5   0.0   0.0   4.6  21.0   3:23p     N
 5   8.1  12.1   2:59p   4.6   1:35a  10.2   0.0   0.0   3.7  17.0   7:41p   WNW
 6   8.8  13.2   3:02p   5.8   3:51a   9.4   0.0   0.0   2.1  13.0  10:20a    NW
 7   9.6  13.2  11:51a   6.7   5:25a   8.7   0.0   5.0   4.5  20.0   6:59a     E
 8   8.5  10.7   3:33p   7.1   4:58a   9.8   0.0   5.8   2.8  15.0  10:03a    NE
 9   7.4  10.4   3:43p   5.8   4:32a  10.9   0.0   1.2   2.4  11.0  10:06a    NE
10   8.6  14.7   1:50p   4.4   5:41a   9.7   0.0   1.4   2.4  20.0   2:37p    NE
11   9.5  16.5   3:27p   2.9   5:28a   8.8   0.0   1.2   2.3  14.0   3:43p   NNW
12  12.0  18.8   2:01p   5.2   5:25a   6.3   0.0   0.0   2.4  13.0   4:07p   ESE
13  12.8  17.9   2:48p   6.1   5:08a   5.5   0.0   0.0   2.4  14.0   1:43p     E
14  13.4  18.7   4:01p   6.7   5:19a   4.9   0.0   0.0   3.5  16.0   1:15p     E
15  12.7  19.3   4:58p   5.2   5:21a   5.6   0.0   0.0   3.9  14.0   9:00a   ENE
16  12.2  17.0   2:40p   7.8   1:46a   6.1   0.0   0.2   6.7  22.0   2:05p   ENE
17  12.1  16.7   2:38p   9.8   4:52a   6.2   0.0   0.2   3.9  19.0  12:51p    NE
18  12.9  16.4   5:32p  10.1   5:30a   5.4   0.0   0.0   1.4   9.0   3:28p   NNE
19  13.1  18.3   3:33p   8.2   4:40a   5.2   0.0   0.0   3.1  13.0   4:21p    NW
20  13.5  20.6   4:27p   7.8   4:40a   4.9   0.1   0.0   4.4  16.0   7:29a    NW
----------------------------------------------------------------------------------
    10.6  20.6    20     2.9    11   154.6   0.1  19.8   3.4  22.0    16     NNE

Max >=  25.0:  0
Max <=   0.0:  0
Min <=   0.0:  0
Min <=  -2.0:  0
Max Rain: 5.8 on day 8
Days of Rain: 9 (>= 0.1 mm)  7 (>= 1.0 mm)  0 (>= 10.0 mm)
Heat Base: 18.3  Cool Base: 18.3  Method: Integration
:now::gauges::real time::current records::monthly records::all-time records::noaa report::trends::station::forum: