tamworth weather

 Latitude N 52 38' 53"    Longitude W 01 41' 24"    Elevation 84 m

NOAA Style Reports

The comparative data used are the 30-year (1971-2000) monthly averages from the Met Office Coleshill station, 11 miles due south of Tamworth.


Report for 2019 Apr
                   Monthly Climatological Summary for Apr 2019

Name: Tamworth Weather   City: Tamworth   County: Staffordshire   Country: UK
Elevation: 84 m  Lat: N 52 38' 52"   Lon: W 001 41' 23"

                  Temperature (C), Rain (mm), Wind Speed (mph)

                                      Heat  Cool        Avg
    Mean                              Deg   Deg         Wind                 Dom
Day Temp  High   Time   Low    Time   Days  Days  Rain  Speed High   Time    Dir
----------------------------------------------------------------------------------
 1   8.4  13.3   4:33p   4.8   7:31a   9.9   0.0   2.2   3.6  15.0   5:46a   ESE
 2   3.9   9.9   2:41p   0.8   3:19a  14.4   0.0   0.4   3.5  21.0   3:01p   WNW
 3   3.1  10.1   1:06p  -0.1   6:15a  15.2   0.0   0.4   3.6  18.0   8:44a   ESE
 4   5.4   8.4   9:46a   2.8  10:00a  12.9   0.0   3.4   8.6  29.0   1:19p   ESE
 5   7.6  11.8   2:55p   2.5   6:52a  10.7   0.0   0.2   5.7  22.0  10:46a     E
 6   8.5  12.6   2:44p   6.4  10:00a   9.8   0.0   0.0   5.2  16.0   2:22p   ENE
 7   9.4  13.1   4:01p   7.3   6:35a   8.9   0.0   0.0   5.0  17.0   8:32a   ENE
 8   9.9  15.6   3:15p   6.7   4:45a   8.4   0.0   1.4   8.1  24.0   9:22a   ENE
 9   5.9  11.1   2:35p   0.7   5:14a  12.4   0.0   0.0   6.4  26.0  10:17a   ENE
10   4.8  11.7   3:44p  -1.1   6:44a  13.5   0.0   0.0   4.4  19.0  12:25p   ENE
11   5.3  11.9   5:35p  -0.9   6:18a  13.0   0.0   0.0   2.5  15.0  12:49p   ENE
12   5.3   9.4   3:45p  -0.8   6:14a  13.0   0.0   0.0   4.6  16.0   3:59p   ENE
13   4.0   9.4   2:07p  -1.4   5:48a  14.3   0.0   0.0   5.2  22.0   2:27p   ENE
14   5.6   8.6   9:57a   2.3   1:47a  12.6   0.0   0.0   7.3  23.0   9:42a     E
15   8.9  13.4   3:07p   5.2   5:41a   9.4   0.0   0.0   6.1  26.0   2:39p     E
16  10.3  14.7   5:02p   7.1   2:28a   8.0   0.0   0.0   3.2  11.0   8:02p    NE
17  11.9  18.4   4:18p   6.4   4:32a   6.4   0.0   0.0   4.6  16.0   6:02p   ENE
18  12.4  19.4   3:39p   6.5   6:16a   5.9   0.1   0.0   3.8  15.0  12:46p   ENE
19  14.2  22.7   5:31p   6.0   6:09a   4.9   0.8   0.0   2.5  13.0  12:30p   ENE
----------------------------------------------------------------------------------
     7.6  22.7    19    -1.4    13   203.6   0.9   8.0   4.9  29.0     4     ENE

Max >=  25.0:  0
Max <=   0.0:  0
Min <=   0.0:  5
Min <=  -2.0:  0
Max Rain: 3.4 on day 4
Days of Rain: 6 (>= 0.1 mm)  3 (>= 1.0 mm)  0 (>= 10.0 mm)
Heat Base: 18.3  Cool Base: 18.3  Method: Integration
:now::gauges::real time::current records::monthly records::all-time records::noaa report::trends::station::forum: