tamworth weather

 Latitude N 52 38' 53"    Longitude W 01 41' 24"    Elevation 84 m

NOAA Style Reports

The comparative data used are the 30-year (1971-2000) monthly averages from the Met Office Coleshill station, 11 miles due south of Tamworth.


Report for 2018 Dec
                   Monthly Climatological Summary for Dec 2018

Name: Tamworth Weather   City: Tamworth   County: Staffordshire   Country: UK
Elevation: 84 m  Lat: N 52 38' 52"   Lon: W 001 41' 23"

                  Temperature (C), Rain (mm), Wind Speed (mph)

                                      Heat  Cool        Avg
    Mean                              Deg   Deg         Wind                 Dom
Day Temp  High   Time   Low    Time   Days  Days  Rain  Speed High   Time    Dir
----------------------------------------------------------------------------------
 1  10.7  12.3   6:26a   7.7   9:00a   7.6   0.0   1.4   5.6  21.0   6:38p   SSW
 2  11.6  13.3   2:21p   9.2   8:05a   6.7   0.0   4.0   7.0  23.0   1:11p    SW
 3   5.4  11.2  11:42a   1.4   8:20a  12.9   0.0   1.4   3.1  23.0  11:50a   WNW
 4   4.8   6.3   8:54a   2.9   9:00a  13.5   0.0   2.4   2.3  15.0   6:16a    SE
 5  10.3  11.4   4:25p   6.3   9:00a   8.0   0.0   1.4   4.2  15.0   1:22p   SSW
 6  12.0  13.0   6:07p   9.3   8:58a   6.3   0.0   4.0   7.7  30.0   8:16a   SSW
 7   7.8   9.4   9:01a   5.5   6:10p  10.5   0.0   0.4  10.4  37.0   2:33a   WSW
 8   8.8  11.4   3:13p   7.2   8:50a   9.4   0.0   3.6  10.5  33.0   2:07p     W
 9   7.1   9.9  12:45p   5.8   5:59a  11.2   0.0   0.4   5.9  28.0   2:03p   WNW
10   6.0   8.2   1:15p   3.0   5:53a  12.3   0.0   0.0   2.2  15.0  10:48a     W
11   5.8   8.8   1:24p   2.9   9:05a  12.5   0.0   0.0   2.6  11.0   5:15a    SE
12   3.2   6.8  12:46p   0.3   6:57a  15.1   0.0   0.0   5.4  17.0   2:19a   ESE
13   1.2   4.8   2:20p  -0.8  10:59p  17.1   0.0   0.0   2.9  22.0   2:16p     E
14   1.2   3.7  11:52a  -0.7   6:45p  17.1   0.0   0.0   4.7  23.0   7:04a    SE
15   4.2   8.2   9:51p   1.0   9:00a  14.0   0.0   4.4   7.7  34.0   4:15p   SSE
16   5.2   6.2   6:11p   3.2   7:34a  13.1   0.0   2.0   3.3  16.0  11:43p   SSW
17   8.2  10.2   7:03a   3.6   9:00a  10.1   0.0   0.0   7.3  32.0   6:55a   SSE
18   6.6   9.7   9:00a   4.4   3:21a  11.7   0.0  10.0   5.9  30.0  11:09a   SSE
19   6.4   8.7   1:12p   5.2   5:10a  11.9   0.0   0.6   5.9  17.0  12:13p     S
20   7.6  10.4   8:53a   6.6   9:00a  10.7   0.0   3.8   5.0  21.0  12:12p   SSW
21   8.6  10.4   9:00a   6.9   8:12a   9.7   0.0   7.4   6.0  28.0  12:21p   WSW
22   7.3  10.3   1:11p   5.4   1:28a  11.0   0.0   4.2   4.2  20.0  12:44p    SW
23   4.6   6.8  10:43a   1.2   8:44a  13.5   0.0   1.6   1.7  10.0   1:58p   NNE
24   3.5   6.4   2:57p   0.8  10:12p  14.8   0.0   0.2   1.8  10.0   8:19a     S
25   7.6   8.5   8:44a   4.4   9:00a  10.7   0.0   0.0   3.7  10.0  10:49p     S
26   8.5  10.1  12:21p   7.5   8:34a   9.8   0.0   0.0   2.8  13.0  11:10a   SSW
27   8.1   8.8   2:38p   7.5   9:00a  10.2   0.0   0.2   1.3   7.0   6:22a     W
28   9.5  10.8   8:35a   8.1   9:00a   8.8   0.0   0.0   3.8  17.0   3:48a    SW
29   9.0  12.6  12:04p   5.9   9:59p   9.3   0.0   0.0   4.0  20.0   1:21p     W
30  10.0  11.7  12:56p   8.2   8:44a   8.3   0.0   0.0   4.2  18.0  10:24a     W
31   8.6   9.2   1:00p   7.9   3:10a   9.7   0.0   0.0   4.7  17.0   2:10p     W
----------------------------------------------------------------------------------
     7.1  13.3     2    -0.8    13   347.5   0.0  53.4   4.8  37.0     7     SSW

Max >=  25.0:  0
Max <=   0.0:  0
Min <=   0.0:  2
Min <=  -2.0:  0
Max Rain: 10.0 on day 18
Days of Rain: 19 (>= 0.1 mm)  14 (>= 1.0 mm)  1 (>= 10.0 mm)
Heat Base: 18.3  Cool Base: 18.3  Method: Integration
:now::gauges::real time::current records::monthly records::all-time records::noaa report::trends::station::forum: