tamworth weather

 Latitude N 52 38' 53"    Longitude W 01 41' 24"    Elevation 84 m

NOAA Style Reports

The comparative data used are the 30-year (1971-2000) monthly averages from the Met Office Coleshill station, 11 miles due south of Tamworth.


Report for 2018 Nov
                   Monthly Climatological Summary for Nov 2018

Name: Tamworth Weather   City: Tamworth   County: Staffordshire   Country: UK
Elevation: 84 m  Lat: N 52 38' 52"   Lon: W 001 41' 23"

                  Temperature (C), Rain (mm), Wind Speed (mph)

                                      Heat  Cool        Avg
    Mean                              Deg   Deg         Wind                 Dom
Day Temp  High   Time   Low    Time   Days  Days  Rain  Speed High   Time    Dir
----------------------------------------------------------------------------------
 1   5.5  10.2  12:56p   2.1   3:52a  12.8   0.0   0.2   3.3  14.0  11:35a   WNW
 2   7.7  11.5   2:33p   5.4   9:02a  10.6   0.0   0.0   4.4  17.0   5:25a   SSW
 3  11.0  13.0   2:32p   9.4   2:04a   7.3   0.0   0.0   8.3  25.0   2:40p     S
 4   9.2  11.3   1:23p   7.1   4:28a   9.1   0.0   0.2   3.6  12.0  11:59a   ESE
 5  10.6  13.7   2:12p   8.3   9:00a   7.7   0.0   0.0   2.7  14.0   3:52a   ESE
 6  12.7  14.6   1:49p  11.1   6:11a   5.6   0.0   1.0   8.0  27.0   6:33a    SE
 7   8.9  13.6  10:46a   5.3   3:38a   9.4   0.0   8.0   5.6  25.0  10:54a     S
 8   9.1  11.8   2:01p   6.2   3:47a   9.2   0.0   2.6   5.9  18.0   1:35p    SE
 9   9.6  11.6   1:02p   7.1   7:17a   8.7   0.0   3.8   7.3  28.0   6:49p   SSE
10   8.8  12.3   1:33p   6.1   4:28a   9.5   0.0   0.8   4.9  17.0   1:09p   SSE
11   8.6  11.7  12:32p   6.6   1:25a   9.7   0.0   0.0   5.3  22.0  11:01a     S
12   9.5  13.2   2:14p   7.3   3:40a   8.8   0.0   0.0   7.3  27.0   2:03p   SSW
13  10.8  12.8   2:18p   8.6   9:00a   7.5   0.0   0.0   6.8  23.0   4:05a   SSW
14  10.6  13.8  11:25a   7.4   6:51a   7.7   0.0   0.0   5.7  26.0  10:42a     S
15  12.4  14.3   2:33p  10.3   9:00a   5.9   0.0   0.0   3.1  18.0  11:17a   SSE
16   9.6  12.3  12:29p   6.6   8:50a   8.7   0.0   0.2   4.8  14.0   2:47a     E
17   5.9   9.1   1:16p   2.8   2:53a  12.4   0.0   0.2   4.5  15.0   1:27p   ENE
18   6.3  10.3   2:29p   3.1  10:54p  12.0   0.0   0.0   5.3  18.0  12:13p   ENE
19   5.0   8.3  10:59a   2.3   8:04a  13.3   0.0   2.4   6.3  21.0   7:41p    NE
20   3.4   5.2  10:15a   2.2   1:35a  14.9   0.0   1.8   5.6  23.0   1:49p   ENE
21   1.3   5.9   3:03p  -2.7   6:11a  17.0   0.0   0.2   3.0  16.0   1:27p     E
22   2.8   3.9   8:54a  -1.3   9:00a  15.5   0.0   0.2   1.3   9.0   7:17a    NE
23   5.9   7.1   8:53a   3.9   9:00a  12.4   0.0   0.2   4.6  17.0   7:11a   ENE
24   6.0   8.3  12:42p   3.9   2:45a  12.3   0.0   0.0   4.3  21.0  10:04a    NE
25   5.1   7.9   2:42p   4.0   5:17a  13.2   0.0   0.4   2.1  10.0  11:30a   NNE
26   4.8   9.4  11:32a   0.9   7:30a  13.3   0.0   0.0   2.3  13.0   8:51a    NE
27   6.5  11.6   8:54a   1.8   9:00a  11.8   0.0   5.6   5.9  24.0   3:53p    SE
28  12.0  14.4   2:46p   9.1   1:15a   6.3   0.0   3.2  10.1  42.0   4:12p     S
29   9.0  13.4   9:59a   6.4   4:49a   9.3   0.0   1.2   9.3  39.0   9:53a   SSW
30   7.3   9.6  11:58a   5.4  10:49p  11.0   0.0   0.2   5.4  21.0  12:18p   SSW
----------------------------------------------------------------------------------
     7.9  14.6     6    -2.7    21   312.9   0.0  32.4   5.2  42.0    28     SSE

Max >=  25.0:  0
Max <=   0.0:  0
Min <=   0.0:  2
Min <=  -2.0:  1
Max Rain: 8.0 on day 7
Days of Rain: 19 (>= 0.1 mm)  9 (>= 1.0 mm)  0 (>= 10.0 mm)
Heat Base: 18.3  Cool Base: 18.3  Method: Integration
:now::gauges::real time::current records::monthly records::all-time records::noaa report::trends::station::forum: