tamworth weather

 Latitude N 52 38' 53"    Longitude W 01 41' 24"    Elevation 84 m

NOAA Style Reports

The comparative data used are the 30-year (1971-2000) monthly averages from the Met Office Coleshill station, 11 miles due south of Tamworth.


Report for 2018 Jul
                   Monthly Climatological Summary for Jul 2018

Name: Tamworth Weather   City: Tamworth   County: Staffordshire   Country: UK
Elevation: 84 m  Lat: N 52 38' 52"   Lon: W 001 41' 23"

                  Temperature (C), Rain (mm), Wind Speed (mph)

                                      Heat  Cool        Avg
    Mean                              Deg   Deg         Wind                 Dom
Day Temp  High   Time   Low    Time   Days  Days  Rain  Speed High   Time    Dir
----------------------------------------------------------------------------------
 1  21.2  30.0   4:37p  13.5   5:00a   0.9   3.8   0.0   4.7  16.0  12:27p    NE
 2  19.5  27.9   3:32p  10.9   4:29a   2.0   3.2   0.0   7.0  23.0   4:48p   ENE
 3  17.6  23.8   2:23p  11.0   4:12a   2.6   1.9   0.0   5.4  25.0   1:19p   ENE
 4  21.1  28.1   5:03p  15.6   5:11a   0.4   3.2   0.0   2.6  12.0   9:35a     E
 5  22.1  31.6   4:34p  13.6   5:14a   1.0   4.8   0.0   4.4  18.0   2:30p    NW
 6  22.2  29.3   4:34p  15.0   5:13a   0.5   4.4   0.0   3.3  14.0   2:52p   WNW
 7  23.0  30.9   4:35p  16.2   5:04a   0.2   4.9   0.0   3.6  18.0   1:29p    NW
 8  24.3  31.6   4:08p  17.1   5:26a   0.1   6.1   0.0   3.6  15.0   2:15p   NNW
 9  19.9  27.4  12:56p  14.3   5:37a   1.1   2.8   0.0   4.4  16.0   7:40p    NE
10  18.5  25.8   4:02p  12.1   4:59a   1.9   2.1   0.0   3.4  17.0  11:03a    NE
11  18.7  25.7   1:17p  12.7   5:28a   1.8   2.3   0.0   3.5  11.0  12:43p   ENE
12  17.9  25.3   5:07p  13.3   4:58a   1.9   1.5   0.0   3.7  14.0   9:53a     E
13  19.0  25.8   2:47p  15.0   5:35a   0.9   1.6   0.0   2.4  16.0   6:17p   ENE
14  21.0  26.7   3:45p  15.1   5:12a   0.7   3.4   0.0   3.4  15.0   1:55p   WSW
15  21.6  27.5   4:47p  15.7   5:08a   0.4   3.6   0.0   2.9  14.0   5:26p   WSW
16  19.1  26.3   4:04p  12.4   5:12a   1.7   2.5   0.0   4.5  19.0   6:36p   WSW
17  17.7  22.5   5:05p  13.2   5:25a   1.3   0.8   0.0   2.7  14.0   5:02p     W
18  18.8  22.9   3:14p  13.8   5:03a   1.1   1.6   0.0   2.2  13.0  12:45p    SW
19  20.0  27.2   5:36p  13.3   5:37a   1.3   3.0   0.0   2.2  14.0  12:21p   WNW
20  17.8  26.4   1:02p  12.3   6:46a   1.9   1.5   0.2   2.4  17.0   5:31p    NW
21  19.4  24.5   4:13p  15.4   4:10a   0.9   2.1   0.0   3.2  13.0   3:53p   WNW
22  22.1  29.2   5:13p  17.5   5:07a   0.1   3.9   0.0   2.4  14.0  12:45p    NW
23  23.0  28.9   1:50p  17.4   6:32a   0.1   4.8   0.0   4.2  16.0   4:17p    SW
24  19.8  26.9   2:49p  13.1   5:28a   1.3   2.9   0.0   3.4  16.0  10:55a   WNW
25  20.9  26.4   5:47p  15.3   5:37a   0.5   3.1   0.0   1.6  11.0   2:25p   SSW
26  24.5  31.6   5:19p  17.1   6:22a   0.1   6.3   0.0   4.1  22.0   5:09p     S
27  22.3  28.0   2:46p  15.6   7:40a   0.4   4.3   0.8   6.7  28.0   9:07a     S
28  15.0  18.9   2:06p  13.1   9:31p   3.3   0.0   3.0   8.5  31.0   1:55p     S
29  16.7  19.9   6:34p  13.3   3:24a   1.9   0.3   2.2   5.9  27.0  10:22a     S
30  18.3  22.5   2:44p  13.1   6:49a   1.3   1.2   5.6   4.8  28.0   4:58p   SSW
31  17.9  22.7   6:06p  12.7   5:30a   1.6   1.2   0.0   4.8  19.0   2:04p    SW
----------------------------------------------------------------------------------
    20.0  31.6     5    10.9     2    35.2  89.1  11.8   3.9  31.0    28      SW

Max >=  25.0: 23
Max <=   0.0:  0
Min <=   0.0:  0
Min <=  -2.0:  0
Max Rain: 5.6 on day 30
Days of Rain: 5 (>= 0.1 mm)  3 (>= 1.0 mm)  0 (>= 10.0 mm)
Heat Base: 18.3  Cool Base: 18.3  Method: Integration
:now::gauges::real time::current records::monthly records::all-time records::noaa report::trends::station::forum: