tamworth weather

 Latitude N 52 38' 53"    Longitude W 01 41' 24"    Elevation 84 m

NOAA Style Reports

The comparative data used are the 30-year (1971-2000) monthly averages from the Met Office Coleshill station, 11 miles due south of Tamworth.


Report for 2018 May
                   Monthly Climatological Summary for May 2018

Name: Tamworth Weather   City: Tamworth   County: Staffordshire   Country: UK
Elevation: 84 m  Lat: N 52 38' 52"   Lon: W 001 41' 23"

                  Temperature (C), Rain (mm), Wind Speed (mph)

                                      Heat  Cool        Avg
    Mean                              Deg   Deg         Wind                 Dom
Day Temp  High   Time   Low    Time   Days  Days  Rain  Speed High   Time    Dir
----------------------------------------------------------------------------------
 1  10.2  14.1   4:50p   7.9   1:11a   8.1   0.0   4.2   9.4  29.0   2:41a   SSW
 2   9.0  12.7   5:05p   5.6   5:49a   9.3   0.0   1.6   5.6  21.0   3:44p     W
 3  11.9  15.2   2:07p   9.8  12:33a   6.4   0.0   0.0   3.9  15.0   3:43p    SW
 4  13.4  16.9   4:01p   8.8   5:47a   4.9   0.0   0.0   2.4  11.0   2:08p    SW
 5  16.6  22.8   5:39p   9.4   5:13a   2.7   1.0   0.0   1.9  14.0  12:37p   SSE
 6  17.9  24.2   4:26p  10.3   5:42a   2.3   1.9   0.0   2.1  13.0  11:53a   ESE
 7  20.1  26.9   4:01p  13.7   6:12a   1.2   3.0   0.0   2.6  12.0   4:22p   SSE
 8  14.4  22.7   2:59p   8.1   5:27a   4.6   0.8   0.2   3.8  21.0   3:53p   WSW
 9  12.1  16.9   1:04p   7.4   6:23a   6.2   0.0   1.6   4.9  19.0   9:29a   WSW
10  11.6  16.8   4:28p   5.9   4:22a   6.7   0.0   0.0   4.6  22.0  11:31a   WSW
11  11.8  15.6   2:20p   6.3   6:12a   6.5   0.0   1.2   5.6  23.0  11:11a   SSE
12  11.4  15.1   3:07p   7.7   6:31a   6.9   0.0   0.4   2.1  13.0   3:42p    SE
13  13.0  19.7   5:49p   6.3   5:30a   5.4   0.1   0.0   3.1  12.0   2:51p    NW
14  15.3  23.0   5:02p   8.1   5:21a   4.0   1.1   0.0   3.6  16.0  12:45p    NW
15  16.4  24.1   3:28p  12.1   7:33a   3.0   1.1   0.0   5.2  23.0   8:19a   NNW
16  10.1  15.8   4:55p   3.9   4:56a   8.2   0.0   0.0   4.8  20.0  12:45p   NNE
17  10.7  17.3   3:57p   4.0   5:21a   7.6   0.0   0.0   2.7  16.0  12:18p   ENE
18  13.5  19.9   2:57p   6.2   5:33a   5.0   0.1   0.0   1.3   9.0   1:33p   NNE
19  16.0  22.2   2:58p   8.4   5:17a   3.2   0.9   0.0   2.0  14.0   5:25p   ESE
20  16.5  23.1   2:47p   8.7   6:15a   3.2   1.3   0.0   2.3  11.0   1:04p   ESE
21  17.2  26.2   4:26p  10.0   5:17a   2.8   1.8   0.0   4.3  16.0   9:32a   NNE
22  15.0  23.1   3:56p   9.5   1:18a   4.2   0.9   0.0   6.0  22.0  10:57a    NE
23  13.6  21.4   3:49p   8.7   4:28a   5.0   0.3   0.0   6.7  19.0   4:35p    NE
24  15.0  21.2   5:13p  10.8   5:50a   3.8   0.4  12.6   5.3  16.0  11:08a    NE
25  12.8  14.0   9:59a  11.8  10:47a   5.5   0.0   1.4   4.9  18.0  11:10a    NE
26  15.9  21.9   3:54p  11.0   5:14a   3.0   0.6   9.2   8.3  28.0   5:56p    NE
27  17.3  24.8   1:37p  12.5   3:28a   2.5   1.5   2.4   4.9  19.0   3:55p   ENE
28  17.4  25.1   4:25p  12.7   7:11a   2.3   1.5   0.0   5.3  17.0   8:31a    NE
29  16.2  21.9   1:50p  13.2   4:54a   2.6   0.6   2.8   6.2  19.0   2:47p    NE
30  14.5  15.7   9:59a  13.8  10:00a   3.8   0.0   1.6   1.7   9.0   9:18a   ENE
31  18.1  24.4   2:54p  15.1   5:20a   1.3   1.1   0.0   3.4  15.0   3:13p   ENE
----------------------------------------------------------------------------------
    14.4  26.9     7     3.9    16   142.2  20.0  39.2   4.2  29.0     1      NE

Max >=  25.0:  3
Max <=   0.0:  0
Min <=   0.0:  0
Min <=  -2.0:  0
Max Rain: 12.6 on day 24
Days of Rain: 12 (>= 0.1 mm)  10 (>= 1.0 mm)  1 (>= 10.0 mm)
Heat Base: 18.3  Cool Base: 18.3  Method: Integration
:now::gauges::real time::current records::monthly records::all-time records::noaa report::trends::station::forum: