tamworth weather

 Latitude N 52 38' 53"    Longitude W 01 41' 24"    Elevation 84 m

NOAA Style Reports

The comparative data used are the 30-year (1971-2000) monthly averages from the Met Office Coleshill station, 11 miles due south of Tamworth.


Report for 2018 Mar
                   Monthly Climatological Summary for Mar 2018

Name: Tamworth Weather   City: Tamworth   County: Staffordshire   Country: UK
Elevation: 84 m  Lat: N 52 38' 52"   Lon: W 001 41' 23"

                  Temperature (C), Rain (mm), Wind Speed (mph)

                                      Heat  Cool        Avg
    Mean                              Deg   Deg         Wind                 Dom
Day Temp  High   Time   Low    Time   Days  Days  Rain  Speed High   Time    Dir
----------------------------------------------------------------------------------
 1  -2.6  -1.1   8:53a  -3.8   9:00a  20.9   0.0   0.0  15.4  39.0  10:51p   ENE
 2  -1.8  -0.2  12:07p  -2.8   8:12p  20.1   0.0   0.0  11.7  38.0  10:22a   ENE
 3   0.2   1.7   8:39a  -1.0   9:00a  18.1   0.0   1.2   6.4  24.0   9:10p   ENE
 4   3.8   6.3   3:12p   1.7   9:00a  14.5   0.0   1.8   3.2  14.0   2:26p    SE
 5   6.2  10.4  12:53p   3.4   6:56a  12.1   0.0   5.8   5.1  18.0   8:51p    SE
 6   4.6   8.4   4:01p   0.8   2:59a  13.7   0.0   0.0   2.2  15.0  12:12p    SW
 7   5.1   9.7   1:57p   2.4  12:52a  13.2   0.0   1.2   4.9  25.0   7:31a    SW
 8   4.0   9.6   3:28p  -0.2   6:45a  14.3   0.0   0.4   5.2  24.0   1:47p   WSW
 9   7.1  10.6   7:26a   1.4   9:00a  11.1   0.0   5.6   4.1  16.0   6:49p   ESE
10   8.5  13.1   1:08p   3.5   4:06a   9.8   0.0   0.6   3.3  19.0   9:44a     S
11   8.1  11.3   1:47p   5.3   9:00a  10.2   0.0   5.8   5.6  19.0   4:26p   ENE
12   5.6   6.7  12:17p   4.5   3:01a  12.7   0.0  11.0   3.9  15.0  12:25p   NNW
13   6.5  11.4   4:27p   2.2   2:22a  11.8   0.0   0.0   3.4  15.0   5:52a   SSW
14   8.7  11.8   2:25p   6.2   5:11a   9.6   0.0   3.0   9.4  27.0  12:27p   ESE
15   8.5  10.9   1:19p   6.6   8:44a   9.8   0.0   3.2   6.0  20.0   8:50a     E
16   5.8  13.3   4:43p  -0.2   8:52a  12.5   0.0   0.4   9.1  33.0   3:29a   ENE
17  -1.5   1.7  12:17p  -2.9   4:15a  19.8   0.0   0.0  12.3  32.0  10:52a   ENE
18  -0.8   0.8   8:52a  -2.2   9:00a  19.1   0.0   0.0  10.8  31.0   1:45p   ENE
19   2.3   5.7   3:03p  -0.2   6:29a  16.0   0.0   0.2   8.2  31.0   2:28p    NE
20   3.5   8.3   1:43p  -0.8   5:30a  14.8   0.0   0.2   3.3  16.0  12:20p     N
21   6.7   8.7   3:18p   3.7   9:00a  11.6   0.0   0.0   6.0  19.0  11:25a     W
22   7.5   9.9   2:44p   6.3  10:45p  10.8   0.0   0.2   8.2  23.0   4:30a    SW
23   7.7  10.8   2:41p   5.1   6:16a  10.6   0.0   0.4   3.4  23.0   9:43a    SW
24   7.1  12.7  12:09p   4.6   6:31a  11.2   0.0   0.2   3.0  12.0   7:00p   NNW
25   7.2  13.8   2:00p   2.6   3:43a  11.0   0.0   0.0   2.8  14.0   5:34p    NW
26   8.4  12.4   1:24p   4.7   6:10a   9.9   0.0   2.8   5.3  21.0   4:11a   SSW
27   7.3  11.1  12:54p   5.2   8:14a  11.0   0.0   1.2   3.9  20.0   1:02p     W
28   4.4   8.3   4:33p   0.8   7:18a  13.9   0.0   0.2   4.0  20.0   4:47p   WSW
29   4.7   7.3   2:04p   2.9   7:13a  13.6   0.0   4.8   4.2  19.0  10:19a    SE
30   5.4   9.3   3:00p   3.8  11:04p  12.9   0.0   7.4   7.3  22.0   6:40p    NE
31   4.0   6.5   9:47a   1.6   6:08a  14.3   0.0   0.2   5.1  20.0   5:02p   NNW
----------------------------------------------------------------------------------
     4.9  13.8    25    -3.8     1   414.9   0.0  57.8   6.0  39.0     1       E

Max >=  25.0:  0
Max <=   0.0:  2
Min <=   0.0:  9
Min <=  -2.0:  4
Max Rain: 11.0 on day 12
Days of Rain: 23 (>= 0.1 mm)  13 (>= 1.0 mm)  1 (>= 10.0 mm)
Heat Base: 18.3  Cool Base: 18.3  Method: Integration
:now::gauges::real time::current records::monthly records::all-time records::noaa report::trends::station::forum: