tamworth weather

 Latitude N 52 38' 53"    Longitude W 01 41' 24"    Elevation 84 m

NOAA Style Reports

The comparative data used are the 30-year (1971-2000) monthly averages from the Met Office Coleshill station, 11 miles due south of Tamworth.


Report for 2018 Feb
                   Monthly Climatological Summary for Feb 2018

Name: Tamworth Weather   City: Tamworth   County: Staffordshire   Country: UK
Elevation: 84 m  Lat: N 52 38' 52"   Lon: W 001 41' 23"

                  Temperature (C), Rain (mm), Wind Speed (mph)

                                      Heat  Cool        Avg
    Mean                              Deg   Deg         Wind                 Dom
Day Temp  High   Time   Low    Time   Days  Days  Rain  Speed High   Time    Dir
----------------------------------------------------------------------------------
 1   4.4   7.3   3:21p   2.9   7:30a  13.9   0.0   0.0   8.8  30.0   3:00p   WNW
 2   4.3   9.2   2:17p   1.9   8:37a  14.0   0.0   2.0   3.5  19.0  12:21p   WNW
 3   2.6   3.8   2:28p   1.8   9:10a  15.7   0.0   2.2   2.6  14.0   5:07a    NE
 4   2.8   7.5   1:17p   0.6   6:17a  15.5   0.0   0.2   4.0  16.0  12:01p   NNE
 5   1.7   5.8  10:54a  -1.0   7:49a  16.6   0.0   0.0   2.3  12.0   9:26a    NE
 6   0.3   2.7   9:40a  -2.4   7:22a  18.0   0.0   0.0   3.7  13.0  11:20p    NW
 7   1.6   5.6   1:16p  -0.8   9:01a  16.7   0.0   0.0   3.8  13.0   7:32a    SW
 8   5.8   7.6   5:52p   1.9   9:00a  12.5   0.0   4.6   8.1  25.0   6:05p   SSW
 9   2.1   5.7   2:58p  -0.7   3:01a  16.2   0.0   0.6   6.6  32.0  11:35a     W
10   6.1   9.1  10:55p   2.4   9:00a  12.2   0.0   2.0   9.9  37.0  11:37p    SW
11   1.6   5.2  11:47a  -0.5  11:59p  16.5   0.0   0.4   8.0  32.0   3:45p     W
12   3.2   6.4   2:25p   1.3  12:19a  15.1   0.0   1.6   7.2  29.0   7:01a     S
13   1.3   4.8  11:30a  -1.7   3:33a  17.0   0.0   3.0   4.3  24.0  10:48a     S
14   4.8   6.7  11:29p   1.6   9:00a  13.5   0.0   3.6   7.8  29.0   4:44p     S
15   4.1   8.6   1:54p  -0.1   7:21a  14.2   0.0   0.2   6.9  29.0  10:50a   WSW
16   4.7   8.6   1:48p   2.1   9:00a  13.6   0.0   0.0   4.0  14.0   1:37p     S
17   5.4   9.7   3:33p   3.3   9:00a  12.9   0.0   0.0   3.3  13.0  12:41p     S
18   7.1   8.4   8:56a   4.7   9:00a  11.1   0.0   1.2   4.2  15.0  10:29a     S
19   8.4  10.2   3:39p   5.4   7:17a   9.9   0.0   0.0   5.9  21.0   8:55a    NW
20   7.1  11.2   2:36p   4.3   6:38a  11.2   0.0   0.2   5.6  22.0   9:28a     N
21   4.4   7.1   1:18p   0.9   7:44a  13.9   0.0   0.2   2.3  12.0  11:18a   ENE
22  -0.2   3.2  10:16a  -3.5   5:06a  18.5   0.0   0.2   2.4  15.0  10:48a     E
23   1.2   3.9   1:23p  -1.0   7:28a  17.1   0.0   0.0   6.5  21.0   1:27p     E
24   1.2   5.6   2:16p  -2.9   7:04a  17.1   0.0   0.0   6.5  19.0  11:28a   ENE
----------------------------------------------------------------------------------
     3.6  11.2    20    -3.5    22   352.9   0.0  22.2   5.3  37.0    10     WSW

Max >=  25.0:  0
Max <=   0.0:  0
Min <=   0.0: 10
Min <=  -2.0:  3
Max Rain: 4.6 on day 8
Days of Rain: 15 (>= 0.1 mm)  8 (>= 1.0 mm)  0 (>= 10.0 mm)
Heat Base: 18.3  Cool Base: 18.3  Method: Integration
:now::gauges::real time::current records::monthly records::all-time records::noaa report::trends::station::forum: