tamworth weather

 Latitude N 52 38' 53"    Longitude W 01 41' 24"    Elevation 84 m

NOAA Style Reports

The comparative data used are the 30-year (1971-2000) monthly averages from the Met Office Coleshill station, 11 miles due south of Tamworth.


Report for 2018 Jan
                   Monthly Climatological Summary for Jan 2018

Name: Tamworth Weather   City: Tamworth   County: Staffordshire   Country: UK
Elevation: 84 m  Lat: N 52 38' 52"   Lon: W 001 41' 23"

                  Temperature (C), Rain (mm), Wind Speed (mph)

                                      Heat  Cool        Avg
    Mean                              Deg   Deg         Wind                 Dom
Day Temp  High   Time   Low    Time   Days  Days  Rain  Speed High   Time    Dir
----------------------------------------------------------------------------------
 1   4.9   6.8   4:33p   2.7   4:56a  13.4   0.0   2.6   6.8  30.0   6:10p     W
 2   7.4  10.9  10:32p   3.4   9:00a  10.9   0.0   4.0  10.0  39.0   1:10a    SW
 3   7.4   8.9  12:58p   4.8   7:36a  10.9   0.0   2.0   9.4  40.0  10:55a   WSW
 4   5.8   9.9  12:33p   3.3   1:51a  12.5   0.0   0.6   6.3  38.0   3:25p    SW
 5   2.0   5.8   9:49a  -1.5   5:08a  16.3   0.0   0.8   2.6  23.0   1:00p     W
 6   1.3   4.9  12:54p  -1.3   7:46a  17.0   0.0   1.0   4.4  21.0   1:55p   NNE
 7   0.8   4.5  11:44a  -1.6   7:19a  17.5   0.0   0.2   7.0  22.0   1:44p    NE
 8   1.6   2.3   8:24a  -0.7   9:00a  16.7   0.0   0.0   4.1  15.0  11:36p   ENE
 9   4.8   6.8   2:06a   2.3   9:00a  13.5   0.0   1.4   2.4  11.0   9:19p    SE
10   4.9  11.1  12:47p   1.6  10:45p  13.4   0.0   0.2   2.2  10.0   2:09p   WNW
11   5.0   7.4  12:46p   3.3   9:00a  13.3   0.0   0.0   2.5  11.0  11:42a    NW
12   5.4   6.3   1:44p   4.6   4:58a  12.9   0.0   0.0   4.6  18.0  11:46p    SE
13   4.5   6.4   3:01p   2.9   5:35a  13.8   0.0   0.0   4.7  17.0  10:39a   ESE
14   4.5   8.2   8:53a   2.6   6:38p  13.8   0.0   1.8   7.8  34.0   3:57a     S
15   5.9   9.7  12:22p   3.2   7:11a  12.4   0.0   4.0   7.9  27.0   3:57a   WSW
16   3.1   5.7  12:03p   1.2   9:48p  15.2   0.0   0.6   9.4  30.0   5:24a   WSW
17   5.5  10.4   2:32a   3.4   9:00a  12.8   0.0   2.2  11.8  47.0   4:18a   WSW
18   3.1   6.7   1:25p  -0.3   7:44a  15.2   0.0   2.2   5.2  19.0   2:11p   WSW
19   3.0   6.2   2:03p   0.9   2:21a  15.3   0.0   0.4   6.0  22.0   8:57p   WSW
20   1.2   2.3   3:43p   0.3   9:33p  16.9   0.0   3.0   2.4  11.0  11:21p   WSW
21   4.6   8.7  11:00p   0.4   9:20a  13.6   0.0   6.2   5.1  24.0  10:18p   SSW
22   7.6  10.1   8:57a   5.7   1:57a  10.5   0.0   0.4   6.4  27.0  12:43p    SW
23  11.0  12.9   2:31p   7.9   8:56a   7.3   0.0   3.8  10.2  42.0   6:49a   SSW
24   6.1   7.9   9:00a   4.2   7:28a  12.2   0.0   2.0   8.6  28.0   9:21a   SSW
25   4.6   8.4   2:37p   2.0   6:34a  13.7   0.0   1.4   4.7  28.0   3:13p   SSW
26   4.7   9.1  12:47p   2.8   1:15a  13.6   0.0   0.2   3.8  22.0   8:35a   SSW
27   9.0  11.5   7:33p   5.6   9:12a   9.3   0.0   0.2   6.9  28.0  10:41a    SW
28  11.3  13.7   1:29p   9.8   1:32a   7.0   0.0   0.0   9.4  31.0   2:52a   WSW
29   5.1  10.1   9:00a   1.2   6:46a  13.2   0.0   1.6   5.5  26.0  12:24p     W
30   5.8   7.7   2:31a   2.4   9:00a  12.5   0.0   0.8   6.4  32.0   7:10a    SW
31   3.9   6.3  12:22p   2.1  11:23p  14.4   0.0   1.2   8.6  31.0   1:43p     W
----------------------------------------------------------------------------------
     5.0  13.7    28    -1.6     7   411.0   0.0  44.8   6.2  47.0    17      SW

Max >=  25.0:  0
Max <=   0.0:  0
Min <=   0.0:  5
Min <=  -2.0:  0
Max Rain: 6.2 on day 21
Days of Rain: 26 (>= 0.1 mm)  16 (>= 1.0 mm)  0 (>= 10.0 mm)
Heat Base: 18.3  Cool Base: 18.3  Method: Integration
:now::gauges::real time::current records::monthly records::all-time records::noaa report::trends::station::forum: