tamworth weather

 Latitude N 52 38' 53"    Longitude W 01 41' 24"    Elevation 84 m

NOAA Style Reports

The comparative data used are the 30-year (1971-2000) monthly averages from the Met Office Coleshill station, 11 miles due south of Tamworth.


Report for 2017 Nov
                   Monthly Climatological Summary for Nov 2017

Name: Tamworth Weather   City: Tamworth   County: Staffordshire   Country: UK
Elevation: 84 m  Lat: N 52 38' 52"   Lon: W 001 41' 23"

                  Temperature (C), Rain (mm), Wind Speed (mph)

                                      Heat  Cool        Avg
    Mean                              Deg   Deg         Wind                 Dom
Day Temp  High   Time   Low    Time   Days  Days  Rain  Speed High   Time    Dir
----------------------------------------------------------------------------------
 1   9.4  13.9   2:47p   6.7   2:06a   8.9   0.0   0.0   2.0   9.0   1:48p    SW
 2  10.1  12.6   2:11p   9.0   4:24a   8.2   0.0   0.2   1.2   8.0   9:39a    SW
 3  10.5  13.5   2:26p   9.3   7:36p   7.8   0.0   6.0   3.1  15.0   8:58a   SSW
 4   6.8  10.5   1:32p   3.7   4:12a  11.5   0.0   2.0   4.8  22.0  12:23p     W
 5   5.1  10.1   1:58p   1.9   7:05a  13.2   0.0   0.4   3.0  18.0  11:23a   WNW
 6   8.7  10.6   2:13p   3.6   9:00a   9.6   0.0   0.2   5.9  19.0   7:15a     S
 7   6.1  11.1  10:53a   1.4   6:53a  12.2   0.0   6.8   3.5  19.0   9:33a    NW
 8   7.2  10.5   3:13p   4.1   9:00a  11.1   0.0   0.0   3.3  12.0   5:23a    SW
 9   9.4  13.4  11:15a   6.7   9:52p   8.9   0.0   0.4   5.8  28.0   6:33a     W
10   7.7  10.4  11:33a   6.2   3:51a  10.6   0.0   2.4   4.7  24.0  11:02a     W
11   6.7   9.0   2:42p   4.3   7:00a  11.6   0.0   0.6   2.9  18.0   8:02a    NW
12   4.3   8.5   1:48p   0.8   7:20a  14.0   0.0   0.0   5.9  23.0  12:35p    NW
13   6.3   9.7   8:57a   2.0   9:00a  12.0   0.0   0.2   4.5  17.0   1:16a    SW
14  10.8  12.8   1:19p   9.0   4:29a   7.5   0.0   0.0   3.6  16.0   9:38a    SW
15  10.0  11.0   2:19p   8.9   7:50a   8.3   0.0   0.0   2.1  10.0   1:41a   SSW
16   5.3  11.9  11:19a   0.4   5:53a  13.1   0.0   0.0   2.6  19.0  11:57a   WNW
17   5.9   9.2  12:45p   2.2   9:00a  11.3   0.0   0.0   4.5  22.0   3:28a   WSW
18   6.2   9.3   1:15p   1.5   6:38a  12.1   0.0   0.0   3.9  15.0   5:49p   WNW
19   7.2  10.6   8:48a   2.6   9:00a  11.1   0.0   1.4   4.0  18.0   7:09a   SSW
20  12.2  13.2   1:25p  10.6   9:00a   6.1   0.0   0.2   6.0  22.0  10:16a    SW
21  12.6  13.6   8:49a  11.3   4:17p   5.7   0.0   0.8   8.3  30.0   8:48a   SSW
22  12.4  15.1   5:10p   5.9   7:24a   5.9   0.0   0.8  12.5  40.0   5:21p   SSW
23   6.4  10.2   1:15p   2.8   8:10a  11.9   0.0   0.0   5.5  34.0   1:33p   WSW
24   4.0   8.3   2:44p  -0.3   6:18a  14.3   0.0   1.0   3.1  11.0   7:34a   WSW
25   3.4   5.3   1:46p   1.3   9:00a  14.9   0.0   0.8   5.9  22.0   2:20a   WNW
26   6.8   9.5   4:03a   3.1   9:00a  11.5   0.0   2.2   6.8  26.0   2:06a   WSW
27   5.2   8.4  10:21a   2.6   7:52a  13.1   0.0   0.0   5.7  22.0  12:59p     W
28   3.0   6.8   1:06p   1.1   2:39a  15.3   0.0   0.0   5.9  19.0   7:04a    NW
29   1.9   6.2  11:49a  -1.0   7:22a  16.4   0.0   0.0   5.0  18.0   9:40a    NW
30   1.5   3.7  12:06p   0.2   7:43a  16.8   0.0   0.0   7.4  22.0  12:56p    NW
----------------------------------------------------------------------------------
     7.1  15.1    22    -1.0    29   334.9   0.0  26.4   4.8  40.0    22     WSW

Max >=  25.0:  0
Max <=   0.0:  0
Min <=   0.0:  2
Min <=  -2.0:  0
Max Rain: 6.8 on day 7
Days of Rain: 17 (>= 0.1 mm)  7 (>= 1.0 mm)  0 (>= 10.0 mm)
Heat Base: 18.3  Cool Base: 18.3  Method: Integration
:now::gauges::real time::current records::monthly records::all-time records::noaa report::trends::station::forum: