tamworth weather

 Latitude N 52 38' 53"    Longitude W 01 41' 24"    Elevation 84 m

NOAA Style Reports

The comparative data used are the 30-year (1971-2000) monthly averages from the Met Office Coleshill station, 11 miles due south of Tamworth.


Report for 2017 Aug
                   Monthly Climatological Summary for Aug 2017

Name: Tamworth Weather   City: Tamworth   County: Staffordshire   Country: UK
Elevation: 84 m  Lat: N 52 38' 52"   Lon: W 001 41' 23"

                  Temperature (C), Rain (mm), Wind Speed (mph)

                                      Heat  Cool        Avg
    Mean                              Deg   Deg         Wind                 Dom
Day Temp  High   Time   Low    Time   Days  Days  Rain  Speed High   Time    Dir
----------------------------------------------------------------------------------
 1  16.2  19.9   1:07p  13.3   4:57a   2.3   0.2   1.8   5.0  22.0   9:47a   SSW
 2  16.3  18.7   5:56p  14.4   3:17a   2.0   0.0   8.4   7.1  25.0  12:10p     S
 3  16.1  19.1   4:12p  13.6   5:13a   2.2   0.1   0.2   8.1  28.0   1:51p    SW
 4  16.5  21.8   4:14p  13.0   6:12a   2.3   0.5   0.0   3.8  18.0   2:06p   WNW
 5  13.4  18.4   6:20p   9.6   5:28a   4.9   0.0   8.2   3.3  15.0   5:45p   WSW
 6  16.3  19.7   2:31p  13.8   6:27a   2.1   0.1   0.0   6.2  21.0   7:04p    SW
 7  15.7  19.3   4:11p  12.1   8:05a   2.7   0.1   4.8   2.9  13.0  12:55p   WNW
 8  12.8  14.8   4:00p  11.4   4:52a   5.5   0.0   8.4   3.9  13.0   9:34p   NNW
 9  14.1  21.0   5:25p   9.0   5:48a   4.4   0.3   0.2   4.6  22.0   4:43p     N
10  15.9  22.4   1:32p  10.1   5:50a   3.2   0.8   0.0   2.4  14.0   8:57a   WNW
11  16.4  17.4  12:59p  14.8   6:34a   1.9   0.0   0.0   5.4  18.0   2:39p    SW
12  14.9  20.6   3:23p   9.7   5:19a   3.6   0.2   0.0   4.9  19.0  10:35a   WNW
13  15.4  21.4   4:53p  10.3   4:42a   3.2   0.3   0.0   1.8  11.0  12:52p     S
14  16.2  20.8   3:33p  13.2   5:14a   2.4   0.3   0.2   5.1  17.0   3:25p     S
15  16.0  22.2   4:22p  10.5   4:26a   3.0   0.7   0.0   3.5  18.0  12:52p     W
16  17.4  21.1   5:15p  14.1   1:51a   1.4   0.5   3.8   6.8  22.0   2:19p     S
17  17.7  22.2   3:03p  13.2   6:53a   1.7   1.1   0.2   6.8  22.0   2:23p    SW
18  13.8  18.5   2:40p  10.7   1:27a   4.5   0.0   0.8   6.5  23.0   4:31p   WSW
19  14.3  18.3   1:58p  11.4   6:18a   4.0   0.0   0.6   6.2  26.0  12:57p   WSW
20  15.1  19.0   2:00p  13.2   3:54a   3.3   0.0   3.0   3.2  13.0  11:08a     S
21  17.1  19.0   5:49p  14.3  10:00a   1.3   0.1   0.2   2.0   8.0  12:49p   SSE
22  18.5  22.9   3:27p  14.9   4:50a   1.1   1.3   0.2   2.7  13.0   8:28p   ESE
23  16.7  21.9   3:12p  12.6   5:40a   2.4   0.8   0.0   4.4  17.0   3:50p   WSW
24  16.0  20.8   4:34p  11.3   6:14a   2.6   0.3   0.0   4.0  19.0   2:12p   WSW
25  18.1  22.4   2:55p  15.0   6:55a   1.2   1.0   0.0   1.8  11.0  11:38a     W
26  17.1  24.6   3:59p  10.3   6:19a   2.6   1.4   0.0   1.7  11.0  12:29p   WNW
27  19.5  25.1   1:58p  14.7   6:38a   1.0   2.2   0.0   2.1  13.0   9:41a     S
28  19.7  26.2   4:20p  14.4   9:57a   1.3   2.7   0.0   4.2  18.0  10:31a   WSW
29  14.2  18.8   3:53p  11.3   6:44a   4.1   0.0   0.8   2.7  13.0  11:32a    NW
30  12.4  18.3   5:42p   8.0   6:28a   5.9   0.0   0.4   2.1  11.0   4:38p   WSW
31  13.7  18.8   1:27p   8.2   6:17a   4.6   0.0   0.0   2.5  15.0   2:46p     W
----------------------------------------------------------------------------------
    15.9  26.2    28     8.0    30    88.7  15.0  42.2   4.1  28.0     3     WSW

Max >=  25.0:  2
Max <=   0.0:  0
Min <=   0.0:  0
Min <=  -2.0:  0
Max Rain: 8.4 on day 2
Days of Rain: 17 (>= 0.1 mm)  7 (>= 1.0 mm)  0 (>= 10.0 mm)
Heat Base: 18.3  Cool Base: 18.3  Method: Integration
:now::gauges::real time::current records::monthly records::all-time records::noaa report::trends::station::forum: