tamworth weather

 Latitude N 52 38' 53"    Longitude W 01 41' 24"    Elevation 84 m

NOAA Style Reports

The comparative data used are the 30-year (1971-2000) monthly averages from the Met Office Coleshill station, 11 miles due south of Tamworth.


Report for 2017 Jul
                   Monthly Climatological Summary for Jul 2017

Name: Tamworth Weather   City: Tamworth   County: Staffordshire   Country: UK
Elevation: 84 m  Lat: N 52 38' 52"   Lon: W 001 41' 23"

                  Temperature (C), Rain (mm), Wind Speed (mph)

                                      Heat  Cool        Avg
    Mean                              Deg   Deg         Wind                 Dom
Day Temp  High   Time   Low    Time   Days  Days  Rain  Speed High   Time    Dir
----------------------------------------------------------------------------------
 1  16.1  22.6   4:43p  12.1   5:28a   2.7   0.5   0.2   5.5  21.0   6:00p   WNW
 2  17.8  22.8   4:11p  13.8   4:58a   1.4   0.9   0.0   4.5  16.0   8:42a     W
 3  17.9  22.9   2:49p  14.4   4:35a   1.5   1.0   0.0   3.5  16.0   4:10p     W
 4  17.7  22.4   3:37p  13.1   5:14a   1.6   1.0   0.0   3.4  17.0   2:07p     W
 5  20.0  27.6   3:21p  13.1   5:09a   1.3   2.9   0.0   2.7  16.0  10:31p   ENE
 6  21.8  30.7   4:44p  15.1   4:44a   0.6   4.1   0.0   3.1  18.0  12:41p    NW
 7  18.8  24.6   1:47p  12.8   5:15a   1.2   1.8   0.0   4.3  15.0   2:12p   WNW
 8  19.1  23.1   4:20p  15.7   5:00a   0.6   1.4   0.0   1.8  12.0  11:18a   WNW
 9  19.8  25.4   5:00p  14.4   5:54a   1.0   2.6   0.0   3.6  15.0   3:15p   WSW
10  15.8  21.9   2:44p  13.1   5:09a   2.8   0.3   1.4   3.6  17.0   6:14p     W
11  14.1  16.8   9:55a  11.6   3:21a   4.2   0.0   5.8   4.3  18.0   9:36a    NE
12  17.0  23.1   2:48p  12.2   2:17a   2.2   0.8   0.0   3.8  18.0  10:10a     E
13  16.9  21.4   2:03p  13.0   6:35a   1.9   0.5   1.8   4.9  19.0   2:20a   WSW
14  16.0  19.5   4:34p  14.3   2:54a   2.4   0.1   0.2   4.6  21.0  10:28a     W
15  19.1  21.4   8:14p  14.9  10:00a   0.3   1.1   0.0   6.0  23.0   2:09p    SW
16  16.4  22.8   4:28p   9.8   4:47a   2.9   1.1   0.0   3.5  16.0  12:33p   WNW
17  20.3  28.5   4:12p  14.0   5:00a   1.1   3.1   0.0   2.8  14.0   4:40p   NNW
18  20.2  25.7   3:20p  15.1   3:13a   0.8   2.7   0.0   6.6  21.0  12:38p   ENE
19  18.4  21.7   4:33p  11.8   8:34a   1.2   1.3   1.2   5.2  19.0   5:21p     S
20  15.2  19.2   5:01p  12.4  10:04a   3.1   0.0   1.6   7.0  26.0   9:39a   SSW
21  15.1  19.8   2:40p  11.3   5:39a   3.3   0.1   0.2   5.9  30.0  11:50a   SSE
22  13.6  19.3   1:12p  11.4   2:51a   4.7   0.0   0.6   2.9  26.0   4:15p     S
23  16.2  20.4   5:27p  14.2  10:00a   2.3   0.2   1.2   4.8  17.0   3:02a    NW
24  15.8  20.9   6:06p  11.8   5:35a   2.9   0.3   0.2   2.9  16.0  11:48a   NNW
25  17.9  24.8   4:21p  13.4  10:00a   1.7   1.3   1.6   3.1  16.0   9:39a   ESE
26  16.3  22.4   4:22p  11.8   5:24a   2.6   0.6   0.4   6.3  24.0   4:17p    SW
27  15.6  18.7   2:15p  12.9   5:38a   2.7   0.0  10.0   7.4  22.0   9:50a    SW
28  15.7  18.5   3:03p  12.7   5:40a   2.6   0.0   1.6   7.4  25.0  12:59p   SSW
29  15.5  19.2   2:51p  12.4   5:07a   2.8   0.0   5.6   4.2  18.0  10:51a    SW
30  15.5  19.5   2:02p  12.2   5:24a   2.9   0.1   2.0   6.7  25.0   4:05p   SSW
31  16.2  20.1   4:28p  12.7   6:18a   2.3   0.2   0.6   5.7  22.0   3:18p   SSW
----------------------------------------------------------------------------------
    17.2  30.7     6     9.8    16    65.6  30.0  36.2   4.6  30.0    21     WSW

Max >=  25.0:  5
Max <=   0.0:  0
Min <=   0.0:  0
Min <=  -2.0:  0
Max Rain: 10.0 on day 27
Days of Rain: 18 (>= 0.1 mm)  11 (>= 1.0 mm)  1 (>= 10.0 mm)
Heat Base: 18.3  Cool Base: 18.3  Method: Integration
:now::gauges::real time::current records::monthly records::all-time records::noaa report::trends::station::forum: