tamworth weather

 Latitude N 52 38' 53"    Longitude W 01 41' 24"    Elevation 84 m

NOAA Style Reports

The comparative data used are the 30-year (1971-2000) monthly averages from the Met Office Coleshill station, 11 miles due south of Tamworth.


Report for 2017 Apr
                   Monthly Climatological Summary for Apr 2017

Name: Tamworth Weather   City: Tamworth   County: Staffordshire   Country: UK
Elevation: 84 m  Lat: N 52 38' 52"   Lon: W 001 41' 23"

                  Temperature (C), Rain (mm), Wind Speed (mph)

                                      Heat  Cool        Avg
    Mean                              Deg   Deg         Wind                 Dom
Day Temp  High   Time   Low    Time   Days  Days  Rain  Speed High   Time    Dir
----------------------------------------------------------------------------------
 1   9.7  15.1   5:37p   6.8   2:47a   8.6   0.0   0.0   5.0  19.0  12:01p   WNW
 2  10.0  16.1   4:27p   4.7   6:51a   8.3   0.0   0.0   2.6  13.0   9:31a   WSW
 3  11.7  15.6   3:29p   8.4   4:24a   6.6   0.0   0.0   6.1  25.0   3:06p   SSW
 4   8.9  15.2   3:25p   3.9   5:10a   9.4   0.0   0.0   4.9  20.0   5:48p    NW
 5   8.1  13.2  12:48p   4.0   6:51a  10.2   0.0   0.0   4.9  24.0   3:47p    NW
 6   9.2  13.5   4:23p   6.4   2:59a   9.1   0.0   0.0   3.1  16.0   1:31p    NW
 7   9.9  17.8   3:49p   3.0   6:44a   8.4   0.0   0.0   1.5  10.0  12:43p   NNW
 8  13.9  20.4   5:11p   6.4   6:20a   4.7   0.3   0.0   3.2  14.0   4:19p     S
 9  13.0  22.4   4:02p   6.1   6:37a   6.0   0.7   0.0   7.0  26.0   6:40p     W
10   8.7  13.6   1:59p   4.8   6:17a   9.6   0.0   0.0   5.5  22.0  12:17p   WNW
11  10.3  14.7   3:29p   7.7  11:40p   8.0   0.0   0.0   6.3  20.0   9:46a     W
12   8.7  13.1   4:21p   5.1   5:52a   9.6   0.0   0.2   5.9  24.0   3:21p   WNW
13   8.9  11.0   3:46p   7.4   4:07a   9.4   0.0   0.0   4.1  16.0   9:54a     W
14  10.1  15.2   3:31p   6.0   6:14a   8.2   0.0   2.6   6.0  21.0   8:34a     W
15   9.0  13.6   2:33p   6.3   4:33a   9.3   0.0   0.0   6.1  20.0  12:52p   WNW
16   8.9  12.2   4:40p   5.9   5:25a   9.4   0.0   0.8   5.2  19.0   5:09p     W
17   7.1   9.9   4:46p   2.1   6:12a  11.2   0.0   0.0   3.2  17.0   2:15a   NNE
18   8.3  14.3   4:31p   4.1   6:18a  10.0   0.0   0.0   3.1  15.0  10:19a   ENE
19  10.7  13.9   2:56p   8.4   6:18a   7.6   0.0   0.0   1.9   9.0  11:23a    SW
20  12.0  14.9   4:05p  10.1   2:51a   6.3   0.0   0.2   3.8  14.0   1:19p   WNW
21  10.5  13.5   2:17p   6.1   6:29a   7.7   0.0   0.0   5.3  18.0  12:32p   WNW
22   9.1  16.8   2:55p   2.4   5:03a   9.2   0.0   0.0   3.2  14.0  10:14a    NW
23  11.0  16.7   5:11p   7.7  12:17a   7.3   0.0   0.0   4.5  15.0   1:47p     W
24   6.1  11.8  12:16p   0.9   6:17a  12.2   0.0   0.6   6.7  26.0   4:37p   WNW
25   5.3  10.8   3:49p   2.1  11:57p  13.0   0.0   0.0   5.6  27.0   2:03p   NNW
26   6.3  11.4   5:33p   1.2   5:15a  12.0   0.0   0.4   3.8  17.0   2:43p   NNW
27   8.0  10.3   3:26p   6.1  10:01a  10.3   0.0   3.2   4.1  22.0   3:35p    NW
28   9.9  13.7  12:44p   5.4   6:21a   8.4   0.0   0.0   2.2  14.0   8:29a    SW
29  10.1  13.2   3:41p   8.1   6:15a   8.2   0.0   0.0   6.4  23.0   9:59a   ESE
30  12.0  16.6   2:46p   8.6   8:18a   6.3   0.0   6.4   5.6  28.0  12:50p     E
----------------------------------------------------------------------------------
     9.5  22.4     9     0.9    24   264.5   1.0  14.4   4.6  28.0    30     WNW

Max >=  25.0:  0
Max <=   0.0:  0
Min <=   0.0:  0
Min <=  -2.0:  0
Max Rain: 6.4 on day 30
Days of Rain: 8 (>= 0.1 mm)  3 (>= 1.0 mm)  0 (>= 10.0 mm)
Heat Base: 18.3  Cool Base: 18.3  Method: Integration
:now::gauges::real time::current records::monthly records::all-time records::noaa report::trends::station::forum: