tamworth weather

 Latitude N 52 38' 53"    Longitude W 01 41' 24"    Elevation 84 m

NOAA Style Reports

The comparative data used are the 30-year (1971-2000) monthly averages from the Met Office Coleshill station, 11 miles due south of Tamworth.


Report for 2016 Dec
                   Monthly Climatological Summary for Dec 2016

Name: Tamworth Weather   City: Tamworth   County: Staffordshire   Country: UK
Elevation: 84 m  Lat: N 52 38' 52"   Lon: W 001 41' 23"

                  Temperature (C), Rain (mm), Wind Speed (mph)

                                      Heat  Cool        Avg
    Mean                              Deg   Deg         Wind                 Dom
Day Temp  High   Time   Low    Time   Days  Days  Rain  Speed High   Time    Dir
----------------------------------------------------------------------------------
 1   6.3   9.0   2:08p   0.1   9:00a  12.0   0.0   0.2   1.9   8.0  10:20p     W
 2   5.6   7.1  12:46p   4.3   7:08a  12.7   0.0   0.4   0.6   8.0   4:16a   ENE
 3   3.3   6.8  12:28p  -0.6   6:51a  15.0   0.0   0.0   2.1  11.0   1:19p     E
 4   1.4   6.4  10:38a  -2.3   7:56a  16.9   0.0   0.0   2.1  16.0   1:47p   ENE
 5   0.9   3.4   2:11p  -1.0   9:00a  17.4   0.0   0.2   0.2   5.0   4:23a   NNE
 6   7.3   9.4   8:43a   0.8   9:00a  11.0   0.0   0.2   3.5  17.0  12:54a     S
 7  11.8  12.6   2:44p   9.4   9:00a   6.5   0.0   0.0   7.1  22.0   7:54p   SSW
 8  11.5  14.4  12:16p   9.0  11:12p   6.8   0.0   0.2   5.2  24.0  12:17p   SSW
 9  11.8  13.3  12:57p  10.2   8:09a   6.5   0.0   0.6   6.3  23.0  12:28p   SSW
10   8.1  11.1  11:57a   5.9   3:42a  10.2   0.0   6.2   4.1  22.0   6:27p   WSW
11   5.5   8.9   1:44p   0.4   4:54a  12.8   0.0   0.4   2.9  14.0  10:13a    SW
12   7.1   9.1   8:11p   2.2   9:00a  11.2   0.0   0.4   2.8  11.0  12:45p     S
13  10.0  11.3   9:35p   5.5   9:00a   8.3   0.0   1.4   3.6  12.0   7:31p   SSE
14   8.5  12.3  12:54p   6.6   9:48p   9.7   0.0   0.0   3.4  15.0   5:13a   SSE
15   9.1  10.1   2:28p   7.7   8:07a   9.2   0.0   0.0   4.2  17.0   6:54p    SE
16   6.9  10.6  11:37a   4.4  11:19p  11.4   0.0   0.2   1.6  10.0   9:03a   SSE
17   7.6  12.7  12:02p   4.0   8:18a  10.7   0.0   0.0   1.5  10.0   4:59a    SW
18   5.2   7.2   2:48p   3.6   6:13a  13.1   0.0   0.2   1.1   7.0  12:49p    SW
19   5.2   6.3   4:02p   1.8   7:35a  13.1   0.0   0.2   0.7   7.0   1:21a   NNE
20   5.1   7.2   8:43a   2.6   9:25p  13.2   0.0   0.4   5.9  23.0   3:35a     S
21   5.3   9.0   2:10p   2.5   1:41a  13.0   0.0   0.0   4.2  16.0  12:38p   SSW
22   5.7   8.3   1:10p   2.9   9:00a  12.6   0.0   0.2   5.7  20.0   1:31p   SSW
23   7.8  11.1   2:11p   5.6   5:05a  10.5   0.0   2.4   9.5  45.0   2:24p    SW
24  10.1  12.3   8:43a   6.8   9:23a   8.2   0.0   0.0   9.0  29.0   3:17a    SW
25  10.2  14.0   1:14p   5.2   8:25a   8.1   0.0   1.6   8.4  33.0  12:33p   WSW
26   4.1   7.8  12:59p  -0.1   6:46a  14.2   0.0   0.0   4.7  25.0  12:17p   WSW
27   1.0   4.9   1:45p  -2.8   6:44a  17.3   0.0   0.2   1.7   7.0  11:11a     S
28  -1.1   2.7   3:58p  -4.2   5:39a  19.4   0.0   0.2   0.5   6.0   8:19p     E
29   1.9   4.8   2:54p  -3.5   9:02a  16.4   0.0   0.2   2.6  10.0   9:21p     S
30   6.5   9.2   1:23p   3.7   9:00a  11.8   0.0   0.2   4.7  13.0   2:27a   SSW
31   7.7   9.0   2:25p   5.3   8:57a  10.6   0.0   0.8   5.5  19.0   1:03a   SSW
----------------------------------------------------------------------------------
     6.4  14.4     8    -4.2    28   369.8   0.0  17.0   3.8  45.0    23     SSW

Max >=  25.0:  0
Max <=   0.0:  0
Min <=   0.0:  7
Min <=  -2.0:  4
Max Rain: 6.2 on day 10
Days of Rain: 22 (>= 0.1 mm)  4 (>= 1.0 mm)  0 (>= 10.0 mm)
Heat Base: 18.3  Cool Base: 18.3  Method: Integration
:now::gauges::real time::current records::monthly records::all-time records::noaa report::trends::station::forum: