tamworth weather

 Latitude N 52 38' 53"    Longitude W 01 41' 24"    Elevation 84 m

NOAA Style Reports

The comparative data used are the 30-year (1971-2000) monthly averages from the Met Office Coleshill station, 11 miles due south of Tamworth.


Report for 2016 Nov
                   Monthly Climatological Summary for Nov 2016

Name: Tamworth Weather   City: Tamworth   County: Staffordshire   Country: UK
Elevation: 84 m  Lat: N 52 38' 52"   Lon: W 001 41' 23"

                  Temperature (C), Rain (mm), Wind Speed (mph)

                                      Heat  Cool        Avg
    Mean                              Deg   Deg         Wind                 Dom
Day Temp  High   Time   Low    Time   Days  Days  Rain  Speed High   Time    Dir
----------------------------------------------------------------------------------
 1   6.4   9.9   9:20a   2.2   7:07a  11.9   0.0   0.0   2.1  15.0  11:31a   NNE
 2   5.8  11.9   1:17p   2.4   7:16a  12.5   0.0   0.2   2.0  12.0  11:24a   WNW
 3   7.8   9.2   7:28p   4.3   9:00a  10.5   0.0   0.2   4.7  15.0   1:35p   SSW
 4   6.5  11.8  12:04p   3.0  12:52a  11.8   0.0   0.0   3.2  16.0   7:56a   WNW
 5   4.5   8.8   1:16p   2.1   1:34a  13.8   0.0   0.0   6.2  22.0  12:59p    NW
 6   4.2   6.9  11:15a   1.4   7:29a  14.1   0.0   0.8   5.5  22.0  10:11a   NNW
 7   3.6  10.0   1:29p  -1.9   6:49a  14.6   0.0   0.0   3.1  16.0  11:14a    NW
 8   3.5   4.9   2:45p   0.9  10:19a  14.8   0.0   9.2   2.7  14.0   2:22a    SE
 9   5.3   7.1   8:57a   3.7  10:06a  13.0   0.0   0.2   3.7  16.0   1:04p     W
10   5.1   9.4  11:37a   2.7   3:06a  13.2   0.0   4.2   4.4  25.0   3:24p    NW
11   6.7   8.8   1:11p   4.1   9:00a  11.6   0.0   3.6   5.7  21.0  10:37p   SSE
12   8.1  11.1   2:25p   5.2   7:02a  10.2   0.0   0.4   3.3  13.0   9:22a   WNW
13   8.7  10.9   1:08p   6.2   9:00a   9.6   0.0   1.2   2.8  14.0   8:49a    SW
14  12.8  13.9   3:06p  10.7   9:00a   5.5   0.0   0.0   3.8  17.0  12:41a    SW
15  11.9  14.6  11:52a   8.9   8:02a   6.2   0.0   1.0   3.5  19.0   8:59a   WSW
16   8.0  11.5   1:13p   5.6   3:06a  10.3   0.0   0.2   6.6  26.0  12:31p    SW
17   5.4   9.9   1:10p   2.4   4:43a  12.9   0.0   1.0   7.4  34.0  12:36p    SW
18   3.8   6.9   2:09p   2.1   2:38a  14.5   0.0   0.0   5.7  19.0   4:00p    SW
19   4.3   6.7  12:31p   3.0   9:00a  14.0   0.0  11.2   6.3  24.0   2:00a   ENE
20   4.0   5.2   1:01p   2.1   8:45p  14.3   0.0   4.8   4.7  21.0   8:49a   NNE
21   7.0   8.3   8:15p   4.9   9:00a  11.3   0.0  17.2   5.2  31.0  11:15a   ENE
22   5.9   6.6   2:25p   4.9   9:40a  12.4   0.0   0.2   2.5  12.0  10:16a    NW
23   6.7   7.7   2:57p   6.0  12:45a  11.6   0.0   0.4   6.6  19.0   4:52p    NE
24   5.8   7.8  12:30p   2.5   6:11a  12.5   0.0   0.0   6.8  21.0   1:11p    NE
25   6.6  10.6   1:11p   4.5  10:06p  11.7   0.0   0.0   4.4  17.0  12:32p    NE
26   4.6   6.6  12:38p   2.7   7:40p  13.7   0.0   0.0   1.8  11.0   9:02a   NNE
27   5.7   8.1   2:05p   4.7   6:26p  12.3   0.0   0.0   3.3  16.0   2:55p    NE
28   2.3   8.3  12:52p  -2.7   6:55a  16.0   0.0   0.0   1.8  14.0  11:41a     E
29   0.3   6.3   2:16p  -2.7   2:35a  18.0   0.0   0.0   0.8   6.0   4:57p   SSW
30   3.1   7.3   2:33p  -1.1   9:00a  15.2   0.0   0.2   2.7  12.0   7:00p    SW
----------------------------------------------------------------------------------
     5.8  14.6    15    -2.7    28   374.0   0.0  56.2   4.1  34.0    17      NW

Max >=  25.0:  0
Max <=   0.0:  0
Min <=   0.0:  4
Min <=  -2.0:  2
Max Rain: 17.2 on day 21
Days of Rain: 18 (>= 0.1 mm)  9 (>= 1.0 mm)  2 (>= 10.0 mm)
Heat Base: 18.3  Cool Base: 18.3  Method: Integration
:now::gauges::real time::current records::monthly records::all-time records::noaa report::trends::station::forum: