tamworth weather

 Latitude N 52 38' 53"    Longitude W 01 41' 24"    Elevation 84 m

NOAA Style Reports

The comparative data used are the 30-year (1971-2000) monthly averages from the Met Office Coleshill station, 11 miles due south of Tamworth.


Report for 2016 Sep
                   Monthly Climatological Summary for Sep 2016

Name: Tamworth Weather   City: Tamworth   County: Staffordshire   Country: UK
Elevation: 84 m  Lat: N 52 38' 52"   Lon: W 001 41' 23"

                  Temperature (C), Rain (mm), Wind Speed (mph)

                                      Heat  Cool        Avg
    Mean                              Deg   Deg         Wind                 Dom
Day Temp  High   Time   Low    Time   Days  Days  Rain  Speed High   Time    Dir
----------------------------------------------------------------------------------
 1  17.0  21.2   2:53p  14.0   2:22a   1.9   0.6   2.2   4.9  16.0   2:20p    SW
 2  15.8  19.8   4:51p  11.7   6:18a   2.7   0.1   0.4   4.2  19.0   5:05p   WSW
 3  16.0  17.9  11:06p  14.3  12:25p   2.3   0.0   4.4   7.1  24.0   4:14p   SSW
 4  16.1  19.2   1:37p  13.6   7:29a   2.3   0.1   1.2   3.5  19.0  10:16a     W
 5  19.4  22.4   6:21p  14.7  10:00a   0.3   1.4   0.0   3.9  13.0   5:34p   SSW
 6  20.8  24.4   3:22p  17.7   7:57a   0.0   2.5   0.0   2.5  17.0  10:18a   SSW
 7  18.7  23.6   5:01p  13.9   5:43a   1.1   1.5   0.0   2.7  19.0   9:03a     S
 8  17.2  20.9   2:41p  15.1   6:20a   1.5   0.4   0.4   6.7  26.0   3:01p    SW
 9  18.1  21.4   4:03p  13.5   7:09a   1.1   0.9   4.0   7.9  28.0   5:15p   SSW
10  12.1  15.1   4:23p   8.3   6:22a   6.2   0.0   1.2   2.2  10.0   2:06p    SW
11  15.2  19.2   4:14p  12.2   1:01a   3.2   0.1   0.0   5.3  18.0   3:13p     S
12  18.8  23.2   3:15p  14.7   6:11a   0.9   1.4   0.0   3.5  20.0   4:08p   SSE
13  20.0  29.3   1:32p  16.4   6:12a   0.7   2.4   5.6   3.9  25.0   5:32p   NNE
14  20.0  26.7   5:01p  14.9   7:43a   1.0   2.7   0.2   2.8  17.0  12:26p    NE
15  18.9  27.0   3:26p  14.2   9:57a   1.3   1.9   1.0   3.8  19.0   4:36a    NW
16  13.7  18.2   2:08p  10.5   6:11a   4.6   0.0   0.2   7.3  25.0   3:58p    NW
17  13.2  19.1   5:50p   9.0   6:44a   5.1   0.0   0.0   2.4  14.0  12:46p   NNW
18  16.1  20.7   4:38p  12.8  10:00a   2.5   0.3   0.8   1.8  11.0   3:10p     W
19  13.5  16.0   3:38p  12.1   3:21a   4.8   0.0   1.0   2.0  13.0  10:28a   NNW
20  14.6  20.4  12:34p  10.6   1:16a   3.9   0.2   0.0   0.9   9.0  11:15a   NNE
21  15.7  19.2   2:48p  12.7   6:32a   2.7   0.1   0.8   3.9  14.0   3:29p   SSE
22  13.0  18.1   4:38p   8.7   2:54a   5.3   0.0   0.0   3.5  13.0   9:58a    SW
23  14.1  18.2   4:21p  10.4   2:35a   4.2   0.0   0.0   4.9  17.0   4:24p     S
24  16.8  20.1   2:04p  12.8   6:18a   1.9   0.3   5.2   6.9  27.0   4:18p     S
25  12.6  16.9   1:39p   9.4   1:57a   5.7   0.0   0.8   4.9  22.0   1:20p    SW
26  13.5  15.1   9:53a  11.6  10:00a   4.8   0.0   1.6   5.5  23.0   7:16a     S
27  15.3  20.1   4:51p  12.2   2:45a   3.1   0.2   0.0   5.0  19.0   1:41p    SW
28  17.7  21.4   4:40p  14.5   8:06a   1.0   0.4   0.8   8.1  29.0  11:26p    SW
29  13.1  17.7   2:12p   8.9   6:40a   5.2   0.0   0.0   6.3  27.0   1:19p   WSW
30  11.3  16.7   2:43p   6.8   6:51a   7.0   0.0   0.0   3.4  18.0   2:10p    SW
----------------------------------------------------------------------------------
    15.9  29.3    13     6.8    30    88.3  17.5  31.8   4.4  29.0    28      SW

Max >=  25.0:  3
Max <=   0.0:  0
Min <=   0.0:  0
Min <=  -2.0:  0
Max Rain: 5.6 on day 13
Days of Rain: 18 (>= 0.1 mm)  10 (>= 1.0 mm)  0 (>= 10.0 mm)
Heat Base: 18.3  Cool Base: 18.3  Method: Integration
:now::gauges::real time::current records::monthly records::all-time records::noaa report::trends::station::forum: