tamworth weather

 Latitude N 52 38' 53"    Longitude W 01 41' 24"    Elevation 84 m

NOAA Style Reports

The comparative data used are the 30-year (1971-2000) monthly averages from the Met Office Coleshill station, 11 miles due south of Tamworth.


Report for 2016 May
                   Monthly Climatological Summary for May 2016

Name: Tamworth Weather   City: Tamworth   County: Staffordshire   Country: UK
Elevation: 84 m  Lat: N 52 38' 52"   Lon: W 001 41' 23"

                  Temperature (C), Rain (mm), Wind Speed (mph)

                                      Heat  Cool        Avg
    Mean                              Deg   Deg         Wind                 Dom
Day Temp  High   Time   Low    Time   Days  Days  Rain  Speed High   Time    Dir
----------------------------------------------------------------------------------
 1  11.3  13.4   9:54a   9.9  10:07a   7.0   0.0   0.0   8.7  26.0   9:58a   SSW
 2   9.3  14.3  11:44a   4.9   5:49a   9.0   0.0   1.2   7.3  29.0   7:15p   WSW
 3   9.5  14.3   2:44p   3.3   4:50a   8.8   0.0   0.2   4.2  20.0   2:01p   WSW
 4  12.3  17.7   4:52p   4.6   5:54a   6.0   0.0   0.0   4.9  19.0  11:07a     S
 5  13.7  20.4   5:05p   6.5   4:57a   4.9   0.3   0.0   3.2  17.0   3:16p    SE
 6  14.8  20.6   2:15p   9.2   5:43a   3.9   0.4   0.0   3.9  15.0  12:25p   ENE
 7  15.9  23.2   3:45p  10.9   5:35a   3.0   0.6   2.8   2.9  14.0  11:05a    NE
 8  18.4  25.2   3:33p  11.7   7:40a   2.2   2.2   0.6   5.9  22.0   2:15p     E
 9  17.4  24.4   3:01p  11.8   6:34a   2.5   1.5   0.4   6.7  25.0   4:02p   ENE
10  13.2  16.2   3:12p  11.3   7:21a   5.1   0.0   9.4   5.8  23.0   5:58p   ENE
11  13.7  16.7   4:36p  10.0   5:36a   4.6   0.0   1.4   6.2  18.0   1:58p    NE
12  15.2  22.9   2:49p   9.6   5:26a   4.2   1.0   0.0   7.5  23.0   4:03p    NE
13  10.1  17.2   1:56p   5.3   5:45a   8.2   0.0   0.0   6.1  19.0  10:34a    NE
14  10.3  17.1   4:37p   4.6   5:08a   8.0   0.0   0.0   2.6  14.0   9:43a   NNW
15  11.3  19.4   4:24p   5.6   4:47a   7.0   0.0   0.0   3.8  18.0  10:31a    NW
16  11.6  18.1   3:56p   6.1   5:30a   6.7   0.0   0.0   3.5  16.0   2:01p    NW
17  13.9  17.9   5:14p  10.5   7:34a   4.4   0.0   1.8   6.8  23.0   6:57p   SSW
18  10.9  13.6   2:44p   8.7   3:04a   7.4   0.0   7.8   4.0  18.0   7:42p   WNW
19  13.4  17.2   2:47p  11.9   5:23p   4.9   0.0   1.8   6.2  20.0   4:58p   SSW
20  14.1  17.3   4:23p  11.7  12:06a   4.2   0.0   1.0   7.6  25.0   5:30a   SSW
21  12.7  16.4   1:46p   9.2   5:07a   5.6   0.0   1.0   5.5  23.0  11:24a   SSW
22  12.2  17.8   1:48p   7.1   4:46a   6.1   0.0   0.6   3.8  18.0   8:11a   WNW
23  13.6  19.5   1:42p   7.3   5:07a   4.7   0.1   0.0   3.8  17.0  11:52a   NNW
24  11.7  18.3   2:03p   7.4  12:26a   6.6   0.0   0.0   5.3  19.0   1:40p    NE
25   9.9  11.7   2:03p   8.3   4:05a   8.4   0.0   0.4   3.2  13.0  12:32p     N
26  10.9  14.8   9:59a   5.8   4:52a   7.4   0.0   0.0   1.1  12.0   9:32a    NE
27  13.0  19.9   1:54p   7.4   4:54a   5.3   0.0   0.0   3.1  16.0   4:06p   ENE
28  13.6  20.2   2:44p   7.5   4:52a   4.8   0.1   0.0   3.4  13.0   3:14p    NE
29  14.2  20.4   5:25p  10.4  12:37a   4.2   0.1   0.0   4.6  17.0   9:51a    NE
30  13.8  19.6   3:49p   8.9   5:43a   4.6   0.1   0.0   6.4  22.0   8:44a     N
31  12.5  15.4  12:43p  11.1   8:28a   5.7   0.0   2.2   6.5  21.0  12:58p     N
----------------------------------------------------------------------------------
    12.9  25.2     8     3.3     3   175.4   6.4  32.6   5.0  29.0     2     NNE

Max >=  25.0:  1
Max <=   0.0:  0
Min <=   0.0:  0
Min <=  -2.0:  0
Max Rain: 9.4 on day 10
Days of Rain: 15 (>= 0.1 mm)  10 (>= 1.0 mm)  0 (>= 10.0 mm)
Heat Base: 18.3  Cool Base: 18.3  Method: Integration
:now::gauges::real time::current records::monthly records::all-time records::noaa report::trends::station::forum: