tamworth weather

 Latitude N 52 38' 53"    Longitude W 01 41' 24"    Elevation 84 m

NOAA Style Reports

The comparative data used are the 30-year (1971-2000) monthly averages from the Met Office Coleshill station, 11 miles due south of Tamworth.


Report for 2015 Nov
                   Monthly Climatological Summary for Nov 2015

Name: Tamworth Weather   City: Tamworth   County: Staffordshire   Country: UK
Elevation: 84 m  Lat: N 52 38' 53"   Lon: W 001 41' 24"

                  Temperature (C), Rain (mm), Wind Speed (mph)

                                      Heat  Cool        Avg
    Mean                              Deg   Deg         Wind                 Dom
Day Temp  High   Time   Low    Time   Days  Days  Rain  Speed High   Time    Dir
----------------------------------------------------------------------------------
 1   8.9  16.8   2:53p   4.4   7:19a   9.4   0.0   0.4   0.4   6.0   8:45a   WSW
 2   7.9   8.9   7:46p   4.9   9:00a  10.4   0.0   0.2   1.3  10.0  10:22p    SE
 3   9.8  10.9   8:56a   8.6   9:00a   8.5   0.0   1.2   1.2  10.0   9:41a     E
 4  12.4  14.3   1:24p  10.9   9:00a   5.9   0.0   1.4   3.0  15.0   7:53a   SSE
 5  13.5  14.4   2:01p  12.4   4:54a   4.8   0.0   1.2   5.6  19.0   1:31p     S
 6  13.5  16.4   3:32p  10.8   2:38a   4.8   0.0   3.4   5.5  25.0   8:41a     S
 7  11.6  16.8   1:32p   6.7   5:17a   6.7   0.0   2.2   6.3  31.0   9:56a    SW
 8  11.6  15.3   5:27p   8.3   4:21a   6.7   0.0   2.0   8.1  29.0   5:25p   SSW
 9  14.2  16.0   1:58a  10.5   9:00a   4.1   0.0   0.2  10.2  39.0   8:36p    SW
10  14.8  17.7  11:50a  12.4   7:18a   3.5   0.0   0.0   7.7  27.0  12:18p    SW
11  11.8  14.7  12:05p   7.9   7:21a   6.5   0.0   0.0   6.5  23.0  10:10a   SSW
12  11.3  13.9   6:23p   6.1   8:52a   7.0   0.0   4.0   9.8  31.0   7:33p   SSW
13   7.1   9.7   1:16p   5.8   4:36a  11.2   0.0   0.4   7.8  35.0   2:19p   WSW
14  12.4  14.8  11:46p   7.9   9:00a   5.8   0.0   2.6   9.7  29.0   6:30a    SW
15  13.2  15.2   1:51p  10.1   8:50a   5.1   0.0   0.8  10.2  33.0  12:11a    SW
16   9.4  10.9   2:24p   7.7   6:43a   8.9   0.0   1.2   4.5  24.0  12:06p    SW
17  11.3  14.6   3:33p   8.6   9:00a   7.0   0.0   0.4  10.9  56.0   7:46p    SW
18  11.1  13.3  11:23a   9.4   4:01a   7.2   0.0   2.8  10.0  37.0   2:03p   WSW
19   7.8  10.1  10:21a   5.7   4:16a  10.5   0.0   1.6   5.6  20.0   7:19p   WSW
20   4.2   8.4   2:34p   0.7   4:33a  14.1   0.0   1.2   8.2  29.0   6:05p   WNW
21   1.7   4.2  12:42p  -0.2   8:56p  16.6   0.0   0.0   4.3  27.0   9:44a    NW
22   1.9   6.8  12:19p  -0.9   6:19a  16.4   0.0   0.0   2.2  15.0   2:13p    NW
23   5.2   7.3   4:48a   0.3   9:00a  13.1   0.0   1.2   6.4  23.0   1:44a   SSW
24   7.7   9.4   2:25p   6.7   9:00a  10.6   0.0   1.0   5.8  20.0   2:50p     W
25   8.7   9.9   1:04p   7.8   7:32a   9.6   0.0   0.4   5.8  21.0   9:53a    NW
26   9.7  11.2   8:28a   7.9   9:00a   8.6   0.0   0.2   3.4  14.0   5:01a    SW
27   6.7  11.7  10:19a   2.8   7:04a  11.6   0.0   1.4   7.8  36.0   7:24p   WSW
28   7.6   9.4   8:25a   4.1   9:00a  10.6   0.0   2.4   9.3  29.0   3:20p    SW
29   8.3  12.3   1:14p   5.5   5:42a  10.0   0.0   2.0   9.9  42.0   2:07p   WSW
30   8.8  13.4   3:59p   6.1  11:53p   9.5   0.0   3.2   6.3  33.0  12:24p     W
----------------------------------------------------------------------------------
     9.5  17.7    10    -0.9    22   264.7   0.0  39.0   6.5  56.0    17      SW

Max >=  25.0:  0
Max <=   0.0:  0
Min <=   0.0:  2
Min <=  -2.0:  0
Max Rain: 4.0 on day 12
Days of Rain: 26 (>= 0.1 mm)  18 (>= 1.0 mm)  0 (>= 10.0 mm)
Heat Base: 18.3  Cool Base: 18.3  Method: Integration
:now::gauges::real time::current records::monthly records::all-time records::noaa report::trends::station::forum: