tamworth weather

 Latitude N 52 38' 53"    Longitude W 01 41' 24"    Elevation 84 m

NOAA Style Reports

The comparative data used are the 30-year (1971-2000) monthly averages from the Met Office Coleshill station, 11 miles due south of Tamworth.


Report for 2015 Aug
                   Monthly Climatological Summary for Aug 2015

Name: Tamworth Weather   City: Tamworth   County: Staffordshire   Country: UK
Elevation: 84 m  Lat: N 52 38' 53"   Lon: W 001 41' 24"

                  Temperature (C), Rain (mm), Wind Speed (mph)

                                      Heat  Cool        Avg
    Mean                              Deg   Deg         Wind                 Dom
Day Temp  High   Time   Low    Time   Days  Days  Rain  Speed High   Time    Dir
----------------------------------------------------------------------------------
 1  15.8  19.4   3:14p  12.7   4:27a   2.6   0.1   0.6   4.6  21.0   1:12p    SW
 2  19.7  24.4   4:59p  15.3   6:16a   0.5   1.8   0.0   5.7  19.0   3:41p   SSE
 3  17.3  21.9  11:16a  12.2   5:46a   2.0   1.0   0.0   7.5  24.0   8:31a   SSW
 4  16.0  19.3   4:01p  12.8   6:28a   2.4   0.1   0.0   7.0  25.0  10:48a   SSW
 5  16.6  19.3   4:30p  14.3   4:13a   1.9   0.1   0.6   5.0  20.0  12:13p     S
 6  16.0  21.8   2:41p  10.8   4:01a   3.1   0.8   0.2   3.7  20.0   2:21p   WNW
 7  16.9  22.9   3:25p  13.2   6:23a   2.0   0.6   0.0   1.4  10.0   2:29p     N
 8  18.8  25.2   4:52p  13.3   6:45a   1.6   2.1   0.0   4.0  16.0   5:07p   SSW
 9  19.3  23.0   4:54p  16.5  10:00a   0.5   1.4   0.0   5.7  18.0   9:55a   SSW
10  16.3  22.6   5:51p  10.8   5:44a   3.0   1.0   1.2   4.5  23.0   2:19p    SW
11  16.1  22.8   3:53p   9.8   6:24a   3.0   0.7   0.0   2.1  11.0   5:02p   NNW
12  17.9  25.3   3:16p  12.1   2:40a   2.3   1.8   0.0   4.9  15.0   6:51p   ENE
13  16.4  19.2   2:43p  14.3   9:42a   1.9   0.1  10.0   5.3  19.0   2:33p    NE
14  13.6  15.3   5:28p  10.6   5:48a   4.7   0.0   1.8   3.9  14.0   7:07p    NW
15  13.5  19.3   6:14p   7.3   5:34a   4.8   0.0   0.0   2.5  15.0  11:42a   WNW
16  15.0  20.7   2:27p   9.2   4:46a   3.6   0.3   0.0   1.1   8.0  11:02a   NNE
17  15.8  21.3   3:09p  11.0   6:24a   3.0   0.6   0.0   2.9  16.0   9:55a    NW
18  16.2  18.8   3:45p  12.2   6:17a   2.2   0.1   0.0   4.2  17.0   1:30p     W
19  15.7  19.5  12:43p  14.4  10:09p   2.6   0.1   1.6   5.1  22.0   2:40p     S
20  18.9  20.7   5:50p  17.2  10:07a   0.2   0.8   0.0   5.7  18.0  10:06p     S
21  18.5  20.8   4:04p  16.5   3:39a   0.6   0.9   0.0   5.4  22.0   4:09p     S
22  21.7  28.4   4:18p  16.5   6:08a   0.2   3.6   0.4   4.4  20.0   7:54a   ESE
23  15.3  25.2  12:00p  10.3   4:34a   3.8   0.7   3.8   3.2  21.0  12:48p     S
24  14.6  18.8   2:24p  10.6   6:35a   3.8   0.0   1.4   4.3  16.0   9:02a     W
25  15.0  16.4  10:58a  13.9   2:36a   3.3   0.0   7.2   6.3  21.0   5:06a     S
26  15.9  20.5   4:37p  12.5   7:29a   2.7   0.3   0.0   6.8  24.0  10:37a   SSW
27  14.4  19.1   1:10p  10.3   5:22a   3.9   0.0   0.2   4.9  22.0   3:13p    SW
28  15.6  19.6   3:39p  12.6   3:02a   2.8   0.1   0.0   5.6  20.0   1:47p    SW
29  16.3  21.2   3:36p  11.9   6:45a   2.5   0.5   0.0   2.6  19.0  12:24p    SW
30  15.4  18.8   4:28p  12.9   7:36a   2.9   0.0   7.8   1.8   9.0   6:27a     N
31  13.2  15.4   5:40p  11.4   6:45a   5.1   0.0   5.8   2.5  16.0  10:23a     N
----------------------------------------------------------------------------------
    16.4  28.4    22     7.3    15    79.5  19.6  42.6   4.3  25.0     4     SSW

Max >=  25.0:  4
Max <=   0.0:  0
Min <=   0.0:  0
Min <=  -2.0:  0
Max Rain: 10.0 on day 13
Days of Rain: 14 (>= 0.1 mm)  9 (>= 1.0 mm)  1 (>= 10.0 mm)
Heat Base: 18.3  Cool Base: 18.3  Method: Integration
:now::gauges::real time::current records::monthly records::all-time records::noaa report::trends::station::forum: