tamworth weather

 Latitude N 52 38' 53"    Longitude W 01 41' 24"    Elevation 84 m

NOAA Style Reports

The comparative data used are the 30-year (1971-2000) monthly averages from the Met Office Coleshill station, 11 miles due south of Tamworth.


Report for 2015 Jul
                   Monthly Climatological Summary for Jul 2015

Name: Tamworth Weather   City: Tamworth   County: Staffordshire   Country: UK
Elevation: 84 m  Lat: N 52 38' 53"   Lon: W 001 41' 24"

                  Temperature (C), Rain (mm), Wind Speed (mph)

                                      Heat  Cool        Avg
    Mean                              Deg   Deg         Wind                 Dom
Day Temp  High   Time   Low    Time   Days  Days  Rain  Speed High   Time    Dir
----------------------------------------------------------------------------------
 1  25.4  32.8   4:56p  16.7   6:30a   0.1   7.2   0.0   4.4  15.0   1:49p   SSW
 2  15.5  22.4   3:41p   9.6   4:59a   3.4   0.6   2.2   2.2  24.0   4:38p   WSW
 3  19.0  24.7   3:08p  14.8   2:40a   1.1   1.8   5.4   5.1  19.0   6:05p     E
 4  18.5  24.4   2:00p  11.3   5:07a   1.9   2.1   0.0   4.4  24.0   2:51p    SW
 5  15.2  21.8   1:21p  10.6   5:16a   3.3   0.3   1.2   4.4  26.0   2:35p   SSW
 6  16.8  19.1   7:16p  14.4   1:07p   1.5   0.1   1.0   5.9  23.0   3:14p     S
 7  16.0  19.7   1:48p  13.1   5:42a   2.5   0.1   2.2   7.1  26.0   3:03p   WSW
 8  13.7  17.8   4:49p   8.9   5:25a   4.6   0.0   0.2   7.5  27.0   1:28p   WNW
 9  16.4  21.7   5:29p  11.8   5:48a   2.3   0.5   0.0   3.1  13.0   2:40p     W
10  20.3  25.8   4:40p  15.6   5:50a   0.5   2.6   0.0   5.1  18.0   3:09p   SSW
11  17.2  21.9   1:35p  13.8   2:45a   1.8   0.7   3.8   6.8  20.0   5:12a    SW
12  17.1  22.3   3:47p  13.8   8:40a   2.0   0.8   4.0   4.1  22.0   3:52p     W
13  17.2  19.7   4:43p  14.5  10:00a   1.3   0.1   1.4   4.6  19.0   2:02p   WSW
14  16.0  20.2   3:34p  11.7   3:34a   2.6   0.3   1.2   2.6  13.0   2:13a    NW
15  14.7  20.8   4:37p   8.2   5:06a   3.9   0.4   0.0   3.8  16.0  11:37a    NW
16  18.6  22.9   5:58p  14.1   3:05a   1.0   1.3   0.0   5.4  21.0   8:55a   ESE
17  15.8  20.1   2:42p  10.9   4:48a   2.9   0.4   0.0   7.4  25.0   7:49p   WSW
18  17.0  21.9   5:36p  12.9   6:07a   2.0   0.7   2.4   5.1  21.0  10:51a    SW
19  15.9  20.8   4:16p  11.3   3:02a   2.8   0.3   0.0   4.1  25.0   3:44p     W
20  17.2  22.9   4:16p  12.6   4:58a   1.8   0.7   0.4   7.1  26.0   9:27p    SW
21  17.7  21.7   3:31p  14.3   7:09a   1.4   0.8   0.0   6.2  24.0  11:33a   WSW
22  14.6  18.4   5:38p  10.8   5:52a   3.7   0.0   1.2   3.8  15.0   4:08p   WSW
23  15.0  18.6   1:52p  11.8   6:45a   3.3   0.0   0.2   2.9  17.0   1:34p   WSW
24  11.8  16.2   9:45a   9.3   5:10a   6.5   0.0   4.4   4.2  17.0   4:08p     N
25  14.6  20.3   3:50p   8.9   5:08a   3.9   0.2   0.0   3.7  19.0   2:47p   WNW
26  13.6  16.6   9:55a  12.1  11:47a   4.7   0.0   9.6   5.0  19.0   9:53a   SSW
27  14.8  17.6   1:49p  12.4   5:57a   3.5   0.0   0.0   7.5  26.0   1:38a   WSW
28  13.0  17.2   4:10p   9.4   5:39a   5.3   0.0   1.8   6.0  23.0   4:19p     W
29  13.2  18.9   3:36p   9.5   4:24a   5.1   0.0   0.0   5.4  21.0   3:45p   WNW
30  12.4  18.7   3:35p   6.2   5:49a   5.9   0.0   0.0   3.5  19.0   2:00p   WNW
31  15.5  20.4   3:29p  11.0   6:10a   3.1   0.3   0.0   3.9  15.0   1:46p   SSW
----------------------------------------------------------------------------------
    16.1  32.8     1     6.2    30    89.7  22.3  42.6   4.9  27.0     8     WSW

Max >=  25.0:  2
Max <=   0.0:  0
Min <=   0.0:  0
Min <=  -2.0:  0
Max Rain: 9.6 on day 26
Days of Rain: 17 (>= 0.1 mm)  14 (>= 1.0 mm)  0 (>= 10.0 mm)
Heat Base: 18.3  Cool Base: 18.3  Method: Integration
:now::gauges::real time::current records::monthly records::all-time records::noaa report::trends::station::forum: