tamworth weather

 Latitude N 52 38' 53"    Longitude W 01 41' 24"    Elevation 84 m

NOAA Style Reports

The comparative data used are the 30-year (1971-2000) monthly averages from the Met Office Coleshill station, 11 miles due south of Tamworth.


Report for 2015 Jun
                   Monthly Climatological Summary for Jun 2015

Name: Tamworth Weather   City: Tamworth   County: Staffordshire   Country: UK
Elevation: 84 m  Lat: N 52 38' 53"   Lon: W 001 41' 24"

                  Temperature (C), Rain (mm), Wind Speed (mph)

                                      Heat  Cool        Avg
    Mean                              Deg   Deg         Wind                 Dom
Day Temp  High   Time   Low    Time   Days  Days  Rain  Speed High   Time    Dir
----------------------------------------------------------------------------------
 1  11.6  14.6   9:51a   8.8   4:23p   6.7   0.0   4.2  10.8  34.0   9:26p   SSW
 2  13.7  18.6   1:10p  10.1   5:47a   4.6   0.0   0.0   9.8  37.0   1:54p   WSW
 3  13.2  18.3   4:15p   6.6   5:00a   5.1   0.0   0.0   3.0  18.0  11:07a     W
 4  16.3  21.8   3:55p  11.1   2:14a   2.8   0.8   0.0   3.5  17.0   2:15p   SSE
 5  14.3  22.8   2:15p   8.4   4:42a   4.7   0.7   0.0   7.0  22.0   3:10p   WSW
 6  12.7  17.3   2:46p   7.8   4:57a   5.6   0.0   0.0   7.3  28.0   2:06p   WSW
 7  12.6  18.9   2:15p   6.6   4:16a   5.7   0.0   0.0   4.4  18.0  12:50p    NW
 8  11.2  19.6   2:35p   4.2   4:51a   7.1   0.1   0.0   4.5  22.0   6:35p    NE
 9  10.0  15.6   3:51p   3.7   5:10a   8.3   0.0   0.0   5.1  20.0   5:51p    NE
10  11.4  17.0   3:51p   5.7   4:28a   6.9   0.0   0.0   5.2  19.0   3:20p   ENE
11  15.6  22.9   4:33p   8.4   4:33a   3.7   1.0   0.0   5.1  19.0  11:56a   ENE
12  16.1  22.2  12:31p  12.8   9:46a   2.6   0.4   9.0   3.4  15.0  12:16p    NE
13  12.7  14.9   5:41p  10.2   5:20a   5.6   0.0   3.0   2.5  15.0   8:58a   NNW
14  11.7  17.1   2:34p   7.0   4:52a   6.6   0.0   0.0   4.6  19.0   6:01p    NE
15  15.2  20.3   4:44p  11.6   4:49a   3.2   0.1   0.0   2.4  13.0   3:31a    SE
16  17.5  23.8   3:04p  12.9   4:06a   2.0   1.2   0.0   3.7  21.0   1:24p     W
17  15.9  21.9   1:16p  10.3   5:03a   3.0   0.6   0.0   6.0  24.0   1:48p     W
18  13.6  18.7   3:28p  10.5   5:57a   4.7   0.0   0.0   5.1  20.0   1:43p   WNW
19  14.2  18.8   4:16p  12.5   6:37a   4.1   0.0   0.4   4.1  18.0   7:51p   WNW
20  16.2  21.0   5:00p  13.2   6:51a   2.5   0.4   1.8   3.9  20.0   6:08a     W
21  13.6  17.4   1:06p  10.0   5:43a   4.7   0.0   0.0   6.3  24.0   1:08p     W
22  12.7  16.6   5:10p   9.5   3:09a   5.6   0.0   0.6   5.2  25.0   5:48p    NW
23  16.6  23.2   5:43p  12.1   2:50a   2.4   0.6   0.0   2.5  14.0   9:50a   WNW
24  17.0  21.4   2:46p  12.7   4:39a   1.9   0.6   0.0   3.6  17.0   2:37p   WSW
25  18.4  23.2   5:38p  14.4   4:37a   1.1   1.2   0.0   3.6  14.0   3:12p   SSW
26  15.9  20.4   5:56p  11.8   5:15a   2.6   0.2   0.8   4.3  23.0   6:32p    SW
27  17.8  23.1   3:08p  13.6   5:22a   1.6   1.0   1.8   4.7  19.0   1:11p    SW
28  16.3  21.8   5:11p  12.4   5:27a   2.5   0.5   0.2   5.7  26.0   3:39p    SW
29  18.9  23.4   4:52p  13.1   5:07a   1.0   1.6   0.0   3.1  14.0   5:02p   SSW
30  22.9  28.9   4:55p  16.0   5:30a   0.3   5.0   0.0   3.9  15.0   5:35p    SE
----------------------------------------------------------------------------------
    14.9  28.9    30     3.7     9   119.2  16.0  21.8   4.8  37.0     2       W

Max >=  25.0:  1
Max <=   0.0:  0
Min <=   0.0:  0
Min <=  -2.0:  0
Max Rain: 9.0 on day 12
Days of Rain: 9 (>= 0.1 mm)  5 (>= 1.0 mm)  0 (>= 10.0 mm)
Heat Base: 18.3  Cool Base: 18.3  Method: Integration
:now::gauges::real time::current records::monthly records::all-time records::noaa report::trends::station::forum: