tamworth weather

 Latitude N 52 38' 53"    Longitude W 01 41' 24"    Elevation 84 m

NOAA Style Reports

The comparative data used are the 30-year (1971-2000) monthly averages from the Met Office Coleshill station, 11 miles due south of Tamworth.


Report for 2015 May
                   Monthly Climatological Summary for May 2015

Name: Tamworth Weather   City: Tamworth   County: Staffordshire   Country: UK
Elevation: 84 m  Lat: N 52 38' 53"   Lon: W 001 41' 24"

                  Temperature (C), Rain (mm), Wind Speed (mph)

                                      Heat  Cool        Avg
    Mean                              Deg   Deg         Wind                 Dom
Day Temp  High   Time   Low    Time   Days  Days  Rain  Speed High   Time    Dir
----------------------------------------------------------------------------------
 1   7.0  13.1   1:27p   2.6   2:54a  11.3   0.0   0.0   5.0  21.0   2:48p   ENE
 2   8.9  12.2   9:56a   6.9   1:37a   9.4   0.0   5.8   7.9  21.0   9:06p     E
 3  13.4  19.1   3:25p   9.3   5:45a   4.9   0.0   0.2   7.3  28.0   4:21p    SW
 4  12.9  15.7   1:50p  10.1  12:45a   5.4   0.0   7.2   5.2  25.0   9:55a   SSE
 5  10.3  14.7   2:57p   7.5   5:47a   8.0   0.0   1.8  11.3  37.0  12:22p   SSW
 6   9.2  12.1   5:49p   5.9   5:28a   9.1   0.0   2.0   8.0  32.0   5:53p    SW
 7   9.6  13.2   9:53a   5.9   5:12a   8.7   0.0   7.4   2.1  22.0   1:22p     W
 8  11.6  14.5  11:33a   9.2   6:17a   6.7   0.0   1.8   6.9  24.0   9:42a     S
 9  10.2  12.6  12:10p   7.7   1:46a   8.1   0.0   0.0   5.0  24.0  10:58a   WSW
10  13.5  16.7   4:51p  11.2   5:50a   4.8   0.0   0.0   7.7  24.0   3:40p     S
11  14.5  19.6   3:20p   9.9   8:25a   4.0   0.2   0.0   7.3  25.0   2:30p    SW
12  11.7  15.8   3:07p   6.4   5:35a   6.6   0.0   0.0   6.6  31.0   2:34p   WSW
13  11.2  18.7   3:32p   5.3   3:10a   7.2   0.0   0.0   3.6  19.0   9:23a   ENE
14   8.3   9.5  12:41p   6.7   5:57a  10.0   0.0   1.6   5.1  20.0   2:02p   ENE
15  12.6  15.3   5:38p   8.9  10:13a   5.7   0.0   0.0   5.9  25.0   9:30a   WSW
16  11.2  16.3   3:41p   6.4   5:27a   7.1   0.0   0.0   6.2  21.0  11:41a     W
17  10.5  13.5   3:26p   7.1   6:14a   7.8   0.0   4.2   6.1  19.0  10:39a    SW
18   8.8  13.1   3:53p   6.3   4:06a   9.5   0.0   4.4   6.9  26.0   3:08p   WSW
19   8.5  12.8   1:48p   5.5   3:46a   9.8   0.0   1.6   6.9  23.0   1:24a     W
20  10.3  13.3   9:43a   7.7   5:56a   8.0   0.0   0.0   5.2  22.0  11:27a   WNW
21  14.1  19.7   4:42p  11.2   5:23a   4.2   0.0   0.0   4.6  15.0   4:40p     W
22  14.1  20.2   2:28p   8.6   5:38a   4.3   0.1   0.0   4.4  16.0   8:38p   WNW
23  13.3  16.2   5:08p  10.6   4:52a   5.0   0.0   0.0   2.5  10.0   9:25a   SSE
24  11.2  15.4  12:21p   7.3   1:06a   7.1   0.0   0.0   4.3  17.0   1:04p   WNW
25  11.8  13.9   3:39p   9.8  12:21a   6.5   0.0   0.0   4.5  20.0   9:11a   WNW
26  11.0  16.2  11:01a   6.0   5:09a   7.3   0.0   0.0   5.0  22.0  10:53a   WNW
27  12.5  17.2   2:06p   8.7   5:04a   5.8   0.0   0.4   7.6  25.0   7:12p   WSW
28  11.4  15.2   3:33p   8.9   9:35a   6.9   0.0   3.2   6.5  25.0   2:44p   WSW
29   9.8  13.4   4:17p   6.2   5:01a   8.5   0.0   0.6   6.7  30.0   1:15p     W
30  12.8  15.9   2:15p  10.1   2:03a   5.4   0.0   2.4   6.0  18.0   3:18a   SSW
31   9.5  13.5   5:30p   6.1   4:56a   8.8   0.0   0.4   6.6  22.0   2:09p   WSW
----------------------------------------------------------------------------------
    11.2  20.2    22     2.6     1   221.9   0.3  45.0   6.0  37.0     5     WSW

Max >=  25.0:  0
Max <=   0.0:  0
Min <=   0.0:  0
Min <=  -2.0:  0
Max Rain: 7.4 on day 7
Days of Rain: 16 (>= 0.1 mm)  12 (>= 1.0 mm)  0 (>= 10.0 mm)
Heat Base: 18.3  Cool Base: 18.3  Method: Integration
:now::gauges::real time::current records::monthly records::all-time records::noaa report::trends::station::forum: