tamworth weather

 Latitude N 52 38' 53"    Longitude W 01 41' 24"    Elevation 84 m

NOAA Style Reports

The comparative data used are the 30-year (1971-2000) monthly averages from the Met Office Coleshill station, 11 miles due south of Tamworth.


Report for 2015 Apr
                   Monthly Climatological Summary for Apr 2015

Name: Tamworth Weather   City: Tamworth   County: Staffordshire   Country: UK
Elevation: 84 m  Lat: N 52 38' 53"   Lon: W 001 41' 24"

                  Temperature (C), Rain (mm), Wind Speed (mph)

                                      Heat  Cool        Avg
    Mean                              Deg   Deg         Wind                 Dom
Day Temp  High   Time   Low    Time   Days  Days  Rain  Speed High   Time    Dir
----------------------------------------------------------------------------------
 1   6.8   9.7   3:04p   4.6   6:00a  11.5   0.0   6.4   6.3  25.0  12:44p     W
 2   8.7  11.7   1:44p   6.0  10:00a   9.6   0.0   1.6   3.1  13.0  11:25p     S
 3   8.4  11.6   4:20p   6.9   4:28a   9.9   0.0   2.0   5.3  22.0   6:31p    NW
 4   8.8  13.2   4:11p   6.0   7:02a   9.5   0.0   0.0   3.1  14.0  11:17a     N
 5   9.6  15.7   4:00p   5.2   4:50a   8.7   0.0   0.0   2.6  14.0   4:33p   NNE
 6  11.2  20.4   4:12p   4.5   6:41a   7.3   0.1   0.0   2.5  11.0   4:37p    NW
 7  11.9  19.9   1:11p   5.2   5:59a   6.5   0.0   0.0   2.3  13.0   4:01p    NW
 8  10.7  16.5   3:13p   5.3   6:05a   7.6   0.0   0.0   2.5  11.0   1:14p     E
 9  12.1  19.1   3:06p   4.9   7:02a   6.2   0.0   0.0   2.4  12.0   2:22p     S
10  13.6  19.7   5:30p   5.3   9:06a   4.8   0.1   1.2   7.8  26.0   1:05a   SSW
11   8.2  12.1   4:14p   5.1   4:13a  10.1   0.0   0.0   7.9  27.0   9:41a   WSW
12   6.3  15.1   1:49p   0.8   6:12a  12.0   0.0   2.4   5.9  33.0  11:27a   WSW
13  11.2  15.6   5:27p   7.3  10:00a   7.1   0.0   0.2   4.4  15.0   4:14p   SSW
14  14.2  19.7   5:02p   9.5   4:59a   4.2   0.2   0.0   5.6  17.0   3:06p    SW
15  11.9  19.3   4:33p   7.3   6:09a   6.4   0.0   0.0   3.7  18.0  10:12a    NW
16  10.1  15.1   4:40p   5.4   6:29a   8.2   0.0   0.0   3.5  12.0   3:52p   ENE
17   7.5  11.7   2:10p   1.9   6:17a  10.8   0.0   0.0   6.2  21.0   8:27a   ENE
18   8.3  14.6   3:51p   3.2   1:18a  10.0   0.0   0.0   6.3  21.0  12:07p   ENE
19   6.4  13.8   4:21p   1.1   7:05a  11.9   0.0   0.0   3.1  23.0   6:20p   NNE
20   9.8  16.0   4:18p   3.4   6:13a   8.5   0.0   0.0   2.0  13.0   1:29p    NE
21  11.1  20.1   3:44p   3.4   6:13a   7.3   0.0   0.0   3.2  14.0   5:38p   ENE
22  10.0  15.9  12:46p   2.9   5:53a   8.3   0.0   0.0   3.5  16.0  12:57p     E
23  12.1  17.8   1:56p   7.1   5:58a   6.2   0.0   0.0   2.7  10.0   5:39p   SSE
24  13.1  16.5  11:24a   9.8   6:42a   5.2   0.0   0.0   5.9  18.0   9:58p    SW
25   9.3  16.8   3:31p   4.9   3:04a   9.0   0.0   1.4   5.2  21.0   1:52p   WNW
26   7.6  15.2   1:51p   1.0   6:13a  10.7   0.0   0.0   3.6  20.0   5:20p    NW
27   6.6  11.6   3:14p   2.6   4:47a  11.7   0.0   0.6   5.0  26.0   9:46a    SW
28   8.6  12.7   3:32p   5.3   7:29a   9.7   0.0   1.8   7.8  24.0   1:28p    SW
29   8.6  12.9   4:19p   5.1   4:24a   9.7   0.0   0.0   7.3  24.0   2:15p   WSW
30   6.8  13.1   2:32p   0.9   5:00a  11.6   0.0   0.0   4.4  19.0   9:49a     N
----------------------------------------------------------------------------------
     9.7  20.4     6     0.8    12   260.2   0.4  17.6   4.5  33.0    12       W

Max >=  25.0:  0
Max <=   0.0:  0
Min <=   0.0:  0
Min <=  -2.0:  0
Max Rain: 6.4 on day 1
Days of Rain: 9 (>= 0.1 mm)  7 (>= 1.0 mm)  0 (>= 10.0 mm)
Heat Base: 18.3  Cool Base: 18.3  Method: Integration
:now::gauges::real time::current records::monthly records::all-time records::noaa report::trends::station::forum: