tamworth weather

 Latitude N 52 38' 53"    Longitude W 01 41' 24"    Elevation 84 m

NOAA Style Reports

The comparative data used are the 30-year (1971-2000) monthly averages from the Met Office Coleshill station, 11 miles due south of Tamworth.


Report for 2015 Mar
                   Monthly Climatological Summary for Mar 2015

Name: Tamworth Weather   City: Tamworth   County: Staffordshire   Country: UK
Elevation: 84 m  Lat: N 52 38' 53"   Lon: W 001 41' 24"

                  Temperature (C), Rain (mm), Wind Speed (mph)

                                      Heat  Cool        Avg
    Mean                              Deg   Deg         Wind                 Dom
Day Temp  High   Time   Low    Time   Days  Days  Rain  Speed High   Time    Dir
----------------------------------------------------------------------------------
 1   4.3   8.7  12:00p   2.0   7:28a  14.0   0.0   2.4   8.4  35.0   5:31p   WSW
 2   3.9   7.3   2:45p   1.9   7:31a  14.4   0.0   0.2   8.6  34.0   2:05p   WSW
 3   4.6   7.6   2:01p   2.9   5:06a  13.7   0.0   0.0   9.6  29.0   4:14p   WSW
 4   5.0   9.8   1:57p   1.3   5:47a  13.3   0.0   0.0   5.9  30.0  10:34a     W
 5   7.6   8.8   3:18p   5.0   9:00a  10.7   0.0   0.0   6.2  20.0  11:29a    SW
 6   8.8  12.8   3:35p   6.9   6:45a   9.5   0.0   0.0   9.1  26.0  11:29p   SSW
 7   9.9  15.4   3:19p   6.1   2:18a   8.4   0.0   0.0   8.2  25.0   1:11p   SSW
 8   4.7   9.8   1:09p  -0.8   3:58a  13.7   0.0   2.0   3.8  21.0   9:21a    SW
 9   7.2  10.6   4:59p   2.7   6:37a  11.1   0.0   0.2   6.5  28.0   4:14p    SW
10   6.3  14.3   3:41p   1.0   1:13a  12.0   0.0   0.0   2.6  14.0   3:19a    NW
11   9.5  11.8   3:04p   5.8   9:00a   8.8   0.0   0.0   5.4  24.0   1:33p   SSE
12   8.8  12.8  12:28p   4.2   5:51a   9.5   0.0  17.2   5.4  22.0  12:37p   SSE
13   5.2  10.1   3:11p   2.6   3:13a  13.1   0.0   1.2   5.7  18.0  11:17p   NNE
14   4.6   7.0   3:07p   2.4   8:03p  13.7   0.0   0.0   6.2  18.0   9:37a    NE
15   4.9   7.1  11:43a   4.1   6:29p  13.2   0.0   0.2   6.2  18.0   9:29a    NE
16   5.2   8.3   2:39p   3.0   6:10a  13.1   0.0   1.2   4.0  16.0   1:47p   ENE
17   4.0   9.3   5:05p  -0.4   7:07a  14.3   0.0   0.2   1.1   8.0   9:32a   NNE
18   6.4  13.4   3:00p   1.8   2:11a  11.9   0.0   0.0   3.3  12.0   5:41p   NNE
19   5.2   8.6   1:38p   2.5   1:12a  13.1   0.0   0.0   2.3  15.0   1:05p   NNE
20   7.9  14.0   1:59p   2.8   6:43a  10.4   0.0   0.0   4.7  19.0   8:54a    NW
21   6.4  11.0   2:01p   3.9   6:12a  11.9   0.0   0.0   4.5  22.0   1:28p   NNE
22   5.7  10.7   3:47p   2.0   6:32a  12.6   0.0   0.0   2.9  13.0   4:39a     S
23   5.6   9.6   4:25p   1.6   4:52a  12.7   0.0   0.0   3.5  16.0  11:29a     W
24   4.5   9.7   3:43p   0.1   5:21a  13.8   0.0   0.0   3.4  18.0   1:46p   WNW
25   6.1  12.1   3:47p   2.0   4:38a  12.2   0.0   5.8   4.5  23.0   2:56a     S
26   6.5  11.1   2:41p   2.8   6:06a  11.8   0.0   0.2   8.1  36.0   5:10p   WNW
27   8.6  11.4   3:09p   5.8   9:00a   9.7   0.0   0.4   4.7  19.0   7:34a   SSW
28  10.5  14.3   3:22p   6.8   8:56a   7.8   0.0   4.0   9.0  26.0   2:18p    SW
29   7.5  12.7   1:12p   4.2   5:09a  10.8   0.0   1.2  10.8  45.0   1:30p     W
30   8.6  11.9   1:11a   5.6   8:57a   9.7   0.0   6.8  11.5  44.0   1:39a   WSW
31   6.1  10.2   1:58p   3.7   6:45a  12.2   0.0   1.2  12.1  37.0  12:18a     W
----------------------------------------------------------------------------------
     6.5  15.4     7    -0.8     8   367.1   0.0  44.4   6.1  45.0    29     WSW

Max >=  25.0:  0
Max <=   0.0:  0
Min <=   0.0:  2
Min <=  -2.0:  0
Max Rain: 17.2 on day 12
Days of Rain: 16 (>= 0.1 mm)  10 (>= 1.0 mm)  1 (>= 10.0 mm)
Heat Base: 18.3  Cool Base: 18.3  Method: Integration
:now::gauges::real time::current records::monthly records::all-time records::noaa report::trends::station::forum: