tamworth weather

 Latitude N 52 38' 53"    Longitude W 01 41' 24"    Elevation 84 m

NOAA Style Reports

The comparative data used are the 30-year (1971-2000) monthly averages from the Met Office Coleshill station, 11 miles due south of Tamworth.


Report for 2015 Feb
                   Monthly Climatological Summary for Feb 2015

Name: Tamworth Weather   City: Tamworth   County: Staffordshire   Country: UK
Elevation: 84 m  Lat: N 52 38' 53"   Lon: W 001 41' 24"

                  Temperature (C), Rain (mm), Wind Speed (mph)

                                      Heat  Cool        Avg
    Mean                              Deg   Deg         Wind                 Dom
Day Temp  High   Time   Low    Time   Days  Days  Rain  Speed High   Time    Dir
----------------------------------------------------------------------------------
 1   0.6   4.1   1:49p  -1.4   1:11a  17.7   0.0   0.0   5.5  26.0  12:41p   WNW
 2  -0.1   2.5   2:04p  -2.2   5:36a  18.4   0.0   0.0   3.5  12.0  11:43a    NW
 3   1.6   7.6   3:07p  -1.4   7:40a  16.7   0.0   0.0   3.4  16.0  12:27p   NNW
 4   2.2   5.6  12:34p  -0.5   9:00a  16.1   0.0   0.0   4.6  17.0   1:24p    NW
 5   0.6   3.5  12:58p  -1.9   3:26a  17.7   0.0   0.6   3.1  11.0   3:29p   NNE
 6   1.3   6.6  12:05p  -1.4   2:38a  17.0   0.0   0.4   3.1  14.0   3:49p   NNE
 7   1.6   4.6   2:06p  -0.4   7:40a  16.7   0.0   0.0   3.5  12.0   3:38p   NNW
 8   4.3   6.8   2:24p  -0.4   9:00a  14.0   0.0   0.0   5.6  20.0   5:38a    NW
 9   4.9   8.3   2:07p   3.2   8:54a  13.4   0.0   0.0   4.2  22.0  11:39a   WNW
10   3.5   4.3   3:25p   2.8   1:07p  14.8   0.0   0.0   2.8  12.0   1:00p     S
11   3.9   4.1   1:07p   3.6   9:00a  14.4   0.0   0.0   1.3   9.0  12:36p     S
12   3.8   6.3   8:58a   2.2  10:11p  14.5   0.0   0.0   5.0  22.0   7:25a   SSE
13   6.0   8.7  12:00p   4.3  12:34a  12.2   0.0   1.4   5.9  24.0  11:45a   ESE
14   6.0   8.0   1:56p   4.7   4:52a  12.3   0.0   0.2   4.0  15.0  10:00a   ENE
15   5.4   6.8   3:48p   4.1   2:48a  12.9   0.0   1.2   3.7  13.0   3:14a   SSE
16   3.8   7.1   4:33p   0.9   3:45a  14.5   0.0   1.8   3.8  14.0   9:35p   WNW
17   5.5   8.9   2:29p   2.6   9:00a  12.8   0.0   0.0   5.1  19.0   1:44p    SW
18   7.4  10.8   2:31p   4.8   9:00a  10.9   0.0   0.2   8.5  23.0   7:37p   SSW
19   5.5   7.9   3:28p   1.9   8:28a  12.8   0.0   5.6   4.9  24.0  10:05a    SW
20   3.7   6.4   3:12p   1.5   7:45a  14.6   0.0   0.0   3.6  14.0   8:24a     W
21   2.4   6.6   1:23p  -0.6   5:58a  15.9   0.0   0.2   5.3  25.0   3:25p     W
22   4.5   7.9   9:17p   0.9   9:00a  13.8   0.0   5.6   8.5  32.0   1:17p   SSW
23   4.8   6.9   1:09p   3.6   8:24p  13.4   0.0   1.8   9.9  31.0  12:25a    SW
24   5.1   8.2   2:06p   2.7   6:28p  13.2   0.0   1.6   6.9  31.0   2:23p   WSW
25   9.6  12.7   1:40p   6.0   9:00a   8.7   0.0   0.2   4.6  19.0   6:41a   SSW
26   4.3  10.3   9:36a   0.7   3:46a  14.0   0.0   1.6   5.0  36.0   1:40p     W
27   6.2   8.4   1:06p   3.4   9:00a  12.1   0.0   0.2   6.2  18.0  12:43p   SSW
28   8.5  11.0  11:12p   5.7   6:42a   9.8   0.0   0.4   9.9  34.0  12:26a    SW
----------------------------------------------------------------------------------
     4.2  12.7    25    -2.2     2   395.3   0.0  23.0   5.0  36.0    26     WSW

Max >=  25.0:  0
Max <=   0.0:  0
Min <=   0.0:  9
Min <=  -2.0:  1
Max Rain: 5.6 on day 19
Days of Rain: 16 (>= 0.1 mm)  8 (>= 1.0 mm)  0 (>= 10.0 mm)
Heat Base: 18.3  Cool Base: 18.3  Method: Integration
:now::gauges::real time::current records::monthly records::all-time records::noaa report::trends::station::forum: