tamworth weather

 Latitude N 52 38' 53"    Longitude W 01 41' 24"    Elevation 84 m

NOAA Style Reports

The comparative data used are the 30-year (1971-2000) monthly averages from the Met Office Coleshill station, 11 miles due south of Tamworth.


Report for 2014 Dec
                   Monthly Climatological Summary for Dec 2014

Name: Tamworth Weather   City: Tamworth   County: Staffordshire   Country: UK
Elevation: 84 m  Lat: N 52 38' 53"   Lon: W 001 41' 24"

                  Temperature (C), Rain (mm), Wind Speed (mph)

                                      Heat  Cool        Avg
    Mean                              Deg   Deg         Wind                 Dom
Day Temp  High   Time   Low    Time   Days  Days  Rain  Speed High   Time    Dir
----------------------------------------------------------------------------------
 1   6.6   7.2   9:02a   6.0   8:10p  11.7   0.0   0.0   2.7  20.0   5:28a   NNW
 2   3.2   9.0  12:23p  -0.2   7:11a  15.1   0.0   0.0   4.7  23.0  12:55p   NNW
 3   3.9   9.3  12:34p   0.7   9:00a  14.4   0.0   0.0   2.6  11.0   1:03p     N
 4   3.8   5.1  11:58a   2.1   5:03a  14.4   0.0   0.2   1.2  10.0   8:50a    NW
 5   2.9   7.6   2:34p  -1.1   3:42a  15.2   0.0   0.0   3.9  19.0  12:00p   WNW
 6   6.5   9.3   6:59a   1.8   9:00a  11.8   0.0   0.4   5.3  23.0   8:38a   SSW
 7   4.3   8.9  10:43a   2.1   5:46a  14.0   0.0   0.0   6.4  29.0  11:18a   WSW
 8   2.8   5.9  12:09p   0.7   6:03a  15.5   0.0   1.0   4.6  20.0  12:08p     W
 9   7.0  10.8  10:29p   1.7   9:00a  11.3   0.0   1.4  10.1  31.0   4:38p    SW
10   5.6   7.7   1:37p   2.9   6:56a  12.7   0.0   2.8   9.2  33.0   1:19p   WSW
11   5.7   8.3   3:59a   4.7   9:43a  12.6   0.0   9.6   7.6  28.0   3:52a   WSW
12   2.4   5.1   9:00a  -0.3   3:31a  15.9   0.0   0.2   3.5  17.0   6:19p   WSW
13   3.3   5.8   1:05p   0.7  10:06p  15.0   0.0   0.2   4.9  22.0   4:25a   SSW
14   6.5   8.0   1:43p   4.2   9:00a  11.8   0.0   1.2   6.9  23.0  11:40a    SW
15   4.8   7.3   2:35p   2.6  10:03p  13.5   0.0   0.8   4.6  18.0   2:06a   WSW
16   7.4  11.1   7:25a   4.7   9:06a  10.9   0.0   6.4   6.3  24.0  12:07a    SW
17  11.6  13.1  12:58p  10.4   9:34p   6.7   0.0   0.2   6.0  24.0   8:46a    SW
18  11.3  13.5   1:52p   6.2   7:55a   7.0   0.0   5.6   9.1  31.0  10:08a   WSW
19   6.7   8.2  12:10p   5.8  10:37p  11.5   0.0   0.0   9.9  28.0   3:09a   WSW
20   7.1   9.1   1:18p   5.5   2:42a  11.2   0.0   0.0   6.2  22.0   1:25p   WSW
21  11.1  12.7  12:35a   7.7   9:00a   7.2   0.0   0.0  10.0  33.0   3:27a    SW
22  11.6  12.8   2:52p  10.7   3:36a   6.6   0.0   0.0  10.4  34.0  10:16a    SW
23   9.6  12.1   2:18p   5.3   8:44a   8.7   0.0   2.4   9.0  30.0   2:13p    SW
24   5.1   7.4   1:21p   3.7   3:40a  13.0   0.0   0.0   5.6  21.0  10:50a   WSW
25   3.8   7.8  12:18p   1.3   6:15a  14.5   0.0   0.2   3.3  25.0   1:41p     W
26   1.5   3.8   2:07p   0.3   5:28p  16.6   0.0  11.2   6.1  28.0  12:24a     N
27   0.9   3.8  11:15a  -1.3   8:40a  17.3   0.0   0.4   3.1  13.0   9:12a    NW
28   0.4   4.6   1:21p  -2.7   8:45a  17.6   0.0   0.2   1.6   9.0  12:44a     W
29   1.4   5.7   1:02p  -2.3   9:00a  16.9   0.0   0.2   2.3  10.0   8:17a    SW
30   1.7   5.9   2:33p  -0.9   9:00a  16.2   0.0   0.6   4.2  11.0   2:54p     S
31   6.9  10.3   8:45a   0.6   9:00a  11.2   0.0   0.0   6.9  22.0  11:19p     S
----------------------------------------------------------------------------------
     5.4  13.5    18    -2.7    28   398.0   0.0  45.2   5.7  34.0    22     WSW

Max >=  25.0:  0
Max <=   0.0:  0
Min <=   0.0:  7
Min <=  -2.0:  2
Max Rain: 11.2 on day 26
Days of Rain: 20 (>= 0.1 mm)  9 (>= 1.0 mm)  1 (>= 10.0 mm)
Heat Base: 18.3  Cool Base: 18.3  Method: Integration
:now::gauges::real time::current records::monthly records::all-time records::noaa report::trends::station::forum: