tamworth weather

 Latitude N 52 38' 53"    Longitude W 01 41' 24"    Elevation 84 m

NOAA Style Reports

The comparative data used are the 30-year (1971-2000) monthly averages from the Met Office Coleshill station, 11 miles due south of Tamworth.


Report for 2014 Nov
                   Monthly Climatological Summary for Nov 2014

Name: Tamworth Weather   City: Tamworth   County: Staffordshire   Country: UK
Elevation: 84 m  Lat: N 52 38' 53"   Lon: W 001 41' 24"

                  Temperature (C), Rain (mm), Wind Speed (mph)

                                      Heat  Cool        Avg
    Mean                              Deg   Deg         Wind                 Dom
Day Temp  High   Time   Low    Time   Days  Days  Rain  Speed High   Time    Dir
----------------------------------------------------------------------------------
 1  13.5  14.9   2:04p  12.4   7:30a   4.8   0.0   2.3   8.3  27.0  11:53p   SSW
 2   9.7  13.3   2:38p   6.6   8:04a   8.6   0.0   4.2   4.4  18.0   3:03a   SSW
 3   7.0  11.0   1:55p   3.2   6:51a  11.3   0.0   0.2   4.5  16.0  10:38a   SSW
 4   5.7  11.4  12:22p   2.7   5:50a  12.6   0.0   0.2   1.9   7.0  12:10p    NW
 5   5.2  12.4   1:42p  -0.3   4:38a  13.1   0.0   0.0   2.4  14.0  12:19p     N
 6  10.1  12.0   4:29a   5.7   9:00a   8.2   0.0   7.2   8.5  26.0   3:39a   SSE
 7   7.4  11.3  10:59a   5.9   7:16a  10.7   0.0  10.6   6.1  32.0   1:51p   SSW
 8   8.0  11.7   2:58p   4.5   8:08a  10.3   0.0   8.6   5.1  24.0   4:57p     S
 9   7.5  11.5  12:51p   5.3  10:16p  10.7   0.0   0.0   2.9  12.0   6:32a     S
10  10.0  11.3   2:02p   6.3   9:00a   8.2   0.0   0.8   6.6  22.0  10:28p    SE
11  10.5  11.3   1:04p   8.9   8:50a   7.7   0.0   2.8   6.9  24.0   6:03p   ESE
12   9.5  11.8   2:34p   7.9   9:33p   8.7   0.0   0.8   5.3  20.0   8:38a   SSE
13  11.5  12.6   3:39p  10.2   5:28a   6.7   0.0   5.4   8.6  32.0   3:03p    SE
14   8.0  13.1   1:48p   4.8  12:30a  10.2   0.0   2.0   2.3  16.0   1:05p   SSE
15   8.1   8.8   3:10p   5.9   9:00a  10.1   0.0   0.0   1.7  11.0   5:08a   ENE
16   8.2  10.0   2:16p   6.9   2:43a   9.9   0.0   6.6   4.4  19.0   2:15a   NNW
17   7.5   8.8   9:06a   5.9  12:23a  10.5   0.0   2.2   3.7  21.0   9:28a    NE
18   7.9  11.2  12:22p   4.9   4:16a  10.1   0.0   0.2   3.6  17.0   3:39p   ENE
19   7.0  10.1   2:28p   4.9   7:06a  10.8   0.0   0.2   2.0  10.0  11:22a     E
20   6.4   9.5   3:24p   4.3   8:59p  11.8   0.0   0.2   1.8  10.0   7:52a     E
21   8.2  12.1   8:55a   6.4   9:00a  10.0   0.0   9.8   4.7  16.0  12:36p    SE
22  10.1  13.9  12:01p   7.1   8:58a   8.2   0.0   5.0   2.3  15.0  11:41a   WSW
23   4.7   7.9   1:24p   0.9   7:35a  13.6   0.0   0.4   2.1   9.0   1:56p     W
24   2.3   9.5   3:00p  -2.0   6:34a  15.8   0.0   0.0   0.8   6.0   9:36a   SSW
25   4.1   6.4   5:25a  -1.8   9:00a  14.1   0.0   2.8   2.3  10.0   3:41a   NNE
26   6.8   7.4  12:15p   6.4   9:00a  11.4   0.0   1.6   1.0   8.0  11:15a    NE
27   7.5   9.7   8:31a   5.1   6:24p  10.7   0.0   0.2   2.4  14.0  12:27a     E
28   9.6  10.7  12:38p   8.8   5:31a   8.4   0.0   1.6   5.2  16.0   1:44p   ENE
29   9.3  10.3   3:43p   7.8   7:18a   8.9   0.0   0.4   1.8  14.0  10:40a    SW
30   8.8  11.3  12:31p   7.1   8:35a   9.4   0.0   0.0   4.2  18.0  12:20p   NNW
----------------------------------------------------------------------------------
     8.0  14.9     1    -2.0    24   305.5   0.0  76.3   3.9  32.0     7     SSE

Max >=  25.0:  0
Max <=   0.0:  0
Min <=   0.0:  3
Min <=  -2.0:  1
Max Rain: 10.6 on day 7
Days of Rain: 25 (>= 0.1 mm)  15 (>= 1.0 mm)  1 (>= 10.0 mm)
Heat Base: 18.3  Cool Base: 18.3  Method: Integration
:now::gauges::real time::current records::monthly records::all-time records::noaa report::trends::station::forum: