tamworth weather

 Latitude N 52 38' 53"    Longitude W 01 41' 24"    Elevation 84 m

NOAA Style Reports

The comparative data used are the 30-year (1971-2000) monthly averages from the Met Office Coleshill station, 11 miles due south of Tamworth.


Report for 2014 Jul
                   Monthly Climatological Summary for Jul 2014

Name: Tamworth Weather   City: Tamworth   County: Staffordshire   Country: UK
Elevation: 84 m  Lat: N 52 38' 53"   Lon: W 001 41' 24"

                  Temperature (C), Rain (mm), Wind Speed (mph)

                                      Heat  Cool        Avg
    Mean                              Deg   Deg         Wind                 Dom
Day Temp  High   Time   Low    Time   Days  Days  Rain  Speed High   Time    Dir
----------------------------------------------------------------------------------
 1  16.2  22.6   4:44p   9.6   4:54a   3.1   1.0   0.0   2.2  12.0   1:10p     E
 2  18.9  23.0   1:29p  15.0   4:29a   0.9   1.5   0.0   5.2  17.0   4:48p    SW
 3  18.1  22.1   4:02p  14.7   4:54a   1.2   1.0   0.0   6.2  25.0   8:01a   SSW
 4  17.2  22.5   3:12p  12.8   8:05a   1.7   0.6   5.0   6.3  22.0   1:42p   SSW
 5  15.8  21.1   5:29p  10.5   5:21a   2.8   0.3   0.2   3.1  14.0  12:55p   WNW
 6  15.0  20.4   2:47p  10.7   3:55a   3.4   0.2   0.6   3.9  19.0   3:33p   WSW
 7  15.5  20.1  12:18p  11.2   5:15a   2.9   0.2   0.4   2.5  15.0   6:43p    SW
 8  14.4  20.4  10:58a  11.2   5:05a   4.0   0.0   9.8   3.9  21.0   8:44a    NW
 9  16.7  21.4   4:22p  12.0   5:19a   2.2   0.7   0.0   7.7  25.0   1:33p    NW
10  18.3  25.2   3:36p  11.3   5:25a   2.1   2.1   0.0   4.1  20.0  12:47p    NW
11  18.9  24.8   1:46p  13.3   5:23a   1.2   1.8   0.0   2.2  14.0   1:01p   NNW
12  20.4  26.3   2:06p  15.8   9:22a   0.4   2.5   0.2   3.5  15.0   9:59a   WSW
13  15.5  20.8   1:41p  10.4   4:41a   3.2   0.4   0.2   5.6  22.0   5:45p   WNW
14  17.9  21.1   3:18p  14.2   5:19a   1.1   0.7   0.0   6.4  24.0   3:31p    SW
15  17.3  23.4   4:38p  12.6   4:45a   1.9   0.9   0.0   2.7  13.0  10:03a     W
16  18.3  23.3   4:09p  13.1   5:36a   1.4   1.3   1.2   3.3  20.0   4:02p    SW
17  20.2  28.2   4:09p  15.4   5:14a   0.7   2.6   2.2   4.0  18.0   4:21a     E
18  22.1  28.5   5:28p  17.3   5:44a   0.1   3.9   7.4   3.9  20.0  10:05a   ESE
19  18.6  21.8   3:24p  16.4   3:57a   0.4   0.7   6.8   2.4  13.0   4:55p    NW
20  19.4  25.7   3:28p  14.9   4:01a   1.1   2.2   0.0   4.9  16.0   7:14p    NW
21  20.2  26.0   2:39p  14.2   5:23a   0.9   2.8   0.0   3.2  14.0   1:43p    NW
22  20.5  27.4   2:09p  14.9   3:25a   1.0   3.1   0.0   4.3  16.0   9:50a    NE
23  20.2  27.3   2:33p  14.6   2:44a   1.1   3.1   0.0   6.8  21.0   2:36p   ENE
24  20.4  28.3   3:31p  13.8   5:21a   1.0   3.2   0.0   5.3  22.0   5:17p    NE
25  21.2  27.8   3:02p  14.7   5:11a   0.7   3.6   0.0   3.9  18.0  12:02p    NE
26  21.8  29.6   4:33p  14.7   5:51a   0.7   4.2   0.2   3.8  16.0   8:18p   WNW
27  17.7  23.4   3:39p  12.2   6:00a   2.1   1.5   0.0   2.9  16.0  10:48a    NW
28  19.3  26.1   2:54p  13.4   5:15a   1.5   2.5   0.0   3.0  12.0   2:50p   NNW
29  18.1  23.9   1:06p  14.2   4:53a   1.7   1.4   0.0   4.8  18.0   6:21p   WNW
30  18.2  24.1   4:45p  13.3   5:42a   1.4   1.3   0.0   4.0  16.0  10:23a     W
31  18.1  22.7   2:39p  14.8   5:29a   1.2   1.0   0.4   4.9  20.0   3:03p   SSW
----------------------------------------------------------------------------------
    18.4  29.6    26     9.6     1    49.1  52.3  34.6   4.2  25.0     3     WNW

Max >=  25.0: 12
Max <=   0.0:  0
Min <=   0.0:  0
Min <=  -2.0:  0
Max Rain: 9.8 on day 8
Days of Rain: 13 (>= 0.1 mm)  6 (>= 1.0 mm)  0 (>= 10.0 mm)
Heat Base: 18.3  Cool Base: 18.3  Method: Integration
:now::gauges::real time::current records::monthly records::all-time records::noaa report::trends::station::forum: